INSERT INTO `det_terimaobat` (`id_terima`, `no_dok`, `tgl_setuju`, `tgl_dok`, `kd_sumberdana`, `kd_obat`, `qty`, `harga`, `batch`, `exp_date`) VALUES
(3904, 'T2022110088', '0000-00-00', '2022-09-30', 'SBD-000012', 'OBT-000340', 380, 148.0000, 'ketuwan', '2024-12-31'),
(3951, 'T2022110088', '0000-00-00', '2022-09-30', 'SBD-000012', 'OBT-000350', 40, 4200.0000, 'ketuwan', '2024-12-31'),
(3975, 'T2022110088', '0000-00-00', '2022-09-30', 'SBD-000012', 'OBT-000355', 615, 71.5000, 'ketuwan', '2024-12-31'),
(3854, 'T2022110088', '0000-00-00', '2022-09-30', 'SBD-000012', 'OBT-000359', 141, 164900.0000, 'ketuwan', '2024-12-31'),
(3869, 'T2022110088', '0000-00-00', '2022-09-30', 'SBD-000012', 'OBT-000360', 8, 5520.0000, 'ketuwan', '2024-12-31'),
(3912, 'T2022110088', '0000-00-00', '2022-09-30', 'SBD-000012', 'OBT-000365', 24, 5500.0000, 'ketuwan', '2024-12-31'),
(3942, 'T2022110088', '0000-00-00', '2022-09-30', 'SBD-000012', 'OBT-000394', 35, 6274.0000, 'ketuwan', '2024-12-31'),
(3979, 'T2022110089', '0000-00-00', '2022-09-30', 'SBD-000012', 'OBT-000003', 100, 693.0000, 'KPUAN02', '2024-01-01'),
(3980, 'T2022110089', '0000-00-00', '2022-09-30', 'SBD-000012', 'OBT-000004', 50, 730.0000, 'KPUAN03', '2024-01-01'),
(3982, 'T2022110089', '0000-00-00', '2022-09-30', 'SBD-000012', 'OBT-000005', 1000, 288.0000, 'KPUAN05', '2024-01-01'),
(3984, 'T2022110089', '0000-00-00', '2022-09-30', 'SBD-000012', 'OBT-000007', 250, 550.0000, 'KPUAN07', '2024-01-01'),
(3985, 'T2022110089', '0000-00-00', '2022-09-30', 'SBD-000012', 'OBT-000008', 100, 78.0000, 'KPUAN08', '2024-01-01'),
(3986, 'T2022110089', '0000-00-00', '2022-09-30', 'SBD-000012', 'OBT-000012', 100, 176.5900, 'KPUAN09', '2024-01-01'),
(3987, 'T2022110089', '0000-00-00', '2022-09-30', 'SBD-000012', 'OBT-000013', 800, 70.0000, 'KPUAN10', '2024-01-01'),
(3988, 'T2022110089', '0000-00-00', '2022-09-30', 'SBD-000012', 'OBT-000014', 1000, 53.0000, 'KPUAN11', '2024-01-01'),
(3990, 'T2022110089', '0000-00-00', '2022-09-30', 'SBD-000012', 'OBT-000015', 90, 3498.0000, 'KPUAN13', '2024-01-01'),
(3991, 'T2022110089', '0000-00-00', '2022-09-30', 'SBD-000012', 'OBT-000016', 1300, 201.0000, 'KPUAN14', '2024-01-01'),
(3992, 'T2022110089', '0000-00-00', '2022-09-30', 'SBD-000012', 'OBT-000018', 45, 1679.0000, 'KPUAN15', '2024-01-01'),
(3993, 'T2022110089', '0000-00-00', '2022-09-30', 'SBD-000012', 'OBT-000019', 4800, 54.0000, 'KPUAN16', '2024-01-01'),
(3994, 'T2022110089', '0000-00-00', '2022-09-30', 'SBD-000012', 'OBT-000020', 18, 4496.0000, 'KPUAN17', '2024-01-01'),
(3995, 'T2022110089', '0000-00-00', '2022-09-30', 'SBD-000012', 'OBT-000022', 180, 185.0000, 'KPUAN18', '2024-01-01'),
(3996, 'T2022110089', '0000-00-00', '2022-09-30', 'SBD-000012', 'OBT-000027', 4000, 111.0000, 'KPUAN19', '2024-01-01'),
(3997, 'T2022110089', '0000-00-00', '2022-09-30', 'SBD-000012', 'OBT-000029', 160, 105.0000, 'KPUAN20', '2024-01-01'),
(3998, 'T2022110089', '0000-00-00', '2022-09-30', 'SBD-000012', 'OBT-000030', 200, 297.7100, 'KPUAN21', '2024-01-01'),
(3999, 'T2022110089', '0000-00-00', '2022-09-30', 'SBD-000012', 'OBT-000031', 50, 4755.2400, 'KPUAN22', '2024-01-01'),
(4001, 'T2022110089', '0000-00-00', '2022-09-30', 'SBD-000012', 'OBT-000034', 800, 88.0000, 'KPUAN24', '2024-01-01'),
(4002, 'T2022110089', '0000-00-00', '2022-09-30', 'SBD-000012', 'OBT-000035', 24, 14957.0000, 'KPUAN25', '2024-01-01'),
(4003, 'T2022110089', '0000-00-00', '2022-09-30', 'SBD-000012', 'OBT-000036', 24, 4279.8100, 'KPUAN26', '2024-01-01'),
(4004, 'T2022110089', '0000-00-00', '2022-09-30', 'SBD-000012', 'OBT-000039', 5, 5500.0000, 'KPUAN27', '2024-01-01'),
(4005, 'T2022110089', '0000-00-00', '2022-09-30', 'SBD-000012', 'OBT-000041', 5, 5100.0000, 'KPUAN28', '2024-01-01'),
(4007, 'T2022110089', '0000-00-00', '2022-09-30', 'SBD-000012', 'OBT-000048', 800, 248.0000, 'KPUAN30', '2024-01-01'),
(4008, 'T2022110089', '0000-00-00', '2022-09-30', 'SBD-000012', 'OBT-000049', 4000, 34.0000, 'KPUAN31', '2024-01-01'),
(3978, 'T2022110089', '0000-00-00', '2022-09-30', 'SBD-000012', 'OBT-000275', 180, 320.1000, 'KPUAN01', '2024-01-01'),
(3983, 'T2022110089', '0000-00-00', '2022-09-30', 'SBD-000012', 'OBT-000276', 100, 105.0000, 'KPUAN06', '2024-01-01'),
(4000, 'T2022110089', '0000-00-00', '2022-09-30', 'SBD-000012', 'OBT-000280', 20, 3271.4000, 'KPUAN23', '2024-01-01'),
(3981, 'T2022110089', '0000-00-00', '2022-09-30', 'SBD-000012', 'OBT-000333', 100, 661.0000, 'KPUAN04', '2024-01-01'),
(4006, 'T2022110089', '0000-00-00', '2022-09-30', 'SBD-000012', 'OBT-000335', 400, 1025.0000, 'KPUAN29', '2024-01-01'),
(3989, 'T2022110089', '0000-00-00', '2022-09-30', 'SBD-000012', 'OBT-000371', 90, 2050.4000, 'KPUAN12', '2024-01-01'),
(4009, 'T2022110090', '0000-00-00', '2022-09-30', 'SBD-000012', 'OBT-000006', 400, 120.0000, 'ketuwan', '2024-12-31'),
(4010, 'T2022110090', '0000-00-00', '2022-09-30', 'SBD-000012', 'OBT-000013', 1000, 70.0000, 'ketuwan', '2024-12-31'),
(4011, 'T2022110090', '0000-00-00', '2022-09-30', 'SBD-000012', 'OBT-000014', 2700, 53.0000, 'ketuwan', '2024-12-31'),
(4012, 'T2022110090', '0000-00-00', '2022-09-30', 'SBD-000012', 'OBT-000113', 70, 7769.0000, 'ketuwan', '2024-12-31'),
(4014, 'T2022110090', '0000-00-00', '2022-09-30', 'SBD-000012', 'OBT-000118', 6, 12500.0000, 'ketuwan', '2024-12-31'),
(4015, 'T2022110090', '0000-00-00', '2022-09-30', 'SBD-000012', 'OBT-000125', 17, 9740.0000, 'ketuwan', '2024-12-31'),
(4016, 'T2022110090', '0000-00-00', '2022-09-30', 'SBD-000012', 'OBT-000128', 100, 3967.0000, 'ketuwan', '2024-12-31'),
(4017, 'T2022110090', '0000-00-00', '2022-09-30', 'SBD-000012', 'OBT-000309', 200, 145.6600, 'ketuwan', '2024-12-31'),
(4013, 'T2022110090', '0000-00-00', '2022-09-30', 'SBD-000012', 'OBT-000365', 2, 4180.0000, 'ketuwan', '2024-12-31'),
(4018, 'T2022110091', '0000-00-00', '2022-09-30', 'SBD-000012', 'OBT-000144', 100, 1229.0000, 'kun144', '2025-12-31'),
(4019, 'T2022110091', '0000-00-00', '2022-09-30', 'SBD-000012', 'OBT-000146', 30, 4090.0000, 'kun146', '2025-12-31'),
(4020, 'T2022110091', '0000-00-00', '2022-09-30', 'SBD-000012', 'OBT-000147', 300, 4800.0000, 'kun147', '2025-12-31'),
(4021, 'T2022110091', '0000-00-00', '2022-09-30', 'SBD-000012', 'OBT-000155', 2, 1.0000, 'kun155', '2025-12-31'),
(4022, 'T2022110091', '0000-00-00', '2022-09-30', 'SBD-000012', 'OBT-000156', 6, 25354.0000, 'kun156', '2025-12-31'),
(4023, 'T2022110091', '0000-00-00', '2022-09-30', 'SBD-000012', 'OBT-000157', 65, 40128.0000, 'kun157', '2025-12-31'),
(4024, 'T2022110091', '0000-00-00', '2022-09-30', 'SBD-000012', 'OBT-000158', 6000, 359.7000, 'kun158', '2025-12-31'),
(4026, 'T2022110091', '0000-00-00', '2022-09-30', 'SBD-000012', 'OBT-000159', 4200, 77.0000, 'kun159', '2025-12-31'),
(4029, 'T2022110091', '0000-00-00', '2022-09-30', 'SBD-000012', 'OBT-000160', 1000, 66.0000, 'kun160', '2025-12-31'),
(4030, 'T2022110091', '0000-00-00', '2022-09-30', 'SBD-000012', 'OBT-000161', 960, 117.0000, 'kun161', '2025-12-31'),
(4031, 'T2022110091', '0000-00-00', '2022-09-30', 'SBD-000012', 'OBT-000162', 29, 3950.0000, 'kun162', '2025-12-31'),
(4032, 'T2022110091', '0000-00-00', '2022-09-30', 'SBD-000012', 'OBT-000164', 41, 1900.0000, 'kun164', '2025-12-31'),
(4034, 'T2022110091', '0000-00-00', '2022-09-30', 'SBD-000012', 'OBT-000167', 1000, 1276.5000, 'kun167', '2025-12-31'),
(4035, 'T2022110091', '0000-00-00', '2022-09-30', 'SBD-000012', 'OBT-000169', 100, 6800.0000, 'kun169', '2025-12-31'),
(4036, 'T2022110091', '0000-00-00', '2022-09-30', 'SBD-000012', 'OBT-000170', 2808, 99.0000, 'kun170', '2025-12-31'),
(4037, 'T2022110091', '0000-00-00', '2022-09-30', 'SBD-000012', 'OBT-000171', 37, 7405.0000, 'kun171', '2025-12-31'),
(4038, 'T2022110091', '0000-00-00', '2022-09-30', 'SBD-000012', 'OBT-000172', 40, 13877.5200, 'kun172', '2025-12-31'),
(4041, 'T2022110091', '0000-00-00', '2022-09-30', 'SBD-000012', 'OBT-000176', 19, 27750.0000, 'kun176', '2025-12-31'),
(4043, 'T2022110091', '0000-00-00', '2022-09-30', 'SBD-000012', 'OBT-000177', 106, 7700.0000, 'kun177', '2025-12-31'),
(4044, 'T2022110091', '0000-00-00', '2022-09-30', 'SBD-000012', 'OBT-000179', 2, 398750.0000, 'kun179', '2025-12-31'),
(4045, 'T2022110091', '0000-00-00', '2022-09-30', 'SBD-000012', 'OBT-000180', 50, 3500.0000, 'kun180', '2025-12-31'),
(4046, 'T2022110091', '0000-00-00', '2022-09-30', 'SBD-000012', 'OBT-000181', 240, 1126.0000, 'kun181', '2025-12-31'),
(4047, 'T2022110091', '0000-00-00', '2022-09-30', 'SBD-000012', 'OBT-000182', 14, 9065.0000, 'kun182', '2025-12-31'),
(4048, 'T2022110091', '0000-00-00', '2022-09-30', 'SBD-000012', 'OBT-000183', 41, 4976.0000, 'kun183', '2025-12-31'),
(4049, 'T2022110091', '0000-00-00', '2022-09-30', 'SBD-000012', 'OBT-000184', 106, 1181.0000, 'kun184', '2025-12-31'),
(4051, 'T2022110091', '0000-00-00', '2022-09-30', 'SBD-000012', 'OBT-000185', 60, 3141.3500, 'kun185', '2025-12-31'),
(4052, 'T2022110091', '0000-00-00', '2022-09-30', 'SBD-000012', 'OBT-000186', 4850, 67.0000, 'kun186', '2025-12-31'),
(4053, 'T2022110091', '0000-00-00', '2022-09-30', 'SBD-000012', 'OBT-000187', 898, 146.3200, 'kun187', '2025-12-31'),
(4054, 'T2022110091', '0000-00-00', '2022-09-30', 'SBD-000012', 'OBT-000188', 20, 59500.0000, 'kun188', '2025-12-31'),
(4055, 'T2022110091', '0000-00-00', '2022-09-30', 'SBD-000012', 'OBT-000191', 29, 2800.0000, 'kun191', '2025-12-31'),
(4056, 'T2022110091', '0000-00-00', '2022-09-30', 'SBD-000012', 'OBT-000192', 2, 17055.5555, 'kun192', '2025-12-31'),
(4058, 'T2022110091', '0000-00-00', '2022-09-30', 'SBD-000012', 'OBT-000193', 5, 11300.0000, 'kun193', '2025-12-31'),
(4059, 'T2022110091', '0000-00-00', '2022-09-30', 'SBD-000012', 'OBT-000194', 2712, 68.0000, 'kun194', '2025-12-31'),
(4060, 'T2022110091', '0000-00-00', '2022-09-30', 'SBD-000012', 'OBT-000195', 65, 56.0000, 'kun195', '2025-12-31'),
(4062, 'T2022110091', '0000-00-00', '2022-09-30', 'SBD-000012', 'OBT-000197', 3554, 85.0000, 'kun197', '2025-12-31'),
(4063, 'T2022110091', '0000-00-00', '2022-09-30', 'SBD-000012', 'OBT-000198', 60, 1960.2000, 'kun198', '2025-12-31'),
(4064, 'T2022110091', '0000-00-00', '2022-09-30', 'SBD-000012', 'OBT-000199', 300, 7879.0000, 'kun199', '2025-12-31'),
(4065, 'T2022110091', '0000-00-00', '2022-09-30', 'SBD-000012', 'OBT-000202', 2, 165000.0000, 'kun202', '2025-12-31'),
(4027, 'T2022110091', '0000-00-00', '2022-09-30', 'SBD-000012', 'OBT-000260', 80, 211.0000, 'kun260', '2025-12-31'),
(4039, 'T2022110091', '0000-00-00', '2022-09-30', 'SBD-000012', 'OBT-000266', 200, 235.6600, 'kun266', '2025-12-31'),
(4066, 'T2022110091', '0000-00-00', '2022-09-30', 'SBD-000012', 'OBT-000267', 408, 175.0000, 'kun267', '2025-12-31'),
(4028, 'T2022110091', '0000-00-00', '2022-09-30', 'SBD-000012', 'OBT-000312', 208, 102.0000, 'kun312', '2025-12-31'),
(4040, 'T2022110091', '0000-00-00', '2022-09-30', 'SBD-000012', 'OBT-000317', 270, 225.3300, 'kun317', '2025-12-31'),
(4042, 'T2022110091', '0000-00-00', '2022-09-30', 'SBD-000012', 'OBT-000318', 44, 560.0000, 'kun318', '2025-12-31'),
(4050, 'T2022110091', '0000-00-00', '2022-09-30', 'SBD-000012', 'OBT-000350', 40, 4200.0000, 'kun350', '2025-12-31'),
(4061, 'T2022110091', '0000-00-00', '2022-09-30', 'SBD-000012', 'OBT-000352', 774, 79.0000, 'kun352', '2025-12-31'),
(4057, 'T2022110091', '0000-00-00', '2022-09-30', 'SBD-000012', 'OBT-000367', 7, 42500.0000, 'kun367', '2025-12-31'),
(4025, 'T2022110091', '0000-00-00', '2022-09-30', 'SBD-000012', 'OBT-000381', 950, 253.0000, 'kun381', '2025-12-31'),
(4033, 'T2022110091', '0000-00-00', '2022-09-30', 'SBD-000012', 'OBT-000394', 33, 6274.0000, 'kun394', '2025-12-31'),
(4067, 'T2022110092', '0000-00-00', '2022-09-30', 'SBD-000012', 'OBT-000146', 13, 3796.0000, 'kun146a', '2025-12-31'),
(4068, 'T2022110092', '0000-00-00', '2022-09-30', 'SBD-000012', 'OBT-000202', 2, 62233.3400, 'kun202a', '2025-12-31'),
(4069, 'T2022110092', '0000-00-00', '2022-09-30', 'SBD-000012', 'OBT-000203', 2, 58300.0000, 'kun203', '2025-12-31'),
(4070, 'T2022110092', '0000-00-00', '2022-09-30', 'SBD-000012', 'OBT-000204', 175, 9850.0000, 'kun204', '2025-12-31'),
(4071, 'T2022110092', '0000-00-00', '2022-09-30', 'SBD-000012', 'OBT-000205', 150, 20400.0000, 'kun205', '2025-12-31'),
(4073, 'T2022110092', '0000-00-00', '2022-09-30', 'SBD-000012', 'OBT-000207', 300, 7630.0000, 'kun207', '2025-12-31'),
(4074, 'T2022110092', '0000-00-00', '2022-09-30', 'SBD-000012', 'OBT-000208', 3995, 377.0000, 'kun208', '2025-12-31'),
(4076, 'T2022110092', '0000-00-00', '2022-09-30', 'SBD-000012', 'OBT-000211', 38, 1410.0000, 'kun211', '2025-12-31'),
(4077, 'T2022110092', '0000-00-00', '2022-09-30', 'SBD-000012', 'OBT-000212', 105, 920.0000, 'kun212', '2025-12-31'),
(4079, 'T2022110092', '0000-00-00', '2022-09-30', 'SBD-000012', 'OBT-000215', 6, 517132.0000, 'kun215', '2025-12-31'),
(4080, 'T2022110092', '0000-00-00', '2022-09-30', 'SBD-000012', 'OBT-000216', 5, 138925.0000, 'kun216', '2025-12-31'),
(4082, 'T2022110092', '0000-00-00', '2022-09-30', 'SBD-000012', 'OBT-000217', 500, 43.0000, 'kun217', '2025-12-31'),
(4083, 'T2022110092', '0000-00-00', '2022-09-30', 'SBD-000012', 'OBT-000218', 48, 1547.0900, 'kun218', '2025-12-31'),
(4084, 'T2022110092', '0000-00-00', '2022-09-30', 'SBD-000012', 'OBT-000219', 48, 1492.6700, 'kun219', '2025-12-31'),
(4085, 'T2022110092', '0000-00-00', '2022-09-30', 'SBD-000012', 'OBT-000220', 1536, 68.0000, 'kun220', '2025-12-31'),
(4086, 'T2022110092', '0000-00-00', '2022-09-30', 'SBD-000012', 'OBT-000221', 25, 6500.0000, 'kun221', '2025-12-31'),
(4087, 'T2022110092', '0000-00-00', '2022-09-30', 'SBD-000012', 'OBT-000222', 60, 1763.0000, 'kun222', '2025-12-31'),
(4088, 'T2022110092', '0000-00-00', '2022-09-30', 'SBD-000012', 'OBT-000223', 2, 7744.0000, 'kun223', '2025-12-31'),
(4089, 'T2022110092', '0000-00-00', '2022-09-30', 'SBD-000012', 'OBT-000224', 2, 7744.0000, 'kun224', '2025-12-31'),
(4090, 'T2022110092', '0000-00-00', '2022-09-30', 'SBD-000012', 'OBT-000227', 6360, 226.0000, 'kun227', '2025-12-31'),
(4091, 'T2022110092', '0000-00-00', '2022-09-30', 'SBD-000012', 'OBT-000228', 100, 893.0000, 'kun228', '2025-12-31'),
(4100, 'T2022110092', '0000-00-00', '2022-09-30', 'SBD-000012', 'OBT-000229', 2240, 156.2000, 'kun229', '2025-12-31'),
(4092, 'T2022110092', '0000-00-00', '2022-09-30', 'SBD-000012', 'OBT-000230', 200, 1236.5400, 'kun230', '2025-12-31'),
(4093, 'T2022110092', '0000-00-00', '2022-09-30', 'SBD-000012', 'OBT-000231', 100, 17595.0000, 'kun231', '2025-12-31'),
(4094, 'T2022110092', '0000-00-00', '2022-09-30', 'SBD-000012', 'OBT-000232', 1000, 220.0000, 'kun232', '2025-12-31'),
(4095, 'T2022110092', '0000-00-00', '2022-09-30', 'SBD-000012', 'OBT-000233', 2090, 63.0000, 'kun233', '2025-12-31'),
(4096, 'T2022110092', '0000-00-00', '2022-09-30', 'SBD-000012', 'OBT-000236', 67, 5700.0000, 'kun236', '2025-12-31'),
(4097, 'T2022110092', '0000-00-00', '2022-09-30', 'SBD-000012', 'OBT-000237', 73, 6660.0000, 'kun237', '2025-12-31'),
(4101, 'T2022110092', '0000-00-00', '2022-09-30', 'SBD-000012', 'OBT-000238', 2619, 42.0000, 'kun238', '2025-12-31'),
(4099, 'T2022110092', '0000-00-00', '2022-09-30', 'SBD-000012', 'OBT-000242', 42, 2489.0000, 'kun242', '2025-12-31'),
(4072, 'T2022110092', '0000-00-00', '2022-09-30', 'SBD-000012', 'OBT-000268', 150, 553.0000, 'kun268', '2025-12-31'),
(4075, 'T2022110092', '0000-00-00', '2022-09-30', 'SBD-000012', 'OBT-000269', 6400, 70.0000, 'kun269', '2025-12-31'),
(4078, 'T2022110092', '0000-00-00', '2022-09-30', 'SBD-000012', 'OBT-000328', 89, 4185.0000, 'kun328', '2025-12-31'),
(4098, 'T2022110092', '0000-00-00', '2022-09-30', 'SBD-000012', 'OBT-000356', 356, 524.0000, 'kun357', '2025-12-31'),
(4081, 'T2022110092', '0000-00-00', '2022-09-30', 'SBD-000012', 'OBT-000396', 128, 49.0000, 'kun396', '2025-12-31'),
(4102, 'T2022110093', '0000-00-00', '2022-09-30', 'SBD-000012', 'OBT-000203', 2, 165000.0000, 'kun203b', '2025-12-31'),
(4103, 'T2022110093', '0000-00-00', '2022-09-30', 'SBD-000012', 'OBT-000207', 340, 7150.0000, 'kun207', '2025-12-31'),
(4104, 'T2022110093', '0000-00-00', '2022-09-30', 'SBD-000012', 'OBT-000230', 390, 1113.7500, 'kun230', '2025-12-31'),
(4113, 'T2022110094', '0000-00-00', '2022-09-30', 'SBD-000012', 'OBT-000016', 1400, 249.0000, 'KPUAN45', '2024-01-01'),
(4115, 'T2022110094', '0000-00-00', '2022-09-30', 'SBD-000012', 'OBT-000030', 100, 405.0000, 'KPUAN47', '2024-01-01'),
(4114, 'T2022110094', '0000-00-00', '2022-09-30', 'SBD-000012', 'OBT-000041', 3, 5500.0000, 'KPUAN46', '2024-01-01'),
(4105, 'T2022110094', '0000-00-00', '2022-09-30', 'SBD-000012', 'OBT-000051', 80, 108.0000, 'KPUAN37', '2024-01-01'),
(4106, 'T2022110094', '0000-00-00', '2022-09-30', 'SBD-000012', 'OBT-000052', 10, 1545.0000, 'KPUAN38', '2024-01-01'),
(4108, 'T2022110094', '0000-00-00', '2022-09-30', 'SBD-000012', 'OBT-000055', 100, 114.4000, 'KPUAN40', '2024-01-01'),
(4110, 'T2022110094', '0000-00-00', '2022-09-30', 'SBD-000012', 'OBT-000057', 25, 1515.0000, 'KPUAN42', '2024-01-01'),
(4111, 'T2022110094', '0000-00-00', '2022-09-30', 'SBD-000012', 'OBT-000060', 3, 221000.0000, 'KPUAN43', '2024-01-01'),
(4112, 'T2022110094', '0000-00-00', '2022-09-30', 'SBD-000012', 'OBT-000062', 5, 416696.0000, 'KPUAN44', '2024-01-01'),
(4116, 'T2022110094', '0000-00-00', '2022-09-30', 'SBD-000012', 'OBT-000066', 970, 598.2000, 'KPUAN48', '2024-01-01'),
(4117, 'T2022110094', '0000-00-00', '2022-09-30', 'SBD-000012', 'OBT-000069', 40, 3300.0000, 'KPUAN49', '2024-01-01'),
(4118, 'T2022110094', '0000-00-00', '2022-09-30', 'SBD-000012', 'OBT-000070', 20, 1386.0000, 'KPUAN50', '2024-01-01'),
(4120, 'T2022110094', '0000-00-00', '2022-09-30', 'SBD-000012', 'OBT-000071', 20, 63500.0000, 'KPUAN52', '2024-01-01'),
(4121, 'T2022110094', '0000-00-00', '2022-09-30', 'SBD-000012', 'OBT-000075', 100, 257.0000, 'KPUAN53', '2024-01-01'),
(4122, 'T2022110094', '0000-00-00', '2022-09-30', 'SBD-000012', 'OBT-000077', 10, 3355.0000, 'KPUAN54', '2024-01-01'),
(4123, 'T2022110094', '0000-00-00', '2022-09-30', 'SBD-000012', 'OBT-000078', 20, 4218.0000, 'KPUAN55', '2024-01-01'),
(4124, 'T2022110094', '0000-00-00', '2022-09-30', 'SBD-000012', 'OBT-000080', 500, 83.0000, 'KPUAN56', '2024-01-01'),
(4125, 'T2022110094', '0000-00-00', '2022-09-30', 'SBD-000012', 'OBT-000081', 400, 371.8000, 'KPUAN57', '2024-01-01'),
(4127, 'T2022110094', '0000-00-00', '2022-09-30', 'SBD-000012', 'OBT-000083', 2800, 89.1000, 'KPUAN59', '2024-01-01'),
(4128, 'T2022110094', '0000-00-00', '2022-09-30', 'SBD-000012', 'OBT-000091', 900, 54.0000, 'KPUAN60', '2024-01-01'),
(4129, 'T2022110094', '0000-00-00', '2022-09-30', 'SBD-000012', 'OBT-000093', 6, 26500.0000, 'KPUAN61', '2024-01-01'),
(4130, 'T2022110094', '0000-00-00', '2022-09-30', 'SBD-000012', 'OBT-000096', 200, 1815.0000, 'KPUAN62', '2024-01-01'),
(4131, 'T2022110094', '0000-00-00', '2022-09-30', 'SBD-000012', 'OBT-000097', 200, 1991.0000, 'KPUAN63', '2024-01-01'),
(4132, 'T2022110094', '0000-00-00', '2022-09-30', 'SBD-000012', 'OBT-000104', 5, 78310.0000, 'KPUAN64', '2024-01-01'),
(4133, 'T2022110094', '0000-00-00', '2022-09-30', 'SBD-000012', 'OBT-000105', 1500, 369.0000, 'KPUAN65', '2024-01-01'),
(4134, 'T2022110094', '0000-00-00', '2022-09-30', 'SBD-000012', 'OBT-000106', 30, 2236.0000, 'KPUAN66', '2024-01-01'),
(4136, 'T2022110094', '0000-00-00', '2022-09-30', 'SBD-000012', 'OBT-000117', 1700, 60.0000, 'KPUAN68', '2024-01-01'),
(4137, 'T2022110094', '0000-00-00', '2022-09-30', 'SBD-000012', 'OBT-000118', 4, 12500.0000, 'KPUAN69', '2024-01-01'),
(4138, 'T2022110094', '0000-00-00', '2022-09-30', 'SBD-000012', 'OBT-000119', 1800, 65.0000, 'KPUAN70', '2024-01-01'),
(4139, 'T2022110094', '0000-00-00', '2022-09-30', 'SBD-000012', 'OBT-000120', 1600, 75.0000, 'KPUAN71', '2024-01-01'),
(4140, 'T2022110094', '0000-00-00', '2022-09-30', 'SBD-000012', 'OBT-000121', 100, 230.0000, 'KPUAN72', '2024-01-01'),
(4141, 'T2022110094', '0000-00-00', '2022-09-30', 'SBD-000012', 'OBT-000123', 640, 440.6250, 'KPUAN73', '2024-01-01'),
(4142, 'T2022110094', '0000-00-00', '2022-09-30', 'SBD-000012', 'OBT-000125', 50, 10358.0000, 'KPUAN74', '2024-01-01'),
(4143, 'T2022110094', '0000-00-00', '2022-09-30', 'SBD-000012', 'OBT-000128', 50, 3967.0000, 'KPUAN75', '2024-01-01'),
(4144, 'T2022110094', '0000-00-00', '2022-09-30', 'SBD-000012', 'OBT-000129', 300, 252.0000, 'KPUAN76', '2024-01-01'),
(4145, 'T2022110094', '0000-00-00', '2022-09-30', 'SBD-000012', 'OBT-000130', 18, 2349.0000, 'KPUAN77', '2024-01-01'),
(4146, 'T2022110094', '0000-00-00', '2022-09-30', 'SBD-000012', 'OBT-000132', 200, 1185.0000, 'KPUAN78', '2024-01-01'),
(4147, 'T2022110094', '0000-00-00', '2022-09-30', 'SBD-000012', 'OBT-000135', 50, 9574.0000, 'KPUAN79', '2024-01-01'),
(4149, 'T2022110094', '0000-00-00', '2022-09-30', 'SBD-000012', 'OBT-000136', 19800, 23.0000, 'KPUAN81', '2024-01-01'),
(4150, 'T2022110094', '0000-00-00', '2022-09-30', 'SBD-000012', 'OBT-000138', 1500, 394.5500, 'KPUAN82', '2024-01-01'),
(4151, 'T2022110094', '0000-00-00', '2022-09-30', 'SBD-000012', 'OBT-000139', 100, 2190.0000, 'KPUAN83', '2024-01-01'),
(4153, 'T2022110094', '0000-00-00', '2022-09-30', 'SBD-000012', 'OBT-000142', 60, 494.0000, 'KPUAN85', '2024-01-01'),
(4154, 'T2022110094', '0000-00-00', '2022-09-30', 'SBD-000012', 'OBT-000145', 40, 803.0000, 'KPUAN86', '2024-01-01'),
(4155, 'T2022110094', '0000-00-00', '2022-09-30', 'SBD-000012', 'OBT-000146', 25, 4090.0000, 'KPUAN87', '2024-01-01'),
(4156, 'T2022110094', '0000-00-00', '2022-09-30', 'SBD-000012', 'OBT-000147', 300, 4800.0000, 'KPUAN88', '2024-01-01'),
(4157, 'T2022110094', '0000-00-00', '2022-09-30', 'SBD-000012', 'OBT-000155', 1, 1.0000, 'KPUAN89', '2024-01-01'),
(4158, 'T2022110094', '0000-00-00', '2022-09-30', 'SBD-000012', 'OBT-000158', 2800, 359.7000, 'KPUAN90', '2024-01-01'),
(4109, 'T2022110094', '0000-00-00', '2022-09-30', 'SBD-000012', 'OBT-000285', 35, 2296.0000, 'KPUAN41', '2024-01-01'),
(4126, 'T2022110094', '0000-00-00', '2022-09-30', 'SBD-000012', 'OBT-000291', 800, 123.0000, 'KPUAN58', '2024-01-01'),
(4148, 'T2022110094', '0000-00-00', '2022-09-30', 'SBD-000012', 'OBT-000307', 10, 9560.1300, 'KPUAN80', '2024-01-01'),
(4152, 'T2022110094', '0000-00-00', '2022-09-30', 'SBD-000012', 'OBT-000310', 50, 278.0000, 'KPUAN84', '2024-01-01'),
(4119, 'T2022110094', '0000-00-00', '2022-09-30', 'SBD-000012', 'OBT-000376', 20, 10150.0000, 'KPUAN51', '2024-01-01'),
(4135, 'T2022110094', '0000-00-00', '2022-09-30', 'SBD-000012', 'OBT-000378', 100, 86.0000, 'KPUAN67', '2024-01-01'),
(4107, 'T2022110094', '0000-00-00', '2022-09-30', 'SBD-000012', 'OBT-000388', 28, 1094.9900, 'KPUAN39', '2024-01-01'),
(4159, 'T2022110095', '0000-00-00', '2022-09-30', 'SBD-000012', 'OBT-000002', 300, 924.1500, 'cep2', '2025-12-31'),
(4160, 'T2022110095', '0000-00-00', '2022-09-30', 'SBD-000012', 'OBT-000003', 104, 693.0000, 'cep3', '2025-12-31'),
(4161, 'T2022110095', '0000-00-00', '2022-09-30', 'SBD-000012', 'OBT-000004', 190, 759.0000, 'cep4', '2025-12-31'),
(4163, 'T2022110095', '0000-00-00', '2022-09-30', 'SBD-000012', 'OBT-000007', 530, 550.0000, 'cep7', '2025-12-31'),
(4164, 'T2022110095', '0000-00-00', '2022-09-30', 'SBD-000012', 'OBT-000009', 1655, 114.3300, 'cep9', '2025-12-31'),
(4165, 'T2022110095', '0000-00-00', '2022-09-30', 'SBD-000012', 'OBT-000010', 200, 335.0000, 'cep10', '2025-12-31'),
(4166, 'T2022110095', '0000-00-00', '2022-09-30', 'SBD-000012', 'OBT-000012', 300, 176.5900, 'cep12', '2025-12-31'),
(4167, 'T2022110095', '0000-00-00', '2022-09-30', 'SBD-000012', 'OBT-000013', 1020, 152.0700, 'cep13', '2025-12-31'),
(4168, 'T2022110095', '0000-00-00', '2022-09-30', 'SBD-000012', 'OBT-000014', 1620, 128.7600, 'cep14', '2025-12-31'),
(4169, 'T2022110095', '0000-00-00', '2022-09-30', 'SBD-000012', 'OBT-000015', 58, 3498.0000, 'cep15', '2025-12-31'),
(4170, 'T2022110095', '0000-00-00', '2022-09-30', 'SBD-000012', 'OBT-000016', 5720, 201.0000, 'cep16', '2025-12-31'),
(4171, 'T2022110095', '0000-00-00', '2022-09-30', 'SBD-000012', 'OBT-000018', 66, 1679.0000, 'cep18', '2025-12-31'),
(4172, 'T2022110095', '0000-00-00', '2022-09-30', 'SBD-000012', 'OBT-000019', 13590, 58.0000, 'cep19', '2025-12-31'),
(4173, 'T2022110095', '0000-00-00', '2022-09-30', 'SBD-000012', 'OBT-000020', 36, 4496.0000, 'cep20', '2025-12-31'),
(4174, 'T2022110095', '0000-00-00', '2022-09-30', 'SBD-000012', 'OBT-000021', 74, 3250.0000, 'cep21', '2025-12-31'),
(4175, 'T2022110095', '0000-00-00', '2022-09-30', 'SBD-000012', 'OBT-000023', 20, 8047.5000, 'cep23', '2025-12-31'),
(4176, 'T2022110095', '0000-00-00', '2022-09-30', 'SBD-000012', 'OBT-000025', 270, 42.0000, 'cep25', '2025-12-31'),
(4177, 'T2022110095', '0000-00-00', '2022-09-30', 'SBD-000012', 'OBT-000027', 4280, 111.0000, 'cep27', '2025-12-31'),
(4179, 'T2022110095', '0000-00-00', '2022-09-30', 'SBD-000012', 'OBT-000028', 2374, 89.1000, 'cep28', '2025-12-31'),
(4180, 'T2022110095', '0000-00-00', '2022-09-30', 'SBD-000012', 'OBT-000029', 2280, 105.0000, 'cep29', '2025-12-31'),
(4181, 'T2022110095', '0000-00-00', '2022-09-30', 'SBD-000012', 'OBT-000031', 61, 4755.2400, 'cep31', '2025-12-31'),
(4183, 'T2022110095', '0000-00-00', '2022-09-30', 'SBD-000012', 'OBT-000034', 1000, 88.0000, 'cep34', '2025-12-31'),
(4184, 'T2022110095', '0000-00-00', '2022-09-30', 'SBD-000012', 'OBT-000035', 32, 14957.0000, 'cep35', '2025-12-31'),
(4185, 'T2022110095', '0000-00-00', '2022-09-30', 'SBD-000012', 'OBT-000036', 37, 4279.8100, 'cep36', '2025-12-31'),
(4186, 'T2022110095', '0000-00-00', '2022-09-30', 'SBD-000012', 'OBT-000039', 12, 5500.0000, 'cep39', '2025-12-31'),
(4187, 'T2022110095', '0000-00-00', '2022-09-30', 'SBD-000012', 'OBT-000040', 20, 5200.0000, 'cep40', '2025-12-31'),
(4188, 'T2022110095', '0000-00-00', '2022-09-30', 'SBD-000012', 'OBT-000041', 24, 5100.0000, 'cep41', '2025-12-31'),
(4189, 'T2022110095', '0000-00-00', '2022-09-30', 'SBD-000012', 'OBT-000043', 24, 8193.2700, 'cep43', '2025-12-31'),
(4191, 'T2022110095', '0000-00-00', '2022-09-30', 'SBD-000012', 'OBT-000048', 619, 248.0000, 'cep48', '2025-12-31'),
(4193, 'T2022110095', '0000-00-00', '2022-09-30', 'SBD-000012', 'OBT-000049', 5640, 34.0000, 'cep49', '2025-12-31'),
(4194, 'T2022110095', '0000-00-00', '2022-09-30', 'SBD-000012', 'OBT-000050', 15, 924.0000, 'cep50', '2025-12-31'),
(4195, 'T2022110095', '0000-00-00', '2022-09-30', 'SBD-000012', 'OBT-000051', 813, 108.0000, 'cep51', '2025-12-31'),
(4196, 'T2022110095', '0000-00-00', '2022-09-30', 'SBD-000012', 'OBT-000052', 20, 1545.0000, 'cep52', '2025-12-31'),
(4197, 'T2022110095', '0000-00-00', '2022-09-30', 'SBD-000012', 'OBT-000054', 2, 12573.0000, 'cep54', '2025-12-31'),
(4162, 'T2022110095', '0000-00-00', '2022-09-30', 'SBD-000012', 'OBT-000276', 830, 105.0000, 'cep276', '2025-12-31'),
(4178, 'T2022110095', '0000-00-00', '2022-09-30', 'SBD-000012', 'OBT-000334', 335, 2028.3100, 'cep334', '2025-12-31'),
(4190, 'T2022110095', '0000-00-00', '2022-09-30', 'SBD-000012', 'OBT-000335', 220, 1025.0000, 'cep335', '2025-12-31'),
(4192, 'T2022110095', '0000-00-00', '2022-09-30', 'SBD-000012', 'OBT-000360', 10, 5520.0000, 'cep360', '2025-12-31'),
(4182, 'T2022110095', '0000-00-00', '2022-09-30', 'SBD-000012', 'OBT-000373', 5, 1718.0000, 'cep373', '2025-12-31'),
(4198, 'T2022110095', '0000-00-00', '2022-09-30', 'SBD-000012', 'OBT-000388', 30, 1095.0000, 'cep388', '2025-12-31'),
(4221, 'T2022110096', '0000-00-00', '2022-09-30', 'SBD-000012', 'OBT-000016', 3200, 253.0000, 'KPUAN9113', '2024-01-01'),
(4199, 'T2022110096', '0000-00-00', '2022-09-30', 'SBD-000012', 'OBT-000109', 100, 97.9000, 'KPUAN91', '2024-01-01'),
(4200, 'T2022110096', '0000-00-00', '2022-09-30', 'SBD-000012', 'OBT-000119', 300, 62.0000, 'KPUAN92', '2024-01-01'),
(4201, 'T2022110096', '0000-00-00', '2022-09-30', 'SBD-000012', 'OBT-000121', 200, 245.0000, 'KPUAN93', '2024-01-01'),
(4202, 'T2022110096', '0000-00-00', '2022-09-30', 'SBD-000012', 'OBT-000138', 200, 247.5000, 'KPUAN94', '2024-01-01'),
(4203, 'T2022110096', '0000-00-00', '2022-09-30', 'SBD-000012', 'OBT-000159', 2000, 77.0000, 'KPUAN95', '2024-01-01'),
(4205, 'T2022110096', '0000-00-00', '2022-09-30', 'SBD-000012', 'OBT-000164', 24, 1900.0000, 'KPUAN97', '2024-01-01'),
(4206, 'T2022110096', '0000-00-00', '2022-09-30', 'SBD-000012', 'OBT-000167', 300, 1276.5000, 'KPUAN98', '2024-01-01'),
(4207, 'T2022110096', '0000-00-00', '2022-09-30', 'SBD-000012', 'OBT-000169', 20, 6800.0000, 'KPUAN99', '2024-01-01'),
(4208, 'T2022110096', '0000-00-00', '2022-09-30', 'SBD-000012', 'OBT-000170', 1200, 99.0000, 'KPUAN100', '2024-01-01'),
(4209, 'T2022110096', '0000-00-00', '2022-09-30', 'SBD-000012', 'OBT-000171', 24, 7405.2000, 'KPUAN101', '2024-01-01'),
(4210, 'T2022110096', '0000-00-00', '2022-09-30', 'SBD-000012', 'OBT-000172', 30, 13877.5200, 'KPUAN102', '2024-01-01'),
(4211, 'T2022110096', '0000-00-00', '2022-09-30', 'SBD-000012', 'OBT-000173', 400, 235.6600, 'KPUAN103', '2024-01-01'),
(4214, 'T2022110096', '0000-00-00', '2022-09-30', 'SBD-000012', 'OBT-000177', 48, 7700.0000, 'KPUAN106', '2024-01-01'),
(4215, 'T2022110096', '0000-00-00', '2022-09-30', 'SBD-000012', 'OBT-000179', 2, 398750.0000, 'KPUAN107', '2024-01-01'),
(4216, 'T2022110096', '0000-00-00', '2022-09-30', 'SBD-000012', 'OBT-000181', 100, 1126.0000, 'KPUAN108', '2024-01-01'),
(4218, 'T2022110096', '0000-00-00', '2022-09-30', 'SBD-000012', 'OBT-000184', 60, 1181.0000, 'KPUAN110', '2024-01-01'),
(4220, 'T2022110096', '0000-00-00', '2022-09-30', 'SBD-000012', 'OBT-000185', 20, 3141.3500, 'KPUAN112', '2024-01-01'),
(4222, 'T2022110096', '0000-00-00', '2022-09-30', 'SBD-000012', 'OBT-000186', 800, 67.0000, 'KPUAN114', '2024-01-01'),
(4223, 'T2022110096', '0000-00-00', '2022-09-30', 'SBD-000012', 'OBT-000194', 200, 119.7000, 'KPUAN115', '2024-01-01'),
(4224, 'T2022110096', '0000-00-00', '2022-09-30', 'SBD-000012', 'OBT-000197', 500, 85.0000, 'KPUAN116', '2024-01-01'),
(4225, 'T2022110096', '0000-00-00', '2022-09-30', 'SBD-000012', 'OBT-000207', 20, 7630.0000, 'KPUAN117', '2024-01-01'),
(4226, 'T2022110096', '0000-00-00', '2022-09-30', 'SBD-000012', 'OBT-000208', 2740, 377.0000, 'KPUAN118', '2024-01-01'),
(4227, 'T2022110096', '0000-00-00', '2022-09-30', 'SBD-000012', 'OBT-000210', 50, 70.0000, 'KPUAN119', '2024-01-01'),
(4228, 'T2022110096', '0000-00-00', '2022-09-30', 'SBD-000012', 'OBT-000212', 90, 920.0000, 'KPUAN120', '2024-01-01'),
(4229, 'T2022110096', '0000-00-00', '2022-09-30', 'SBD-000012', 'OBT-000215', 2, 517132.0000, 'KPUAN121', '2024-01-01'),
(4230, 'T2022110096', '0000-00-00', '2022-09-30', 'SBD-000012', 'OBT-000216', 4, 140188.0000, 'KPUAN122', '2024-01-01'),
(4231, 'T2022110096', '0000-00-00', '2022-09-30', 'SBD-000012', 'OBT-000220', 500, 68.0000, 'KPUAN123', '2024-01-01'),
(4232, 'T2022110096', '0000-00-00', '2022-09-30', 'SBD-000012', 'OBT-000227', 8000, 226.0000, 'KPUAN124', '2024-01-01'),
(4233, 'T2022110096', '0000-00-00', '2022-09-30', 'SBD-000012', 'OBT-000229', 2000, 156.2000, 'KPUAN125', '2024-01-01'),
(4234, 'T2022110096', '0000-00-00', '2022-09-30', 'SBD-000012', 'OBT-000233', 1100, 63.0000, 'KPUAN126', '2024-01-01'),
(4235, 'T2022110096', '0000-00-00', '2022-09-30', 'SBD-000012', 'OBT-000237', 48, 6660.0000, 'KPUAN127', '2024-01-01'),
(4236, 'T2022110096', '0000-00-00', '2022-09-30', 'SBD-000012', 'OBT-000238', 2000, 42.0000, 'KPUAN128', '2024-01-01'),
(4237, 'T2022110096', '0000-00-00', '2022-09-30', 'SBD-000012', 'OBT-000241', 50, 208.0000, 'KPUAN129', '2024-01-01'),
(4238, 'T2022110096', '0000-00-00', '2022-09-30', 'SBD-000012', 'OBT-000242', 50, 2489.0000, 'KPUAN130', '2024-01-01'),
(4217, 'T2022110096', '0000-00-00', '2022-09-30', 'SBD-000012', 'OBT-000267', 400, 175.0000, 'KPUAN109', '2024-01-01'),
(4204, 'T2022110096', '0000-00-00', '2022-09-30', 'SBD-000012', 'OBT-000312', 400, 102.0000, 'KPUAN96', '2024-01-01'),
(4212, 'T2022110096', '0000-00-00', '2022-09-30', 'SBD-000012', 'OBT-000317', 40, 225.3300, 'KPUAN104', '2024-01-01'),
(4213, 'T2022110096', '0000-00-00', '2022-09-30', 'SBD-000012', 'OBT-000348', 80, 550.0000, 'KPUAN105', '2024-01-01'),
(4219, 'T2022110096', '0000-00-00', '2022-09-30', 'SBD-000012', 'OBT-000350', 40, 4200.0000, 'KPUAN111', '2024-01-01'),
(4239, 'T2022110097', '0000-00-00', '2022-09-30', 'SBD-000012', 'OBT-000237', 32, 7024.6000, 'KPUAN131', '2024-01-01'),
(4240, 'T2022110098', '0000-00-00', '2022-09-30', 'SBD-000012', 'OBT-000003', 500, 880.0000, 'cep3b', '2025-12-31'),
(4241, 'T2022110098', '0000-00-00', '2022-09-30', 'SBD-000012', 'OBT-000041', 20, 6130.0000, 'cep41b', '2025-12-31'),
(4242, 'T2022110098', '0000-00-00', '2022-09-30', 'SBD-000012', 'OBT-000055', 1270, 114.4000, 'cep55', '2025-12-31'),
(4243, 'T2022110098', '0000-00-00', '2022-09-30', 'SBD-000012', 'OBT-000057', 20, 1515.0000, 'cep57', '2025-12-31'),
(4244, 'T2022110098', '0000-00-00', '2022-09-30', 'SBD-000012', 'OBT-000060', 3, 221000.0000, 'cep60', '2025-12-31'),
(4245, 'T2022110098', '0000-00-00', '2022-09-30', 'SBD-000012', 'OBT-000062', 20, 359985.0000, 'cep62', '2025-12-31'),
(4246, 'T2022110098', '0000-00-00', '2022-09-30', 'SBD-000012', 'OBT-000063', 16, 359985.0000, 'cep63', '2025-12-31'),
(4248, 'T2022110098', '0000-00-00', '2022-09-30', 'SBD-000012', 'OBT-000066', 500, 598.2000, 'cep66', '2025-12-31'),
(4247, 'T2022110098', '0000-00-00', '2022-09-30', 'SBD-000012', 'OBT-000068', 240, 171.0000, 'cep68', '2025-12-31'),
(4249, 'T2022110098', '0000-00-00', '2022-09-30', 'SBD-000012', 'OBT-000069', 34, 3300.0000, 'cep69', '2025-12-31'),
(4250, 'T2022110098', '0000-00-00', '2022-09-30', 'SBD-000012', 'OBT-000070', 23, 1386.0000, 'cep70', '2025-12-31'),
(4251, 'T2022110098', '0000-00-00', '2022-09-30', 'SBD-000012', 'OBT-000071', 20, 63500.0000, 'cep71', '2025-12-31'),
(4252, 'T2022110098', '0000-00-00', '2022-09-30', 'SBD-000012', 'OBT-000073', 10, 10200.0000, 'cep73', '2025-12-31'),
(4254, 'T2022110098', '0000-00-00', '2022-09-30', 'SBD-000012', 'OBT-000074', 443, 219.4800, 'cep74', '2025-12-31'),
(4255, 'T2022110098', '0000-00-00', '2022-09-30', 'SBD-000012', 'OBT-000075', 193, 257.0000, 'cep75', '2025-12-31'),
(4256, 'T2022110098', '0000-00-00', '2022-09-30', 'SBD-000012', 'OBT-000076', 410, 300.0000, 'cep76', '2025-12-31'),
(4258, 'T2022110098', '0000-00-00', '2022-09-30', 'SBD-000012', 'OBT-000080', 920, 83.0000, 'cep80', '2025-12-31'),
(4259, 'T2022110098', '0000-00-00', '2022-09-30', 'SBD-000012', 'OBT-000081', 500, 371.8000, 'cep81', '2025-12-31'),
(4260, 'T2022110098', '0000-00-00', '2022-09-30', 'SBD-000012', 'OBT-000082', 1755, 123.0000, 'cep82', '2025-12-31'),
(4261, 'T2022110098', '0000-00-00', '2022-09-30', 'SBD-000012', 'OBT-000083', 5617, 89.1000, 'cep83', '2025-12-31'),
(4262, 'T2022110098', '0000-00-00', '2022-09-30', 'SBD-000012', 'OBT-000089', 300, 51.0000, 'cep89', '2025-12-31'),
(4264, 'T2022110098', '0000-00-00', '2022-09-30', 'SBD-000012', 'OBT-000091', 590, 54.0000, 'cep91', '2025-12-31'),
(4265, 'T2022110098', '0000-00-00', '2022-09-30', 'SBD-000012', 'OBT-000093', 4, 26500.0000, 'cep93', '2025-12-31'),
(4266, 'T2022110098', '0000-00-00', '2022-09-30', 'SBD-000012', 'OBT-000097', 350, 1991.0000, 'cep97', '2025-12-31'),
(4267, 'T2022110098', '0000-00-00', '2022-09-30', 'SBD-000012', 'OBT-000098', 250, 1815.0000, 'cep98', '2025-12-31'),
(4268, 'T2022110098', '0000-00-00', '2022-09-30', 'SBD-000012', 'OBT-000102', 500, 148.0000, 'cep102', '2025-12-31'),
(4269, 'T2022110098', '0000-00-00', '2022-09-30', 'SBD-000012', 'OBT-000103', 61, 2325.0000, 'cep103', '2025-12-31'),
(4271, 'T2022110098', '0000-00-00', '2022-09-30', 'SBD-000012', 'OBT-000104', 6, 78310.0000, 'cep104', '2025-12-31'),
(4272, 'T2022110098', '0000-00-00', '2022-09-30', 'SBD-000012', 'OBT-000105', 1615, 369.0000, 'cep105', '2025-12-31'),
(4275, 'T2022110098', '0000-00-00', '2022-09-30', 'SBD-000012', 'OBT-000107', 20, 7063.6400, 'cep107', '2025-12-31'),
(4279, 'T2022110098', '0000-00-00', '2022-09-30', 'SBD-000012', 'OBT-000109', 100, 86.0000, 'cep109', '2025-12-31'),
(4280, 'T2022110098', '0000-00-00', '2022-09-30', 'SBD-000012', 'OBT-000110', 50, 5995.0000, 'cep110', '2025-12-31'),
(4281, 'T2022110098', '0000-00-00', '2022-09-30', 'SBD-000012', 'OBT-000111', 61, 6000.0000, 'cep111', '2025-12-31'),
(4282, 'T2022110098', '0000-00-00', '2022-09-30', 'SBD-000012', 'OBT-000114', 50, 5995.0000, 'cep114', '2025-12-31'),
(4283, 'T2022110098', '0000-00-00', '2022-09-30', 'SBD-000012', 'OBT-000115', 50, 4861.0000, 'cep115', '2025-12-31'),
(4285, 'T2022110098', '0000-00-00', '2022-09-30', 'SBD-000012', 'OBT-000116', 5, 5775.0000, 'cep116', '2025-12-31'),
(4286, 'T2022110098', '0000-00-00', '2022-09-30', 'SBD-000012', 'OBT-000117', 4305, 60.0000, 'cep117', '2025-12-31'),
(4253, 'T2022110098', '0000-00-00', '2022-09-30', 'SBD-000012', 'OBT-000288', 12, 10340.0000, 'cep288', '2025-12-31'),
(4257, 'T2022110098', '0000-00-00', '2022-09-30', 'SBD-000012', 'OBT-000290', 35, 2665.0000, 'cep290', '2025-12-31'),
(4263, 'T2022110098', '0000-00-00', '2022-09-30', 'SBD-000012', 'OBT-000293', 260, 59.0040, 'cep293', '2025-12-31'),
(4270, 'T2022110098', '0000-00-00', '2022-09-30', 'SBD-000012', 'OBT-000295', 150, 1050.0000, 'cep295', '2025-12-31'),
(4274, 'T2022110098', '0000-00-00', '2022-09-30', 'SBD-000012', 'OBT-000299', 50, 3200.0000, 'cep299', '2025-12-31'),
(4276, 'T2022110098', '0000-00-00', '2022-09-30', 'SBD-000012', 'OBT-000302', 58, 5790.0000, 'cep302', '2025-12-31'),
(4277, 'T2022110098', '0000-00-00', '2022-09-30', 'SBD-000012', 'OBT-000342', 9, 3597.0000, ' cep342', '2025-12-31'),
(4284, 'T2022110098', '0000-00-00', '2022-09-30', 'SBD-000012', 'OBT-000345', 170, 2556.0000, 'cep345', '2025-12-31'),
(4278, 'T2022110098', '0000-00-00', '2022-09-30', 'SBD-000012', 'OBT-000378', 100, 110.0000, 'cep378', '2025-12-31'),
(4273, 'T2022110098', '0000-00-00', '2022-09-30', 'SBD-000012', 'OBT-000397', 2, 2236.0000, 'cep397', '2025-12-31'),
(4288, 'T2022110099', '0000-00-00', '2022-09-30', 'SBD-000012', 'OBT-000001', 100, 1287.0000, 'NGROTO02', '2024-01-01'),
(4289, 'T2022110099', '0000-00-00', '2022-09-30', 'SBD-000012', 'OBT-000004', 100, 730.0000, 'NGROTO03', '2024-01-01'),
(4290, 'T2022110099', '0000-00-00', '2022-09-30', 'SBD-000012', 'OBT-000005', 1000, 288.0000, 'NGROTO04', '2024-01-01'),
(4291, 'T2022110099', '0000-00-00', '2022-09-30', 'SBD-000012', 'OBT-000007', 100, 550.0000, 'NGROTO05', '2024-01-01'),
(4292, 'T2022110099', '0000-00-00', '2022-09-30', 'SBD-000012', 'OBT-000008', 500, 78.0000, 'NGROTO06', '2024-01-01'),
(4295, 'T2022110099', '0000-00-00', '2022-09-30', 'SBD-000012', 'OBT-000013', 1080, 70.0000, 'NGROTO09', '2024-01-01'),
(4296, 'T2022110099', '0000-00-00', '2022-09-30', 'SBD-000012', 'OBT-000014', 1340, 128.7600, 'NGROTO10', '2024-01-01'),
(4297, 'T2022110099', '0000-00-00', '2022-09-30', 'SBD-000012', 'OBT-000016', 1500, 201.0000, 'NGROTO11', '2024-01-01'),
(4298, 'T2022110099', '0000-00-00', '2022-09-30', 'SBD-000012', 'OBT-000018', 41, 1679.0000, 'NGROTO12', '2024-01-01'),
(4299, 'T2022110099', '0000-00-00', '2022-09-30', 'SBD-000012', 'OBT-000019', 5730, 58.0000, 'NGROTO13', '2024-01-01'),
(4300, 'T2022110099', '0000-00-00', '2022-09-30', 'SBD-000012', 'OBT-000025', 100, 220.0000, 'NGROTO14', '2024-01-01'),
(4301, 'T2022110099', '0000-00-00', '2022-09-30', 'SBD-000012', 'OBT-000026', 200, 75.0000, 'NGROTO15', '2024-01-01'),
(4302, 'T2022110099', '0000-00-00', '2022-09-30', 'SBD-000012', 'OBT-000027', 2800, 111.0000, 'NGROTO16', '2024-01-01'),
(4303, 'T2022110099', '0000-00-00', '2022-09-30', 'SBD-000012', 'OBT-000028', 560, 89.1000, 'NGROTO17', '2024-01-01'),
(4304, 'T2022110099', '0000-00-00', '2022-09-30', 'SBD-000012', 'OBT-000029', 1000, 105.0000, 'NGROTO18', '2024-01-01'),
(4305, 'T2022110099', '0000-00-00', '2022-09-30', 'SBD-000012', 'OBT-000030', 800, 405.0000, 'NGROTO19', '2024-01-01'),
(4306, 'T2022110099', '0000-00-00', '2022-09-30', 'SBD-000012', 'OBT-000031', 27, 4755.2400, 'NGROTO20', '2024-01-01'),
(4308, 'T2022110099', '0000-00-00', '2022-09-30', 'SBD-000012', 'OBT-000035', 32, 14957.0000, 'NGROTO22', '2024-01-01'),
(4309, 'T2022110099', '0000-00-00', '2022-09-30', 'SBD-000012', 'OBT-000038', 11, 5199.7000, 'NGROTO23', '2024-01-01'),
(4310, 'T2022110099', '0000-00-00', '2022-09-30', 'SBD-000012', 'OBT-000041', 36, 5100.0000, 'NGROTO24', '2024-01-01'),
(4311, 'T2022110099', '0000-00-00', '2022-09-30', 'SBD-000012', 'OBT-000042', 12, 9125.0000, 'NGROTO25', '2024-01-01'),
(4312, 'T2022110099', '0000-00-00', '2022-09-30', 'SBD-000012', 'OBT-000044', 12, 8094.6970, 'NGROTO26', '2024-01-01'),
(4314, 'T2022110099', '0000-00-00', '2022-09-30', 'SBD-000012', 'OBT-000047', 56, 3800.0000, 'NGROTO28', '2024-01-01'),
(4315, 'T2022110099', '0000-00-00', '2022-09-30', 'SBD-000012', 'OBT-000049', 1200, 34.0000, 'NGROTO29', '2024-01-01'),
(4316, 'T2022110099', '0000-00-00', '2022-09-30', 'SBD-000012', 'OBT-000052', 7, 1545.0000, 'NGROTO30', '2024-01-01'),
(4317, 'T2022110099', '0000-00-00', '2022-09-30', 'SBD-000012', 'OBT-000055', 1100, 114.4000, 'NGROTO31', '2024-01-01'),
(4318, 'T2022110099', '0000-00-00', '2022-09-30', 'SBD-000012', 'OBT-000056', 400, 108.0000, 'NGROTO32', '2024-01-01'),
(4322, 'T2022110099', '0000-00-00', '2022-09-30', 'SBD-000012', 'OBT-000069', 9, 3300.0000, 'NGROTO36', '2024-01-01'),
(4324, 'T2022110099', '0000-00-00', '2022-09-30', 'SBD-000012', 'OBT-000071', 2, 63500.0000, 'NGROTO38', '2024-01-01'),
(4325, 'T2022110099', '0000-00-00', '2022-09-30', 'SBD-000012', 'OBT-000072', 10, 10200.0000, 'NGROTO39', '2024-01-01'),
(4326, 'T2022110099', '0000-00-00', '2022-09-30', 'SBD-000012', 'OBT-000073', 10, 10200.0000, 'NGROTO40', '2024-01-01'),
(4327, 'T2022110099', '0000-00-00', '2022-09-30', 'SBD-000012', 'OBT-000074', 100, 219.4800, 'NGROTO41', '2024-01-01'),
(4328, 'T2022110099', '0000-00-00', '2022-09-30', 'SBD-000012', 'OBT-000076', 100, 300.0000, 'NGROTO42', '2024-01-01'),
(4330, 'T2022110099', '0000-00-00', '2022-09-30', 'SBD-000012', 'OBT-000078', 11, 3850.0000, 'NGROTO44', '2024-01-01'),
(4331, 'T2022110099', '0000-00-00', '2022-09-30', 'SBD-000012', 'OBT-000080', 2070, 83.0000, 'NGROTO45', '2024-01-01'),
(4332, 'T2022110099', '0000-00-00', '2022-09-30', 'SBD-000012', 'OBT-000081', 100, 174.0000, 'NGROTO46', '2024-01-01'),
(4333, 'T2022110099', '0000-00-00', '2022-09-30', 'SBD-000012', 'OBT-000082', 170, 123.0000, 'NGROTO47', '2024-01-01'),
(4334, 'T2022110099', '0000-00-00', '2022-09-30', 'SBD-000012', 'OBT-000083', 2000, 89.1000, 'NGROTO48', '2024-01-01'),
(4287, 'T2022110099', '0000-00-00', '2022-09-30', 'SBD-000012', 'OBT-000275', 200, 320.1000, 'NGROTO01', '2024-01-01'),
(4294, 'T2022110099', '0000-00-00', '2022-09-30', 'SBD-000012', 'OBT-000278', 1700, 115.5000, 'NGROTO08', '2024-01-01'),
(4307, 'T2022110099', '0000-00-00', '2022-09-30', 'SBD-000012', 'OBT-000281', 200, 451.0000, 'NGROTO21', '2024-01-01'),
(4319, 'T2022110099', '0000-00-00', '2022-09-30', 'SBD-000012', 'OBT-000285', 35, 2296.0000, 'NGROTO33', '2024-01-01'),
(4321, 'T2022110099', '0000-00-00', '2022-09-30', 'SBD-000012', 'OBT-000287', 80, 170.9900, 'NGROTO35', '2024-01-01'),
(4329, 'T2022110099', '0000-00-00', '2022-09-30', 'SBD-000012', 'OBT-000289', 222, 371.0000, 'NGROTO43', '2024-01-01'),
(4313, 'T2022110099', '0000-00-00', '2022-09-30', 'SBD-000012', 'OBT-000335', 300, 1025.0000, 'NGROTO27', '2024-01-01'),
(4323, 'T2022110099', '0000-00-00', '2022-09-30', 'SBD-000012', 'OBT-000339', 100, 748.0000, 'NGROTO37', '2024-01-01'),
(4320, 'T2022110099', '0000-00-00', '2022-09-30', 'SBD-000012', 'OBT-000375', 2, 1408.0000, 'NGROTO34', '2024-01-01'),
(4293, 'T2022110099', '0000-00-00', '2022-09-30', 'SBD-000012', 'OBT-000402', 40, 120.0000, 'NGROTO07', '2024-01-01'),
(4335, 'T2022110100', '0000-00-00', '2022-09-30', 'SBD-000012', 'OBT-000060', 3, 126500.0000, 'cep60', '2025-12-31'),
(4337, 'T2022110100', '0000-00-00', '2022-09-30', 'SBD-000012', 'OBT-000118', 2, 26036.0000, 'cep118', '2025-12-31'),
(4338, 'T2022110100', '0000-00-00', '2022-09-30', 'SBD-000012', 'OBT-000119', 2324, 65.0000, 'cep119', '2025-12-31'),
(4339, 'T2022110100', '0000-00-00', '2022-09-30', 'SBD-000012', 'OBT-000120', 2280, 75.0000, 'cep120', '2025-12-31'),
(4340, 'T2022110100', '0000-00-00', '2022-09-30', 'SBD-000012', 'OBT-000121', 360, 245.0000, 'cep121', '2025-12-31'),
(4341, 'T2022110100', '0000-00-00', '2022-09-30', 'SBD-000012', 'OBT-000122', 200, 350.0000, 'cep122', '2025-12-31'),
(4342, 'T2022110100', '0000-00-00', '2022-09-30', 'SBD-000012', 'OBT-000123', 416, 440.6250, 'cep123', '2025-12-31'),
(4343, 'T2022110100', '0000-00-00', '2022-09-30', 'SBD-000012', 'OBT-000124', 144, 625.0000, 'cep124', '2025-12-31'),
(4344, 'T2022110100', '0000-00-00', '2022-09-30', 'SBD-000012', 'OBT-000126', 50, 759.0000, 'cep126', '2025-12-31'),
(4345, 'T2022110100', '0000-00-00', '2022-09-30', 'SBD-000012', 'OBT-000128', 60, 3967.0000, 'cep128', '2025-12-31'),
(4346, 'T2022110100', '0000-00-00', '2022-09-30', 'SBD-000012', 'OBT-000129', 550, 252.0000, 'cep129', '2025-12-31'),
(4347, 'T2022110100', '0000-00-00', '2022-09-30', 'SBD-000012', 'OBT-000130', 48, 2349.0000, 'cep130', '2025-12-31'),
(4349, 'T2022110100', '0000-00-00', '2022-09-30', 'SBD-000012', 'OBT-000131', 30, 1800.0000, 'cep131', '2025-12-31'),
(4350, 'T2022110100', '0000-00-00', '2022-09-30', 'SBD-000012', 'OBT-000132', 190, 1185.0000, 'cep132', '2025-12-31'),
(4351, 'T2022110100', '0000-00-00', '2022-09-30', 'SBD-000012', 'OBT-000133', 30, 9574.0000, 'cep133', '2025-12-31'),
(4352, 'T2022110100', '0000-00-00', '2022-09-30', 'SBD-000012', 'OBT-000135', 19, 9574.0000, 'cep135', '2025-12-31'),
(4353, 'T2022110100', '0000-00-00', '2022-09-30', 'SBD-000012', 'OBT-000136', 18400, 23.0000, 'cep136', '2025-12-31'),
(4354, 'T2022110100', '0000-00-00', '2022-09-30', 'SBD-000012', 'OBT-000138', 1900, 394.5500, 'cep138', '2025-12-31'),
(4355, 'T2022110100', '0000-00-00', '2022-09-30', 'SBD-000012', 'OBT-000141', 500, 125.0000, 'cep141', '2025-12-31'),
(4356, 'T2022110100', '0000-00-00', '2022-09-30', 'SBD-000012', 'OBT-000145', 60, 803.0000, 'cep145', '2026-01-04'),
(4357, 'T2022110100', '0000-00-00', '2022-09-30', 'SBD-000012', 'OBT-000146', 14, 4090.0000, 'cep146', '2025-12-31'),
(4358, 'T2022110100', '0000-00-00', '2022-09-30', 'SBD-000012', 'OBT-000155', 1, 1.0000, 'cep155', '2025-12-31'),
(4359, 'T2022110100', '0000-00-00', '2022-09-30', 'SBD-000012', 'OBT-000157', 14, 40128.0000, 'cep157', '2025-12-31'),
(4360, 'T2022110100', '0000-00-00', '2022-09-30', 'SBD-000012', 'OBT-000158', 1940, 359.7000, 'cep158', '2025-12-31'),
(4361, 'T2022110100', '0000-00-00', '2022-09-30', 'SBD-000012', 'OBT-000159', 300, 77.0000, 'cep159', '2025-12-31'),
(4364, 'T2022110100', '0000-00-00', '2022-09-30', 'SBD-000012', 'OBT-000161', 500, 117.0000, 'cep161', '2025-12-31'),
(4365, 'T2022110100', '0000-00-00', '2022-09-30', 'SBD-000012', 'OBT-000162', 6, 3950.0000, 'cep162', '2025-12-31'),
(4366, 'T2022110100', '0000-00-00', '2022-09-30', 'SBD-000012', 'OBT-000164', 39, 1900.0000, 'cep164', '2025-12-31'),
(4367, 'T2022110100', '0000-00-00', '2022-09-30', 'SBD-000012', 'OBT-000167', 1000, 1276.5000, 'cep167', '2025-12-31'),
(4368, 'T2022110100', '0000-00-00', '2022-09-30', 'SBD-000012', 'OBT-000169', 25, 6800.0000, 'cep169', '2025-12-31'),
(4369, 'T2022110100', '0000-00-00', '2022-09-30', 'SBD-000012', 'OBT-000170', 1110, 99.0000, 'cep170', '2025-12-31'),
(4370, 'T2022110100', '0000-00-00', '2022-09-30', 'SBD-000012', 'OBT-000171', 25, 7405.0000, 'cep171', '2025-12-31'),
(4371, 'T2022110100', '0000-00-00', '2022-09-30', 'SBD-000012', 'OBT-000172', 18, 13877.5200, 'cep172', '2025-12-31'),
(4375, 'T2022110100', '0000-00-00', '2022-09-30', 'SBD-000012', 'OBT-000176', 20, 27750.0000, 'cep176', '2025-12-31'),
(4377, 'T2022110100', '0000-00-00', '2022-09-30', 'SBD-000012', 'OBT-000180', 24, 3500.0000, 'cep180', '2025-12-31'),
(4378, 'T2022110100', '0000-00-00', '2022-09-30', 'SBD-000012', 'OBT-000181', 119, 1126.0000, 'cep181', '2025-12-31'),
(4379, 'T2022110100', '0000-00-00', '2022-09-30', 'SBD-000012', 'OBT-000183', 96, 4976.0000, 'cep183', '2025-12-31'),
(4380, 'T2022110100', '0000-00-00', '2022-09-30', 'SBD-000012', 'OBT-000184', 237, 1181.0000, 'cep184', '2025-12-31'),
(4381, 'T2022110100', '0000-00-00', '2022-09-30', 'SBD-000012', 'OBT-000186', 2155, 67.0000, 'cep186', '2025-12-31'),
(4382, 'T2022110100', '0000-00-00', '2022-09-30', 'SBD-000012', 'OBT-000187', 2160, 146.3200, 'cep187', '2025-12-31'),
(4372, 'T2022110100', '0000-00-00', '2022-09-30', 'SBD-000012', 'OBT-000266', 780, 235.6600, 'cep266', '2025-12-31'),
(4348, 'T2022110100', '0000-00-00', '2022-09-30', 'SBD-000012', 'OBT-000306', 19, 1998.0000, 'cep306', '2025-12-31'),
(4363, 'T2022110100', '0000-00-00', '2022-09-30', 'SBD-000012', 'OBT-000312', 130, 102.0000, 'cep312', '2025-12-31'),
(4373, 'T2022110100', '0000-00-00', '2022-09-30', 'SBD-000012', 'OBT-000317', 307, 225.3300, 'cep317', '2025-12-31'),
(4376, 'T2022110100', '0000-00-00', '2022-09-30', 'SBD-000012', 'OBT-000319', 116, 7700.0000, 'cep319', '2025-12-31'),
(4374, 'T2022110100', '0000-00-00', '2022-09-30', 'SBD-000012', 'OBT-000348', 50, 550.0000, 'cep348', '2025-12-31'),
(4336, 'T2022110100', '0000-00-00', '2022-09-30', 'SBD-000012', 'OBT-000378', 100, 97.9000, 'cep378', '2025-12-31'),
(4362, 'T2022110100', '0000-00-00', '2022-09-30', 'SBD-000012', 'OBT-000393', 50, 10800.0000, 'cep393', '2025-12-31'),
(4383, 'T2022110101', '0000-00-00', '2022-09-30', 'SBD-000012', 'OBT-000121', 500, 189.0000, 'cep121', '2025-12-31'),
(4384, 'T2022110101', '0000-00-00', '2022-09-30', 'SBD-000012', 'OBT-000162', 50, 3765.0000, 'cep162', '2025-12-31'),
(4385, 'T2022110101', '0000-00-00', '2022-09-30', 'SBD-000012', 'OBT-000188', 2, 59500.0000, 'cep188', '2025-12-31'),
(4386, 'T2022110101', '0000-00-00', '2022-09-30', 'SBD-000012', 'OBT-000189', 200, 175.0000, 'cep189', '2025-12-31'),
(4387, 'T2022110101', '0000-00-00', '2022-09-30', 'SBD-000012', 'OBT-000190', 200, 2728.0000, 'cep190', '2025-12-31'),
(4388, 'T2022110101', '0000-00-00', '2022-09-30', 'SBD-000012', 'OBT-000191', 11, 2800.0000, 'cep191', '2025-12-31'),
(4389, 'T2022110101', '0000-00-00', '2022-09-30', 'SBD-000012', 'OBT-000194', 9, 119.7000, 'cep194', '2025-12-31'),
(4390, 'T2022110101', '0000-00-00', '2022-09-30', 'SBD-000012', 'OBT-000197', 3970, 85.0000, 'cep197', '2025-12-31'),
(4391, 'T2022110101', '0000-00-00', '2022-09-30', 'SBD-000012', 'OBT-000198', 32, 814.0000, 'cep198', '2025-12-31'),
(4392, 'T2022110101', '0000-00-00', '2022-09-30', 'SBD-000012', 'OBT-000199', 600, 14340.0000, 'cep199', '2025-12-31'),
(4393, 'T2022110101', '0000-00-00', '2022-09-30', 'SBD-000012', 'OBT-000202', 2, 62233.3400, 'cep202', '2025-12-31'),
(4394, 'T2022110101', '0000-00-00', '2022-09-30', 'SBD-000012', 'OBT-000203', 2, 58300.0000, 'cep203', '2025-12-31'),
(4395, 'T2022110101', '0000-00-00', '2022-09-30', 'SBD-000012', 'OBT-000204', 175, 1.0000, 'cep204', '2025-12-31'),
(4396, 'T2022110101', '0000-00-00', '2022-09-30', 'SBD-000012', 'OBT-000207', 109, 7630.0000, 'cep207', '2025-12-31'),
(4397, 'T2022110101', '0000-00-00', '2022-09-30', 'SBD-000012', 'OBT-000208', 1392, 377.0000, 'cep208', '2025-12-31');
INSERT INTO `det_terimaobat` (`id_terima`, `no_dok`, `tgl_setuju`, `tgl_dok`, `kd_sumberdana`, `kd_obat`, `qty`, `harga`, `batch`, `exp_date`) VALUES
(4399, 'T2022110101', '0000-00-00', '2022-09-30', 'SBD-000012', 'OBT-000210', 900, 70.0000, 'cep210', '2025-12-31'),
(4400, 'T2022110101', '0000-00-00', '2022-09-30', 'SBD-000012', 'OBT-000211', 10, 1410.0000, 'cep211', '2025-12-31'),
(4401, 'T2022110101', '0000-00-00', '2022-09-30', 'SBD-000012', 'OBT-000212', 100, 920.0000, 'cep212', '2025-12-31'),
(4402, 'T2022110101', '0000-00-00', '2022-09-30', 'SBD-000012', 'OBT-000213', 29, 23820.6000, 'cep213', '2025-12-31'),
(4403, 'T2022110101', '0000-00-00', '2022-09-30', 'SBD-000012', 'OBT-000214', 875, 17563.8400, 'cep214', '2025-12-31'),
(4405, 'T2022110101', '0000-00-00', '2022-09-30', 'SBD-000012', 'OBT-000216', 10, 138925.0000, 'cep216', '2025-12-31'),
(4406, 'T2022110101', '0000-00-00', '2022-09-30', 'SBD-000012', 'OBT-000217', 1704, 43.0000, 'cep217', '2025-12-31'),
(4407, 'T2022110101', '0000-00-00', '2022-09-30', 'SBD-000012', 'OBT-000218', 44, 1547.0900, 'cep218', '2025-12-31'),
(4408, 'T2022110101', '0000-00-00', '2022-09-30', 'SBD-000012', 'OBT-000219', 48, 1492.6700, 'cep219', '2025-12-31'),
(4409, 'T2022110101', '0000-00-00', '2022-09-30', 'SBD-000012', 'OBT-000220', 2120, 68.0000, 'cep220', '2025-12-31'),
(4410, 'T2022110101', '0000-00-00', '2022-09-30', 'SBD-000012', 'OBT-000222', 90, 1763.0000, 'cep222', '2025-12-31'),
(4411, 'T2022110101', '0000-00-00', '2022-09-30', 'SBD-000012', 'OBT-000227', 4280, 226.0000, 'cep227', '2025-12-31'),
(4412, 'T2022110101', '0000-00-00', '2022-09-30', 'SBD-000012', 'OBT-000228', 100, 893.0000, 'cep228', '2025-12-31'),
(4413, 'T2022110101', '0000-00-00', '2022-09-30', 'SBD-000012', 'OBT-000229', 3940, 156.2000, 'cep229', '2025-12-31'),
(4414, 'T2022110101', '0000-00-00', '2022-09-30', 'SBD-000012', 'OBT-000230', 700, 1236.5400, 'cep230', '2025-12-31'),
(4415, 'T2022110101', '0000-00-00', '2022-09-30', 'SBD-000012', 'OBT-000231', 50, 17595.0000, 'cep231', '2025-12-31'),
(4416, 'T2022110101', '0000-00-00', '2022-09-30', 'SBD-000012', 'OBT-000232', 360, 287.0000, 'cep232', '2025-12-31'),
(4417, 'T2022110101', '0000-00-00', '2022-09-30', 'SBD-000012', 'OBT-000233', 1355, 63.0000, 'cep233', '2025-12-31'),
(4418, 'T2022110101', '0000-00-00', '2022-09-30', 'SBD-000012', 'OBT-000236', 20, 5700.0000, 'cep236', '2025-12-31'),
(4419, 'T2022110101', '0000-00-00', '2022-09-30', 'SBD-000012', 'OBT-000237', 90, 6660.0000, 'cep237', '2025-12-31'),
(4420, 'T2022110101', '0000-00-00', '2022-09-30', 'SBD-000012', 'OBT-000238', 2058, 42.0000, 'cep238', '2025-12-31'),
(4421, 'T2022110101', '0000-00-00', '2022-09-30', 'SBD-000012', 'OBT-000241', 1200, 208.0000, 'cep241', '2025-12-31'),
(4422, 'T2022110101', '0000-00-00', '2022-09-30', 'SBD-000012', 'OBT-000242', 89, 4459.0000, 'cep242', '2025-12-31'),
(4398, 'T2022110101', '0000-00-00', '2022-09-30', 'SBD-000012', 'OBT-000269', 1860, 70.0000, 'cep269', '2025-12-31'),
(4404, 'T2022110101', '0000-00-00', '2022-09-30', 'SBD-000012', 'OBT-000328', 50, 4185.0000, 'cep328', '2025-12-31'),
(4423, 'T2022110102', '0000-00-00', '2022-09-30', 'SBD-000012', 'OBT-000194', 1000, 68.0000, 'cep194b', '2025-12-31'),
(4424, 'T2022110102', '0000-00-00', '2022-09-30', 'SBD-000012', 'OBT-000230', 400, 1113.7500, 'cep230b', '2025-12-31'),
(4479, 'T2022110103', '0000-00-00', '2022-09-30', 'SBD-000012', 'OBT-000074', 100, 77.0000, 'NGROTO104', '2024-01-01'),
(4480, 'T2022110103', '0000-00-00', '2022-09-30', 'SBD-000012', 'OBT-000083', 800, 132.0000, 'NGROTO105', '2024-01-01'),
(4425, 'T2022110103', '0000-00-00', '2022-09-30', 'SBD-000012', 'OBT-000085', 19, 6627.0000, 'NGROTO50', '2024-01-01'),
(4427, 'T2022110103', '0000-00-00', '2022-09-30', 'SBD-000012', 'OBT-000088', 2, 109000.0000, 'NGROTO52', '2024-01-01'),
(4428, 'T2022110103', '0000-00-00', '2022-09-30', 'SBD-000012', 'OBT-000091', 400, 54.0000, 'NGROTO53', '2024-01-01'),
(4429, 'T2022110103', '0000-00-00', '2022-09-30', 'SBD-000012', 'OBT-000093', 1, 26500.0000, 'NGROTO54', '2024-01-01'),
(4430, 'T2022110103', '0000-00-00', '2022-09-30', 'SBD-000012', 'OBT-000096', 200, 1815.0000, 'NGROTO55', '2024-01-01'),
(4431, 'T2022110103', '0000-00-00', '2022-09-30', 'SBD-000012', 'OBT-000099', 100, 5600.0000, 'NGROTO56', '2024-01-01'),
(4432, 'T2022110103', '0000-00-00', '2022-09-30', 'SBD-000012', 'OBT-000100', 100, 5668.4564, 'NGROTO57', '2024-01-01'),
(4433, 'T2022110103', '0000-00-00', '2022-09-30', 'SBD-000012', 'OBT-000102', 140, 148.0000, 'NGROTO58', '2024-01-01'),
(4434, 'T2022110103', '0000-00-00', '2022-09-30', 'SBD-000012', 'OBT-000103', 29, 2325.0000, 'NGROTO59', '2024-01-01'),
(4436, 'T2022110103', '0000-00-00', '2022-09-30', 'SBD-000012', 'OBT-000104', 4, 78310.0000, 'NGROTO61', '2024-01-01'),
(4438, 'T2022110103', '0000-00-00', '2022-09-30', 'SBD-000012', 'OBT-000105', 1100, 376.0000, 'NGROTO63', '2024-01-01'),
(4443, 'T2022110103', '0000-00-00', '2022-09-30', 'SBD-000012', 'OBT-000112', 50, 5995.0000, 'NGROTO68', '2024-01-01'),
(4444, 'T2022110103', '0000-00-00', '2022-09-30', 'SBD-000012', 'OBT-000114', 50, 5995.0000, 'NGROTO69', '2024-01-01'),
(4447, 'T2022110103', '0000-00-00', '2022-09-30', 'SBD-000012', 'OBT-000117', 2000, 60.0000, 'NGROTO72', '2024-01-01'),
(4448, 'T2022110103', '0000-00-00', '2022-09-30', 'SBD-000012', 'OBT-000118', 2, 26036.0000, 'NGROTO73', '2024-01-01'),
(4449, 'T2022110103', '0000-00-00', '2022-09-30', 'SBD-000012', 'OBT-000119', 650, 62.0000, 'NGROTO74', '2024-01-01'),
(4450, 'T2022110103', '0000-00-00', '2022-09-30', 'SBD-000012', 'OBT-000120', 1100, 132.0000, 'NGROTO75', '2024-01-01'),
(4451, 'T2022110103', '0000-00-00', '2022-09-30', 'SBD-000012', 'OBT-000124', 320, 625.0000, 'NGROTO76', '2024-01-01'),
(4452, 'T2022110103', '0000-00-00', '2022-09-30', 'SBD-000012', 'OBT-000128', 40, 3967.0000, 'NGROTO77', '2024-01-01'),
(4453, 'T2022110103', '0000-00-00', '2022-09-30', 'SBD-000012', 'OBT-000129', 900, 539.0000, 'NGROTO78', '2024-01-01'),
(4454, 'T2022110103', '0000-00-00', '2022-09-30', 'SBD-000012', 'OBT-000132', 100, 1185.0000, 'NGROTO79', '2024-01-01'),
(4456, 'T2022110103', '0000-00-00', '2022-09-30', 'SBD-000012', 'OBT-000136', 12310, 23.0000, 'NGROTO81', '2024-01-01'),
(4457, 'T2022110103', '0000-00-00', '2022-09-30', 'SBD-000012', 'OBT-000138', 600, 394.5500, 'NGROTO82', '2024-01-01'),
(4458, 'T2022110103', '0000-00-00', '2022-09-30', 'SBD-000012', 'OBT-000139', 265, 2190.0000, 'NGROTO83', '2024-01-01'),
(4461, 'T2022110103', '0000-00-00', '2022-09-30', 'SBD-000012', 'OBT-000145', 6, 803.0000, 'NGROTO86', '2024-01-01'),
(4462, 'T2022110103', '0000-00-00', '2022-09-30', 'SBD-000012', 'OBT-000146', 16, 3796.1000, 'NGROTO87', '2024-01-01'),
(4463, 'T2022110103', '0000-00-00', '2022-09-30', 'SBD-000012', 'OBT-000155', 1, 1.0000, 'NGROTO88', '2024-01-01'),
(4464, 'T2022110103', '0000-00-00', '2022-09-30', 'SBD-000012', 'OBT-000157', 6, 30595.0000, 'NGROTO89', '2024-01-01'),
(4465, 'T2022110103', '0000-00-00', '2022-09-30', 'SBD-000012', 'OBT-000158', 2700, 359.7000, 'NGROTO90', '2024-01-01'),
(4466, 'T2022110103', '0000-00-00', '2022-09-30', 'SBD-000012', 'OBT-000159', 800, 77.0000, 'NGROTO91', '2024-01-01'),
(4467, 'T2022110103', '0000-00-00', '2022-09-30', 'SBD-000012', 'OBT-000160', 500, 66.0000, 'NGROTO92', '2024-01-01'),
(4468, 'T2022110103', '0000-00-00', '2022-09-30', 'SBD-000012', 'OBT-000161', 370, 121.0000, 'NGROTO93', '2024-01-01'),
(4471, 'T2022110103', '0000-00-00', '2022-09-30', 'SBD-000012', 'OBT-000169', 40, 6800.0000, 'NGROTO96', '2024-01-01'),
(4470, 'T2022110103', '0000-00-00', '2022-09-30', 'SBD-000012', 'OBT-000170', 276, 99.0000, 'NGROTO95', '2024-01-01'),
(4472, 'T2022110103', '0000-00-00', '2022-09-30', 'SBD-000012', 'OBT-000171', 24, 7405.2000, 'NGROTO97', '2024-01-01'),
(4473, 'T2022110103', '0000-00-00', '2022-09-30', 'SBD-000012', 'OBT-000172', 12, 13877.5200, 'NGROTO98', '2024-01-01'),
(4476, 'T2022110103', '0000-00-00', '2022-09-30', 'SBD-000012', 'OBT-000176', 5, 27750.0000, 'NGROTO101', '2024-01-01'),
(4435, 'T2022110103', '0000-00-00', '2022-09-30', 'SBD-000012', 'OBT-000295', 300, 1050.0000, 'NGROTO60', '2024-01-01'),
(4437, 'T2022110103', '0000-00-00', '2022-09-30', 'SBD-000012', 'OBT-000298', 200, 212.0000, 'NGROTO62', '2024-01-01'),
(4439, 'T2022110103', '0000-00-00', '2022-09-30', 'SBD-000012', 'OBT-000299', 99, 3200.0000, 'NGROTO64', '2024-01-01'),
(4440, 'T2022110103', '0000-00-00', '2022-09-30', 'SBD-000012', 'OBT-000302', 197, 5790.0000, 'NGROTO65', '2024-01-01'),
(4455, 'T2022110103', '0000-00-00', '2022-09-30', 'SBD-000012', 'OBT-000307', 22, 9560.1300, 'NGROTO80', '2024-01-01'),
(4459, 'T2022110103', '0000-00-00', '2022-09-30', 'SBD-000012', 'OBT-000310', 90, 278.0000, 'NGROTO84', '2024-01-01'),
(4474, 'T2022110103', '0000-00-00', '2022-09-30', 'SBD-000012', 'OBT-000317', 300, 112.0000, 'NGROTO99', '2024-01-01'),
(4477, 'T2022110103', '0000-00-00', '2022-09-30', 'SBD-000012', 'OBT-000318', 8, 598.0000, 'NGROTO102', '2024-01-01'),
(4478, 'T2022110103', '0000-00-00', '2022-09-30', 'SBD-000012', 'OBT-000319', 15, 7700.0000, 'NGROTO103', '2024-01-01'),
(4442, 'T2022110103', '0000-00-00', '2022-09-30', 'SBD-000012', 'OBT-000344', 50, 7769.0000, 'NGROTO67', '2024-01-01'),
(4445, 'T2022110103', '0000-00-00', '2022-09-30', 'SBD-000012', 'OBT-000345', 100, 2556.0000, 'NGROTO70', '2024-01-01'),
(4475, 'T2022110103', '0000-00-00', '2022-09-30', 'SBD-000012', 'OBT-000348', 100, 550.0000, 'NGROTO100', '2024-01-01'),
(4446, 'T2022110103', '0000-00-00', '2022-09-30', 'SBD-000012', 'OBT-000365', 9, 5500.0000, 'NGROTO71', '2024-01-01'),
(4426, 'T2022110103', '0000-00-00', '2022-09-30', 'SBD-000012', 'OBT-000377', 100, 224.0000, 'NGROTO51', '2024-01-01'),
(4441, 'T2022110103', '0000-00-00', '2022-09-30', 'SBD-000012', 'OBT-000378', 90, 97.9000, 'NGROTO66', '2024-01-01'),
(4469, 'T2022110103', '0000-00-00', '2022-09-30', 'SBD-000012', 'OBT-000382', 9, 3414.0000, 'NGROTO94', '2024-01-01'),
(4460, 'T2022110103', '0000-00-00', '2022-09-30', 'SBD-000012', 'OBT-000408', 7, 172527.0000, 'NGROTO85', '2024-01-01'),
(4482, 'T2022110104', '0000-00-00', '2022-09-30', 'SBD-000012', 'OBT-000069', 22, 3300.0000, 'BNJR', '2024-01-01'),
(4481, 'T2022110104', '0000-00-00', '2022-09-30', 'SBD-000012', 'OBT-000208', 400, 377.0000, 'BNJR', '2024-01-01'),
(4483, 'T2022110105', '0000-00-00', '2022-09-30', 'SBD-000012', 'OBT-000043', 13, 5000.0000, 'cepxx', '2024-12-01'),
(4486, 'T2022120001', '0000-00-00', '2022-09-30', 'SBD-000012', 'OBT-000002', 558, 957.0000, 'mndenxx', '2024-12-01'),
(4487, 'T2022120001', '0000-00-00', '2022-09-30', 'SBD-000012', 'OBT-000003', 274, 693.0000, 'mndenxx', '2024-12-31'),
(4488, 'T2022120001', '0000-00-00', '2022-09-30', 'SBD-000012', 'OBT-000004', 300, 759.0000, 'mndenxx', '2024-12-01'),
(4490, 'T2022120001', '0000-00-00', '2022-09-30', 'SBD-000012', 'OBT-000009', 1800, 115.5000, 'mndenxx', '2024-12-01'),
(4491, 'T2022120001', '0000-00-00', '2022-09-30', 'SBD-000012', 'OBT-000010', 913, 335.0000, 'mndenxx', '2024-12-01'),
(4492, 'T2022120001', '0000-00-00', '2022-09-30', 'SBD-000012', 'OBT-000012', 100, 176.5900, 'mndenxx', '2024-12-31'),
(4493, 'T2022120001', '0000-00-00', '2022-09-30', 'SBD-000012', 'OBT-000013', 2000, 70.0000, 'mndenxx', '2024-12-31'),
(4494, 'T2022120001', '0000-00-00', '2022-09-30', 'SBD-000012', 'OBT-000014', 1000, 53.0000, 'mndenxx', '2024-12-31'),
(4496, 'T2022120001', '0000-00-00', '2022-09-30', 'SBD-000012', 'OBT-000015', 60, 3498.0000, 'mndenxx', '2024-12-01'),
(4497, 'T2022120001', '0000-00-00', '2022-09-30', 'SBD-000012', 'OBT-000016', 7230, 201.0000, 'mndenxx', '2024-12-31'),
(4498, 'T2022120001', '0000-00-00', '2022-09-30', 'SBD-000012', 'OBT-000018', 17, 1679.0000, 'mndenxx', '2024-12-31'),
(4499, 'T2022120001', '0000-00-00', '2022-09-30', 'SBD-000012', 'OBT-000019', 134, 58.0000, 'mndenxx', '2024-12-31'),
(4500, 'T2022120001', '0000-00-00', '2022-09-30', 'SBD-000012', 'OBT-000021', 9, 3250.0000, 'mndenxx', '2024-12-01'),
(4501, 'T2022120001', '0000-00-00', '2022-09-30', 'SBD-000012', 'OBT-000027', 4730, 111.0000, 'mndenxx', '2024-12-01'),
(4503, 'T2022120001', '0000-00-00', '2022-09-30', 'SBD-000012', 'OBT-000030', 27, 405.0000, 'mndenxx', '2025-12-01'),
(4504, 'T2022120001', '0000-00-00', '2022-09-30', 'SBD-000012', 'OBT-000031', 52, 3271.4000, 'mndenxx', '2024-12-31'),
(4505, 'T2022120001', '0000-00-00', '2022-09-30', 'SBD-000012', 'OBT-000032', 7, 1718.0000, 'mndenxx', '2024-12-31'),
(4506, 'T2022120001', '0000-00-00', '2022-09-30', 'SBD-000012', 'OBT-000034', 555, 451.0000, 'mndenxx', '2024-12-01'),
(4507, 'T2022120001', '0000-00-00', '2022-09-30', 'SBD-000012', 'OBT-000035', 86, 14957.0000, 'mndenxx', '2024-12-01'),
(4508, 'T2022120001', '0000-00-00', '2022-09-30', 'SBD-000012', 'OBT-000041', 100, 6130.0000, 'mndenxx', '2024-12-01'),
(4509, 'T2022120001', '0000-00-00', '2022-09-30', 'SBD-000012', 'OBT-000042', 36, 9125.0000, 'mndenxx', '2024-12-31'),
(4510, 'T2022120001', '0000-00-00', '2022-09-30', 'SBD-000012', 'OBT-000048', 1000, 248.0000, 'mndenxx', '2024-12-31'),
(4512, 'T2022120001', '0000-00-00', '2022-09-30', 'SBD-000012', 'OBT-000049', 6091, 34.0000, 'mndenxx', '2024-12-31'),
(4513, 'T2022120001', '0000-00-00', '2022-09-30', 'SBD-000012', 'OBT-000050', 15, 924.0000, 'mndenxx', '2024-12-31'),
(4514, 'T2022120001', '0000-00-00', '2022-09-30', 'SBD-000012', 'OBT-000051', 87, 108.0000, 'mndenxx', '2024-12-31'),
(4515, 'T2022120001', '0000-00-00', '2022-09-30', 'SBD-000012', 'OBT-000052', 9, 1735.0000, 'mndenxx', '2025-12-01'),
(4516, 'T2022120001', '0000-00-00', '2022-09-30', 'SBD-000012', 'OBT-000054', 6, 12573.0000, 'mndenxx', '2025-12-01'),
(4518, 'T2022120001', '0000-00-00', '2022-09-30', 'SBD-000012', 'OBT-000055', 990, 114.4000, 'mndenxx', '2025-12-01'),
(4519, 'T2022120001', '0000-00-00', '2022-09-30', 'SBD-000012', 'OBT-000056', 1900, 108.0000, 'mndenxx', '2024-12-31'),
(4522, 'T2022120001', '0000-00-00', '2022-09-30', 'SBD-000012', 'OBT-000060', 3, 126500.0000, 'mndenxx', '2024-12-31'),
(4523, 'T2022120001', '0000-00-00', '2022-09-30', 'SBD-000012', 'OBT-000068', 1500, 170.9900, 'mndenxx', '2024-12-01'),
(4524, 'T2022120001', '0000-00-00', '2022-09-30', 'SBD-000012', 'OBT-000069', 48, 3300.0000, 'mndenxx', '2024-12-31'),
(4525, 'T2022120001', '0000-00-00', '2022-09-30', 'SBD-000012', 'OBT-000070', 90, 1386.0000, 'mndenxx', '2024-12-31'),
(4526, 'T2022120001', '0000-00-00', '2022-09-30', 'SBD-000012', 'OBT-000072', 20, 10340.0000, 'mndenxx', '2024-12-31'),
(4527, 'T2022120001', '0000-00-00', '2022-09-30', 'SBD-000012', 'OBT-000073', 20, 10890.0000, 'mndenxx', '2024-12-31'),
(4528, 'T2022120001', '0000-00-00', '2022-09-30', 'SBD-000012', 'OBT-000074', 600, 219.4800, 'mndenxx', '2024-12-31'),
(4529, 'T2022120001', '0000-00-00', '2022-09-30', 'SBD-000012', 'OBT-000075', 197, 257.0000, 'mndenxx', '2024-12-01'),
(4531, 'T2022120001', '0000-00-00', '2022-09-30', 'SBD-000012', 'OBT-000077', 10, 3355.0000, 'mndenxx', '2024-12-31'),
(4532, 'T2022120001', '0000-00-00', '2022-09-30', 'SBD-000012', 'OBT-000078', 1, 3850.0000, 'mndenxx', '2024-12-01'),
(4533, 'T2022120001', '0000-00-00', '2022-09-30', 'SBD-000012', 'OBT-000083', 3056, 132.0000, 'mndenxx', '2024-12-31'),
(4534, 'T2022120001', '0000-00-00', '2022-09-30', 'SBD-000012', 'OBT-000085', 257, 6627.0000, 'mndenxx', '2024-12-31'),
(4535, 'T2022120001', '0000-00-00', '2022-09-30', 'SBD-000012', 'OBT-000090', 1570, 54.0000, 'mndenxx', '2024-12-01'),
(4537, 'T2022120001', '0000-00-00', '2022-09-30', 'SBD-000012', 'OBT-000105', 2000, 369.0000, 'mndenxx', '2024-12-01'),
(4539, 'T2022120001', '0000-00-00', '2022-09-30', 'SBD-000012', 'OBT-000108', 216, 5790.0000, 'mndenxx', '2024-12-31'),
(4540, 'T2022120001', '0000-00-00', '2022-09-30', 'SBD-000012', 'OBT-000109', 975, 86.0000, 'mndenxx', '2025-12-01'),
(4543, 'T2022120001', '0000-00-00', '2022-09-30', 'SBD-000012', 'OBT-000110', 380, 5995.0000, 'mndenxx', '2024-12-31'),
(4541, 'T2022120001', '0000-00-00', '2022-09-30', 'SBD-000012', 'OBT-000113', 120, 7769.0000, 'mndenxx', '2024-12-31'),
(4542, 'T2022120001', '0000-00-00', '2022-09-30', 'SBD-000012', 'OBT-000115', 75, 7694.0000, 'mndenxx', '2025-12-01'),
(4544, 'T2022120001', '0000-00-00', '2022-09-30', 'SBD-000012', 'OBT-000116', 24, 5775.0000, 'mndenxx', '2024-12-31'),
(4545, 'T2022120001', '0000-00-00', '2022-09-30', 'SBD-000012', 'OBT-000117', 11305, 60.0000, 'mndenxx', '2024-12-31'),
(4546, 'T2022120001', '0000-00-00', '2022-09-30', 'SBD-000012', 'OBT-000119', 390, 65.0000, 'mndenxx', '2024-12-01'),
(4547, 'T2022120001', '0000-00-00', '2022-09-30', 'SBD-000012', 'OBT-000120', 3000, 75.0000, 'mndenxx', '2024-12-31'),
(4548, 'T2022120001', '0000-00-00', '2022-09-30', 'SBD-000012', 'OBT-000125', 30, 7700.0000, 'mndenxx', '2025-12-01'),
(4549, 'T2022120001', '0000-00-00', '2022-09-30', 'SBD-000012', 'OBT-000129', 375, 252.0000, 'mndenxx', '2024-12-31'),
(4551, 'T2022120001', '0000-00-00', '2022-09-30', 'SBD-000012', 'OBT-000132', 175, 1185.0000, 'mndenxx', '2024-12-31'),
(4553, 'T2022120001', '0000-00-00', '2022-09-30', 'SBD-000012', 'OBT-000135', 16, 7700.0000, 'mndenxx', '2024-12-31'),
(4554, 'T2022120001', '0000-00-00', '2022-09-30', 'SBD-000012', 'OBT-000136', 20314, 23.0000, 'mndenxx', '2024-12-31'),
(4555, 'T2022120001', '0000-00-00', '2022-09-30', 'SBD-000012', 'OBT-000138', 1000, 394.5500, 'mndenxx', '2024-12-01'),
(4557, 'T2022120001', '0000-00-00', '2022-09-30', 'SBD-000012', 'OBT-000139', 269, 2190.0000, 'mndenxx', '2024-12-31'),
(4556, 'T2022120001', '0000-00-00', '2022-09-30', 'SBD-000012', 'OBT-000141', 1930, 133.0000, 'mndenxx', '2025-12-01'),
(4558, 'T2022120001', '0000-00-00', '2022-09-30', 'SBD-000012', 'OBT-000144', 240, 803.0000, 'mndenxx', '2025-12-01'),
(4559, 'T2022120001', '0000-00-00', '2022-09-30', 'SBD-000012', 'OBT-000158', 7295, 359.7000, 'mndenxx', '2024-12-31'),
(4560, 'T2022120001', '0000-00-00', '2022-09-30', 'SBD-000012', 'OBT-000159', 2124, 350.0000, 'mndenxx', '2024-12-31'),
(4562, 'T2022120001', '0000-00-00', '2022-09-30', 'SBD-000012', 'OBT-000161', 1000, 117.0000, 'mndenxx', '2025-12-01'),
(4564, 'T2022120001', '0000-00-00', '2022-09-30', 'SBD-000012', 'OBT-000169', 139, 6800.0000, 'mndenxx', '2024-12-31'),
(4565, 'T2022120001', '0000-00-00', '2022-09-30', 'SBD-000012', 'OBT-000170', 995, 440.0000, 'mndenxx', '2024-12-01'),
(4566, 'T2022120001', '0000-00-00', '2022-09-30', 'SBD-000012', 'OBT-000171', 34, 7405.0000, 'mndenxx', '2024-12-31'),
(4567, 'T2022120001', '0000-00-00', '2022-09-30', 'SBD-000012', 'OBT-000173', 930, 235.6600, 'mndenxx', '2024-12-31'),
(4568, 'T2022120001', '0000-00-00', '2022-09-30', 'SBD-000012', 'OBT-000180', 50, 3500.0000, 'mndenxx', '2024-12-01'),
(4569, 'T2022120001', '0000-00-00', '2022-09-30', 'SBD-000012', 'OBT-000181', 300, 1126.0000, 'mndenxx', '2024-12-31'),
(4571, 'T2022120001', '0000-00-00', '2022-09-30', 'SBD-000012', 'OBT-000183', 86, 4976.0000, 'mndenxx', '2024-12-31'),
(4572, 'T2022120001', '0000-00-00', '2022-09-30', 'SBD-000012', 'OBT-000184', 192, 1181.0000, 'mndenxx', '2025-12-01'),
(4573, 'T2022120001', '0000-00-00', '2022-09-30', 'SBD-000012', 'OBT-000186', 2000, 67.0000, 'mndenxx', '2024-12-31'),
(4574, 'T2022120001', '0000-00-00', '2022-09-30', 'SBD-000012', 'OBT-000188', 18, 12675.0000, 'mndenxx', '2025-12-01'),
(4575, 'T2022120001', '0000-00-00', '2022-09-30', 'SBD-000012', 'OBT-000194', 1367, 119.7000, 'mndenxx', '2024-12-31'),
(4576, 'T2022120001', '0000-00-00', '2022-09-30', 'SBD-000012', 'OBT-000197', 1762, 85.0000, 'mndenxx', '2024-12-31'),
(4577, 'T2022120001', '0000-00-00', '2022-09-30', 'SBD-000012', 'OBT-000207', 409, 7150.0000, 'mndenxx', '2024-12-01'),
(4578, 'T2022120001', '0000-00-00', '2022-09-30', 'SBD-000012', 'OBT-000215', 2, 517132.0000, 'mndenxx', '2025-12-01'),
(4579, 'T2022120001', '0000-00-00', '2022-09-30', 'SBD-000012', 'OBT-000216', 2, 130999.0000, 'mndenxx', '2024-12-31'),
(4580, 'T2022120001', '0000-00-00', '2022-09-30', 'SBD-000012', 'OBT-000222', 150, 1763.0000, 'mndenxx', '2024-12-31'),
(4581, 'T2022120001', '0000-00-00', '2022-09-30', 'SBD-000012', 'OBT-000227', 5650, 226.0000, 'mndenxx', '2024-12-31'),
(4582, 'T2022120001', '0000-00-00', '2022-09-30', 'SBD-000012', 'OBT-000229', 2000, 156.2000, 'mndenxx', '2024-12-31'),
(4583, 'T2022120001', '0000-00-00', '2022-09-30', 'SBD-000012', 'OBT-000231', 100, 17595.0000, 'mndenxx', '2025-12-01'),
(4584, 'T2022120001', '0000-00-00', '2022-09-30', 'SBD-000012', 'OBT-000233', 810, 63.0000, 'mndenxx', '2024-12-31'),
(4586, 'T2022120001', '0000-00-00', '2022-09-30', 'SBD-000012', 'OBT-000238', 2000, 42.0000, 'mndenxx', '2025-12-01'),
(4587, 'T2022120001', '0000-00-00', '2022-09-30', 'SBD-000012', 'OBT-000241', 1062, 208.0000, 'mndenxx', '2025-12-01'),
(4570, 'T2022120001', '0000-00-00', '2022-09-30', 'SBD-000012', 'OBT-000267', 2000, 99.0000, 'mndenxx', '2024-12-31'),
(4489, 'T2022120001', '0000-00-00', '2022-09-30', 'SBD-000012', 'OBT-000277', 1100, 105.0000, 'mndenxx', '2025-12-01'),
(4511, 'T2022120001', '0000-00-00', '2022-09-30', 'SBD-000012', 'OBT-000282', 8, 5520.0000, 'mndenxx', '2024-12-01'),
(4530, 'T2022120001', '0000-00-00', '2022-09-30', 'SBD-000012', 'OBT-000290', 30, 2675.0000, 'mndenxx', '2025-12-01'),
(4536, 'T2022120001', '0000-00-00', '2022-09-30', 'SBD-000012', 'OBT-000298', 328, 212.0000, 'mndenxx', '2024-12-31'),
(4538, 'T2022120001', '0000-00-00', '2022-09-30', 'SBD-000012', 'OBT-000301', 70, 3500.0000, 'mndenxx', '2024-12-31'),
(4550, 'T2022120001', '0000-00-00', '2022-09-30', 'SBD-000012', 'OBT-000306', 13, 1998.0000, 'mndenxx', '2024-12-31'),
(4563, 'T2022120001', '0000-00-00', '2022-09-30', 'SBD-000012', 'OBT-000313', 130, 124.0000, 'mndenxx', '2025-12-01'),
(4502, 'T2022120001', '0000-00-00', '2022-09-30', 'SBD-000012', 'OBT-000334', 200, 2028.3100, 'mndenxx', '2024-12-31'),
(4520, 'T2022120001', '0000-00-00', '2022-09-30', 'SBD-000012', 'OBT-000337', 46, 19701.0000, 'mndenxx', '2024-12-31'),
(4521, 'T2022120001', '0000-00-00', '2022-09-30', 'SBD-000012', 'OBT-000338', 72, 24079.0000, 'mndenxx', '2024-12-31'),
(4552, 'T2022120001', '0000-00-00', '2022-09-30', 'SBD-000012', 'OBT-000346', 14, 3266.0000, 'mndenxx', '2024-12-01'),
(4585, 'T2022120001', '0000-00-00', '2022-09-30', 'SBD-000012', 'OBT-000355', 530, 71.5000, 'mndenxx', '2024-12-31'),
(4495, 'T2022120001', '0000-00-00', '2022-09-30', 'SBD-000012', 'OBT-000371', 134, 2050.4000, 'mndenxx', '2024-12-31'),
(4517, 'T2022120001', '0000-00-00', '2022-09-30', 'SBD-000012', 'OBT-000388', 55, 1095.0000, 'mndenxx', '2024-12-31'),
(4561, 'T2022120001', '0000-00-00', '2022-09-30', 'SBD-000012', 'OBT-000393', 20, 10800.0000, 'mndenxx', '2024-12-01'),
(4588, 'T2022120002', '0000-00-00', '2022-09-30', 'SBD-000012', 'OBT-000004', 74, 661.0000, 'mndnxx', '2024-12-31'),
(4589, 'T2022120002', '0000-00-00', '2022-09-30', 'SBD-000012', 'OBT-000010', 407, 95.0000, 'mndnxx', '2024-12-01'),
(4590, 'T2022120002', '0000-00-00', '2022-09-30', 'SBD-000012', 'OBT-000013', 540, 152.0700, 'mndnxx', '2024-12-31'),
(4591, 'T2022120002', '0000-00-00', '2022-09-30', 'SBD-000012', 'OBT-000016', 2426, 249.0000, 'mndnxx', '2024-12-31'),
(4592, 'T2022120002', '0000-00-00', '2022-09-30', 'SBD-000012', 'OBT-000019', 6000, 54.0000, 'mndnxx', '2024-12-31'),
(4597, 'T2022120002', '0000-00-00', '2022-09-30', 'SBD-000012', 'OBT-000048', 152, 511.5000, 'mndnxx', '2024-12-01'),
(4593, 'T2022120002', '0000-00-00', '2022-09-30', 'SBD-000012', 'OBT-000074', 100, 82.0000, 'mndnxx', '2024-12-31'),
(4594, 'T2022120002', '0000-00-00', '2022-09-30', 'SBD-000012', 'OBT-000078', 48, 4218.0000, 'mndnxx', '2024-12-01'),
(4596, 'T2022120002', '0000-00-00', '2022-09-30', 'SBD-000012', 'OBT-000186', 340, 123.0000, 'mndnxx', '2024-12-31'),
(4595, 'T2022120002', '0000-00-00', '2022-09-30', 'SBD-000012', 'OBT-000301', 43, 3597.0000, 'mndnxx', '2024-12-31'),
(4619, 'T2022120003', '0000-00-00', '2022-09-30', 'SBD-000012', 'OBT-000048', 1600, 511.5000, 'NGROTO127', '2024-01-01'),
(4598, 'T2022120003', '0000-00-00', '2022-09-30', 'SBD-000012', 'OBT-000181', 180, 1126.0000, 'NGROTO106', '2024-01-01'),
(4600, 'T2022120003', '0000-00-00', '2022-09-30', 'SBD-000012', 'OBT-000183', 12, 4976.0000, 'NGROTO108', '2024-01-01'),
(4601, 'T2022120003', '0000-00-00', '2022-09-30', 'SBD-000012', 'OBT-000184', 25, 1107.0000, 'NGROTO109', '2024-01-01'),
(4603, 'T2022120003', '0000-00-00', '2022-09-30', 'SBD-000012', 'OBT-000186', 1800, 67.0000, 'NGROTO111', '2024-01-01'),
(4604, 'T2022120003', '0000-00-00', '2022-09-30', 'SBD-000012', 'OBT-000190', 200, 5890.0000, 'NGROTO112', '2024-01-01'),
(4605, 'T2022120003', '0000-00-00', '2022-09-30', 'SBD-000012', 'OBT-000194', 950, 68.0000, 'NGROTO113', '2024-01-01'),
(4606, 'T2022120003', '0000-00-00', '2022-09-30', 'SBD-000012', 'OBT-000195', 100, 56.0000, 'NGROTO114', '2024-01-01'),
(4608, 'T2022120003', '0000-00-00', '2022-09-30', 'SBD-000012', 'OBT-000197', 1850, 85.0000, 'NGROTO116', '2024-01-01'),
(4609, 'T2022120003', '0000-00-00', '2022-09-30', 'SBD-000012', 'OBT-000199', 50, 14340.0000, 'NGROTO117', '2024-01-01'),
(4610, 'T2022120003', '0000-00-00', '2022-09-30', 'SBD-000012', 'OBT-000204', 100, 9850.0000, 'NGROTO118', '2024-01-01'),
(4611, 'T2022120003', '0000-00-00', '2022-09-30', 'SBD-000012', 'OBT-000205', 50, 20400.0000, 'NGROTO119', '2024-01-01'),
(4612, 'T2022120003', '0000-00-00', '2022-09-30', 'SBD-000012', 'OBT-000207', 16, 7150.0000, 'NGROTO120', '2024-01-01'),
(4613, 'T2022120003', '0000-00-00', '2022-09-30', 'SBD-000012', 'OBT-000208', 610, 123.0000, 'NGROTO121', '2024-01-01'),
(4614, 'T2022120003', '0000-00-00', '2022-09-30', 'SBD-000012', 'OBT-000209', 866, 70.0000, 'NGROTO122', '2024-01-01'),
(4615, 'T2022120003', '0000-00-00', '2022-09-30', 'SBD-000012', 'OBT-000211', 27, 1410.0000, 'NGROTO123', '2024-01-01'),
(4616, 'T2022120003', '0000-00-00', '2022-09-30', 'SBD-000012', 'OBT-000212', 100, 920.0000, 'NGROTO124', '2024-01-01'),
(4617, 'T2022120003', '0000-00-00', '2022-09-30', 'SBD-000012', 'OBT-000217', 100, 43.0000, 'NGROTO125', '2024-01-01'),
(4618, 'T2022120003', '0000-00-00', '2022-09-30', 'SBD-000012', 'OBT-000220', 500, 68.0000, 'NGROTO126', '2024-01-01'),
(4620, 'T2022120003', '0000-00-00', '2022-09-30', 'SBD-000012', 'OBT-000227', 10750, 226.0000, 'NGROTO129', '2024-01-01'),
(4621, 'T2022120003', '0000-00-00', '2022-09-30', 'SBD-000012', 'OBT-000228', 1700, 893.0000, 'NGROTO130', '2024-01-01'),
(4622, 'T2022120003', '0000-00-00', '2022-09-30', 'SBD-000012', 'OBT-000229', 2570, 156.2000, 'NGROTO131', '2024-01-01'),
(4623, 'T2022120003', '0000-00-00', '2022-09-30', 'SBD-000012', 'OBT-000230', 100, 1113.7500, 'NGROTO132', '2024-01-01'),
(4624, 'T2022120003', '0000-00-00', '2022-09-30', 'SBD-000012', 'OBT-000231', 47, 17595.0000, 'NGROTO133', '2024-01-01'),
(4625, 'T2022120003', '0000-00-00', '2022-09-30', 'SBD-000012', 'OBT-000235', 44, 5500.0000, 'NGROTO134', '2024-01-01'),
(4626, 'T2022120003', '0000-00-00', '2022-09-30', 'SBD-000012', 'OBT-000236', 20, 5700.0000, 'NGROTO135', '2024-01-01'),
(4627, 'T2022120003', '0000-00-00', '2022-09-30', 'SBD-000012', 'OBT-000238', 1100, 42.0000, 'NGROTO136', '2024-01-01'),
(4599, 'T2022120003', '0000-00-00', '2022-09-30', 'SBD-000012', 'OBT-000267', 400, 175.0000, 'NGROTO107', '2024-01-01'),
(4602, 'T2022120003', '0000-00-00', '2022-09-30', 'SBD-000012', 'OBT-000350', 5, 4200.0000, 'NGROTO110', '2024-01-01'),
(4607, 'T2022120003', '0000-00-00', '2022-09-30', 'SBD-000012', 'OBT-000352', 100, 79.0000, 'NGROTO115', '2024-01-01'),
(4628, 'T2022120004', '0000-00-00', '2022-09-30', 'SBD-000012', 'OBT-000187', 500, 146.3200, 'NGROTO140', '2024-01-01'),
(4629, 'T2022120004', '0000-00-00', '2022-09-30', 'SBD-000012', 'OBT-000212', 2, 2200.0000, 'NGROTO141', '2024-01-01'),
(4630, 'T2022120004', '0000-00-00', '2022-09-30', 'SBD-000012', 'OBT-000233', 600, 63.0000, 'NGROTO142', '2024-01-01'),
(4631, 'T2022120005', '0000-00-00', '2022-09-30', 'SBD-000012', 'OBT-000001', 100, 1287.0000, 'MDNG01', '2024-01-01'),
(4632, 'T2022120005', '0000-00-00', '2022-09-30', 'SBD-000012', 'OBT-000002', 175, 924.1500, 'MDNG02', '2024-01-01'),
(4633, 'T2022120005', '0000-00-00', '2022-09-30', 'SBD-000012', 'OBT-000003', 100, 880.0000, 'MDNG03', '2024-01-01'),
(4634, 'T2022120005', '0000-00-00', '2022-09-30', 'SBD-000012', 'OBT-000004', 100, 661.0000, 'MDNG04', '2024-01-01'),
(4636, 'T2022120005', '0000-00-00', '2022-09-30', 'SBD-000012', 'OBT-000006', 800, 120.0000, 'MDNG06', '2024-01-01'),
(4637, 'T2022120005', '0000-00-00', '2022-09-30', 'SBD-000012', 'OBT-000007', 685, 550.0000, 'MDNG07', '2024-01-01'),
(4639, 'T2022120005', '0000-00-00', '2022-09-30', 'SBD-000012', 'OBT-000009', 500, 114.3300, 'MDNG09', '2024-01-01'),
(4640, 'T2022120005', '0000-00-00', '2022-09-30', 'SBD-000012', 'OBT-000012', 100, 176.5900, 'MDNG10', '2024-01-01'),
(4641, 'T2022120005', '0000-00-00', '2022-09-30', 'SBD-000012', 'OBT-000013', 942, 152.0700, 'MDNG11', '2024-01-01'),
(4642, 'T2022120005', '0000-00-00', '2022-09-30', 'SBD-000012', 'OBT-000014', 1495, 128.7600, 'MDNG12', '2024-01-01'),
(4643, 'T2022120005', '0000-00-00', '2022-09-30', 'SBD-000012', 'OBT-000015', 27, 3498.0000, 'MDNG13', '2024-01-01'),
(4644, 'T2022120005', '0000-00-00', '2022-09-30', 'SBD-000012', 'OBT-000016', 2846, 201.0000, 'MDNG14', '2024-01-01'),
(4645, 'T2022120005', '0000-00-00', '2022-09-30', 'SBD-000012', 'OBT-000018', 30, 1679.0000, 'MDNG15', '2024-01-01'),
(4646, 'T2022120005', '0000-00-00', '2022-09-30', 'SBD-000012', 'OBT-000019', 18002, 58.0000, 'MDNG16', '2024-01-01'),
(4647, 'T2022120005', '0000-00-00', '2022-09-30', 'SBD-000012', 'OBT-000021', 25, 3250.0000, 'MDNG17', '2024-01-01'),
(4648, 'T2022120005', '0000-00-00', '2022-09-30', 'SBD-000012', 'OBT-000022', 485, 185.0000, 'MDNG18', '2024-01-01'),
(4649, 'T2022120005', '0000-00-00', '2022-09-30', 'SBD-000012', 'OBT-000023', 15, 8047.5000, 'MDNG19', '2024-01-01'),
(4650, 'T2022120005', '0000-00-00', '2022-09-30', 'SBD-000012', 'OBT-000025', 600, 42.0000, 'MDNG20', '2024-01-01'),
(4651, 'T2022120005', '0000-00-00', '2022-09-30', 'SBD-000012', 'OBT-000027', 1210, 111.0000, 'MDNG21', '2024-01-01'),
(4652, 'T2022120005', '0000-00-00', '2022-09-30', 'SBD-000012', 'OBT-000028', 790, 89.1000, 'MDNG22', '2024-01-01'),
(4653, 'T2022120005', '0000-00-00', '2022-09-30', 'SBD-000012', 'OBT-000029', 1170, 105.0000, 'MDNG23', '2024-01-01'),
(4654, 'T2022120005', '0000-00-00', '2022-09-30', 'SBD-000012', 'OBT-000031', 29, 5500.0000, 'MDNG24', '2024-01-01'),
(4656, 'T2022120005', '0000-00-00', '2022-09-30', 'SBD-000012', 'OBT-000034', 834, 88.0000, 'MDNG26', '2024-01-01'),
(4657, 'T2022120005', '0000-00-00', '2022-09-30', 'SBD-000012', 'OBT-000035', 12, 14957.0000, 'MDNG27', '2024-01-01'),
(4658, 'T2022120005', '0000-00-00', '2022-09-30', 'SBD-000012', 'OBT-000036', 16, 4279.8100, 'MDNG28', '2024-01-01'),
(4659, 'T2022120005', '0000-00-00', '2022-09-30', 'SBD-000012', 'OBT-000039', 40, 5100.0000, 'MDNG29', '2024-01-01'),
(4660, 'T2022120005', '0000-00-00', '2022-09-30', 'SBD-000012', 'OBT-000040', 1, 5500.0000, 'MDNG30', '2024-01-01'),
(4661, 'T2022120005', '0000-00-00', '2022-09-30', 'SBD-000012', 'OBT-000041', 25, 6130.0000, 'MDNG31', '2024-01-01'),
(4635, 'T2022120005', '0000-00-00', '2022-09-30', 'SBD-000012', 'OBT-000275', 3, 320.1000, 'MDNG05', '2024-01-01'),
(4638, 'T2022120005', '0000-00-00', '2022-09-30', 'SBD-000012', 'OBT-000278', 224, 115.5000, 'MDNG08', '2024-01-01'),
(4655, 'T2022120005', '0000-00-00', '2022-09-30', 'SBD-000012', 'OBT-000373', 10, 1718.0000, 'MDNG25', '2024-01-01'),
(4663, 'T2022120006', '0000-00-00', '2022-09-30', 'SBD-000012', 'OBT-000019', 7413, 58.0000, 'gon19b', '2025-12-31'),
(4662, 'T2022120006', '0000-00-00', '2022-09-30', 'SBD-000012', 'OBT-000171', 12, 7405.0000, 'gon171b', '2025-12-31'),
(4664, 'T2022120007', '0000-00-00', '2022-09-30', 'SBD-000012', 'OBT-000042', 12, 9125.0000, 'MDNG35', '2024-01-01'),
(4666, 'T2022120007', '0000-00-00', '2022-09-30', 'SBD-000012', 'OBT-000043', 51, 8193.2731, 'MDNG37', '2024-01-01'),
(4665, 'T2022120007', '0000-00-00', '2022-09-30', 'SBD-000012', 'OBT-000045', 48, 8625.0000, 'MDNG36', '2024-01-01'),
(4667, 'T2022120007', '0000-00-00', '2022-09-30', 'SBD-000012', 'OBT-000048', 371, 248.0000, 'MDNG38', '2024-01-01'),
(4668, 'T2022120007', '0000-00-00', '2022-09-30', 'SBD-000012', 'OBT-000049', 3234, 34.0000, 'MDNG39', '2024-01-01'),
(4669, 'T2022120007', '0000-00-00', '2022-09-30', 'SBD-000012', 'OBT-000050', 30, 924.0000, 'MDNG40', '2024-01-01'),
(4670, 'T2022120007', '0000-00-00', '2022-09-30', 'SBD-000012', 'OBT-000051', 472, 108.0000, 'MDNG41', '2024-01-01'),
(4671, 'T2022120007', '0000-00-00', '2022-09-30', 'SBD-000012', 'OBT-000052', 10, 1545.0000, 'MDNG42', '2024-01-01'),
(4672, 'T2022120007', '0000-00-00', '2022-09-30', 'SBD-000012', 'OBT-000054', 5, 12573.0000, 'MDNG43', '2024-01-01'),
(4674, 'T2022120007', '0000-00-00', '2022-09-30', 'SBD-000012', 'OBT-000055', 336, 114.4000, 'MDNG45', '2024-01-01'),
(4675, 'T2022120007', '0000-00-00', '2022-09-30', 'SBD-000012', 'OBT-000056', 990, 108.0000, 'MDNG46', '2024-01-01'),
(4677, 'T2022120007', '0000-00-00', '2022-09-30', 'SBD-000012', 'OBT-000057', 10, 1515.0000, 'MDNG48', '2024-01-01'),
(4678, 'T2022120007', '0000-00-00', '2022-09-30', 'SBD-000012', 'OBT-000058', 17, 2790.0000, 'MDNG49', '2024-01-01'),
(4679, 'T2022120007', '0000-00-00', '2022-09-30', 'SBD-000012', 'OBT-000062', 9, 359985.0000, 'MDNG50', '2024-01-01'),
(4680, 'T2022120007', '0000-00-00', '2022-09-30', 'SBD-000012', 'OBT-000069', 23, 3300.0000, 'MDNG51', '2024-01-01'),
(4682, 'T2022120007', '0000-00-00', '2022-09-30', 'SBD-000012', 'OBT-000070', 60, 1386.0000, 'MDNG53', '2024-01-01'),
(4683, 'T2022120007', '0000-00-00', '2022-09-30', 'SBD-000012', 'OBT-000071', 22, 63500.0000, 'MDNG54', '2024-01-01'),
(4712, 'T2022120007', '0000-00-00', '2022-09-30', 'SBD-000012', 'OBT-000072', 7, 10340.0000, 'MDNG82', '2024-01-01'),
(4684, 'T2022120007', '0000-00-00', '2022-09-30', 'SBD-000012', 'OBT-000074', 484, 219.4800, 'MDNG55', '2024-01-01'),
(4685, 'T2022120007', '0000-00-00', '2022-09-30', 'SBD-000012', 'OBT-000075', 85, 257.0000, 'MDNG56', '2024-01-01'),
(4686, 'T2022120007', '0000-00-00', '2022-09-30', 'SBD-000012', 'OBT-000080', 190, 119.0000, 'MDNG57', '2024-01-01'),
(4687, 'T2022120007', '0000-00-00', '2022-09-30', 'SBD-000012', 'OBT-000081', 2005, 371.8000, 'MDNG58', '2024-01-01'),
(4688, 'T2022120007', '0000-00-00', '2022-09-30', 'SBD-000012', 'OBT-000082', 595, 123.0000, 'MDNG59', '2024-01-01'),
(4689, 'T2022120007', '0000-00-00', '2022-09-30', 'SBD-000012', 'OBT-000083', 3579, 89.1000, 'MDNG60', '2024-01-01'),
(4690, 'T2022120007', '0000-00-00', '2022-09-30', 'SBD-000012', 'OBT-000085', 20, 6627.0000, 'MDNG61', '2024-01-01'),
(4691, 'T2022120007', '0000-00-00', '2022-09-30', 'SBD-000012', 'OBT-000089', 1000, 51.0000, 'MDNG62', '2024-01-01'),
(4692, 'T2022120007', '0000-00-00', '2022-09-30', 'SBD-000012', 'OBT-000090', 4540, 54.0000, 'MDNG63', '2024-01-01'),
(4693, 'T2022120007', '0000-00-00', '2022-09-30', 'SBD-000012', 'OBT-000098', 100, 1815.0000, 'MDNG64', '2024-01-01'),
(4694, 'T2022120007', '0000-00-00', '2022-09-30', 'SBD-000012', 'OBT-000100', 64, 5668.4564, 'MDNG65', '2024-01-01'),
(4695, 'T2022120007', '0000-00-00', '2022-09-30', 'SBD-000012', 'OBT-000103', 90, 2325.0000, 'MDNG66', '2024-01-01'),
(4697, 'T2022120007', '0000-00-00', '2022-09-30', 'SBD-000012', 'OBT-000104', 3, 78310.0000, 'MDNG68', '2024-01-01'),
(4698, 'T2022120007', '0000-00-00', '2022-09-30', 'SBD-000012', 'OBT-000105', 183, 376.0000, 'MDNG69', '2024-01-01'),
(4699, 'T2022120007', '0000-00-00', '2022-09-30', 'SBD-000012', 'OBT-000107', 11, 7063.6400, 'MDNG70', '2024-01-01'),
(4705, 'T2022120007', '0000-00-00', '2022-09-30', 'SBD-000012', 'OBT-000112', 94, 5995.0000, 'MDNG76', '2024-01-01'),
(4706, 'T2022120007', '0000-00-00', '2022-09-30', 'SBD-000012', 'OBT-000114', 45, 5995.0000, 'MDNG77', '2024-01-01'),
(4707, 'T2022120007', '0000-00-00', '2022-09-30', 'SBD-000012', 'OBT-000115', 50, 4861.0000, 'MDNG78', '2024-01-01'),
(4710, 'T2022120007', '0000-00-00', '2022-09-30', 'SBD-000012', 'OBT-000116', 12, 5775.0000, 'MDNG80', '2024-01-01'),
(4711, 'T2022120007', '0000-00-00', '2022-09-30', 'SBD-000012', 'OBT-000117', 2500, 60.0000, 'MDNG81', '2024-01-01'),
(4713, 'T2022120007', '0000-00-00', '2022-09-30', 'SBD-000012', 'OBT-000119', 2116, 65.0000, 'MDNG83', '2024-01-01'),
(4714, 'T2022120007', '0000-00-00', '2022-09-30', 'SBD-000012', 'OBT-000120', 2308, 75.0000, 'MDNG84', '2024-01-01'),
(4715, 'T2022120007', '0000-00-00', '2022-09-30', 'SBD-000012', 'OBT-000123', 107, 440.6250, 'MDNG85', '2024-01-01'),
(4716, 'T2022120007', '0000-00-00', '2022-09-30', 'SBD-000012', 'OBT-000126', 5, 759.0000, 'MDNG86', '2024-01-01'),
(4717, 'T2022120007', '0000-00-00', '2022-09-30', 'SBD-000012', 'OBT-000128', 100, 3967.0000, 'MDNG87', '2024-01-01'),
(4718, 'T2022120007', '0000-00-00', '2022-09-30', 'SBD-000012', 'OBT-000129', 160, 394.0000, 'MDNG88', '2024-01-01'),
(4719, 'T2022120007', '0000-00-00', '2022-09-30', 'SBD-000012', 'OBT-000130', 11, 2349.0000, 'MDNG89', '2024-01-01'),
(4721, 'T2022120007', '0000-00-00', '2022-09-30', 'SBD-000012', 'OBT-000132', 190, 1185.0000, 'MDNG91', '2024-01-01'),
(4722, 'T2022120007', '0000-00-00', '2022-09-30', 'SBD-000012', 'OBT-000133', 39, 9574.0000, 'MDNG92', '2024-01-01'),
(4723, 'T2022120007', '0000-00-00', '2022-09-30', 'SBD-000012', 'OBT-000135', 31, 7700.0000, 'MDNG93', '2024-01-01'),
(4676, 'T2022120007', '0000-00-00', '2022-09-30', 'SBD-000012', 'OBT-000285', 17, 2296.0000, 'MDNG47', '2024-01-01'),
(4696, 'T2022120007', '0000-00-00', '2022-09-30', 'SBD-000012', 'OBT-000296', 19, 9990.0000, 'MDNG67', '2024-01-01'),
(4702, 'T2022120007', '0000-00-00', '2022-09-30', 'SBD-000012', 'OBT-000301', 16, 3597.0000, 'MDNG73', '2024-01-01'),
(4701, 'T2022120007', '0000-00-00', '2022-09-30', 'SBD-000012', 'OBT-000302', 37, 5790.0000, 'MDNG72', '2024-01-01'),
(4704, 'T2022120007', '0000-00-00', '2022-09-30', 'SBD-000012', 'OBT-000304', 50, 6000.0000, 'MDNG75', '2024-01-01'),
(4720, 'T2022120007', '0000-00-00', '2022-09-30', 'SBD-000012', 'OBT-000306', 10, 1998.0000, 'MDNG90', '2024-01-01'),
(4681, 'T2022120007', '0000-00-00', '2022-09-30', 'SBD-000012', 'OBT-000339', 230, 748.0000, 'MDNG52', '2024-01-01'),
(4700, 'T2022120007', '0000-00-00', '2022-09-30', 'SBD-000012', 'OBT-000341', 20, 3500.0000, 'MDNG71', '2024-01-01'),
(4708, 'T2022120007', '0000-00-00', '2022-09-30', 'SBD-000012', 'OBT-000345', 305, 2556.0000, 'MDNG79', '2024-01-01'),
(4709, 'T2022120007', '0000-00-00', '2022-09-30', 'SBD-000012', 'OBT-000365', 21, 5500.0000, 'MDNG80', '2024-01-01'),
(4703, 'T2022120007', '0000-00-00', '2022-09-30', 'SBD-000012', 'OBT-000378', 185, 97.9000, 'MDNG74', '2024-01-01'),
(4673, 'T2022120007', '0000-00-00', '2022-09-30', 'SBD-000012', 'OBT-000388', 53, 1095.0000, 'MDNG44', '2024-01-01'),
(4724, 'T2022120008', '0000-00-00', '2022-09-30', 'SBD-000012', 'OBT-000080', 1000, 83.0000, 'MDNG100', '2024-01-01'),
(4726, 'T2022120008', '0000-00-00', '2022-09-30', 'SBD-000012', 'OBT-000117', 2039, 63.0000, 'MDNG102', '2024-01-01'),
(4725, 'T2022120008', '0000-00-00', '2022-09-30', 'SBD-000012', 'OBT-000126', 50, 1163.0000, 'MDNG101', '2024-01-01'),
(4728, 'T2022120008', '0000-00-00', '2022-09-30', 'SBD-000012', 'OBT-000136', 12633, 23.0000, 'MDNG104', '2024-01-01'),
(4729, 'T2022120008', '0000-00-00', '2022-09-30', 'SBD-000012', 'OBT-000138', 1680, 394.5500, 'MDNG105', '2024-01-01'),
(4730, 'T2022120008', '0000-00-00', '2022-09-30', 'SBD-000012', 'OBT-000139', 14, 2190.0000, 'MDNG106', '2024-01-01'),
(4731, 'T2022120008', '0000-00-00', '2022-09-30', 'SBD-000012', 'OBT-000144', 60, 1229.0000, 'MDNG107', '2024-01-01'),
(4732, 'T2022120008', '0000-00-00', '2022-09-30', 'SBD-000012', 'OBT-000146', 12, 4090.0000, 'MDNG108', '2024-01-01'),
(4733, 'T2022120008', '0000-00-00', '2022-09-30', 'SBD-000012', 'OBT-000147', 100, 550.0000, 'MDNG109', '2024-01-01'),
(4734, 'T2022120008', '0000-00-00', '2022-09-30', 'SBD-000012', 'OBT-000157', 6, 40128.0000, 'MDNG110', '2024-01-01'),
(4735, 'T2022120008', '0000-00-00', '2022-09-30', 'SBD-000012', 'OBT-000158', 4040, 359.7000, 'MDNG111', '2024-01-01'),
(4736, 'T2022120008', '0000-00-00', '2022-09-30', 'SBD-000012', 'OBT-000159', 1296, 77.0000, 'MDNG112', '2024-01-01'),
(4739, 'T2022120008', '0000-00-00', '2022-09-30', 'SBD-000012', 'OBT-000160', 1000, 66.0000, 'MDNG115', '2024-01-01'),
(4740, 'T2022120008', '0000-00-00', '2022-09-30', 'SBD-000012', 'OBT-000161', 1000, 117.0000, 'MDNG116', '2024-01-01'),
(4741, 'T2022120008', '0000-00-00', '2022-09-30', 'SBD-000012', 'OBT-000164', 14, 1900.0000, 'MDNG117', '2024-01-01'),
(4743, 'T2022120008', '0000-00-00', '2022-09-30', 'SBD-000012', 'OBT-000169', 94, 6800.0000, 'MDNG119', '2024-01-01'),
(4744, 'T2022120008', '0000-00-00', '2022-09-30', 'SBD-000012', 'OBT-000170', 580, 99.0000, 'MDNG120', '2024-01-01'),
(4745, 'T2022120008', '0000-00-00', '2022-09-30', 'SBD-000012', 'OBT-000171', 3, 7405.0000, 'MDNG121', '2024-01-01'),
(4746, 'T2022120008', '0000-00-00', '2022-09-30', 'SBD-000012', 'OBT-000172', 26, 13877.5200, 'MDNG122', '2024-01-01'),
(4750, 'T2022120008', '0000-00-00', '2022-09-30', 'SBD-000012', 'OBT-000177', 77, 7700.0000, 'MDNG126', '2024-01-01'),
(4751, 'T2022120008', '0000-00-00', '2022-09-30', 'SBD-000012', 'OBT-000180', 50, 3500.0000, 'MDNG127', '2024-01-01'),
(4752, 'T2022120008', '0000-00-00', '2022-09-30', 'SBD-000012', 'OBT-000181', 170, 1126.0000, 'MDNG128', '2024-01-01'),
(4753, 'T2022120008', '0000-00-00', '2022-09-30', 'SBD-000012', 'OBT-000182', 30, 9065.0000, 'MDNG129', '2024-01-01'),
(4756, 'T2022120008', '0000-00-00', '2022-09-30', 'SBD-000012', 'OBT-000183', 96, 4976.0000, 'MDNG132', '2024-01-01'),
(4757, 'T2022120008', '0000-00-00', '2022-09-30', 'SBD-000012', 'OBT-000184', 37, 1160.0000, 'MDNG133', '2024-01-01'),
(4760, 'T2022120008', '0000-00-00', '2022-09-30', 'SBD-000012', 'OBT-000186', 345, 67.0000, 'MDNG136', '2024-01-01'),
(4761, 'T2022120008', '0000-00-00', '2022-09-30', 'SBD-000012', 'OBT-000187', 1155, 146.3200, 'MDNG137', '2024-01-01'),
(4762, 'T2022120008', '0000-00-00', '2022-09-30', 'SBD-000012', 'OBT-000189', 200, 175.0000, 'MDNG138', '2024-01-01'),
(4763, 'T2022120008', '0000-00-00', '2022-09-30', 'SBD-000012', 'OBT-000191', 39, 2800.0000, 'MDNG139', '2024-01-01'),
(4764, 'T2022120008', '0000-00-00', '2022-09-30', 'SBD-000012', 'OBT-000194', 1125, 68.0000, 'MDNG140', '2024-01-01'),
(4765, 'T2022120008', '0000-00-00', '2022-09-30', 'SBD-000012', 'OBT-000197', 832, 85.0000, 'MDNG141', '2024-01-01'),
(4766, 'T2022120008', '0000-00-00', '2022-09-30', 'SBD-000012', 'OBT-000198', 16, 814.0000, 'MDNG142', '2024-01-01'),
(4767, 'T2022120008', '0000-00-00', '2022-09-30', 'SBD-000012', 'OBT-000199', 200, 7879.0000, 'MDNG143', '2024-01-01'),
(4768, 'T2022120008', '0000-00-00', '2022-09-30', 'SBD-000012', 'OBT-000204', 200, 1.0000, 'MDNG144', '2024-01-01'),
(4769, 'T2022120008', '0000-00-00', '2022-09-30', 'SBD-000012', 'OBT-000207', 9, 7150.0000, 'MDNG145', '2024-01-01'),
(4770, 'T2022120008', '0000-00-00', '2022-09-30', 'SBD-000012', 'OBT-000208', 620, 377.0000, 'MDNG146', '2024-01-01'),
(4772, 'T2022120008', '0000-00-00', '2022-09-30', 'SBD-000012', 'OBT-000211', 20, 1410.0000, 'MDNG148', '2024-01-01'),
(4747, 'T2022120008', '0000-00-00', '2022-09-30', 'SBD-000012', 'OBT-000266', 890, 235.6600, 'MDNG123', '2024-01-01'),
(4755, 'T2022120008', '0000-00-00', '2022-09-30', 'SBD-000012', 'OBT-000267', 403, 175.0000, 'MDNG131', '2024-01-01'),
(4771, 'T2022120008', '0000-00-00', '2022-09-30', 'SBD-000012', 'OBT-000269', 802, 70.0000, 'MDNG147', '2024-01-01'),
(4727, 'T2022120008', '0000-00-00', '2022-09-30', 'SBD-000012', 'OBT-000307', 17, 9560.1300, 'MDNG103', '2024-01-01'),
(4738, 'T2022120008', '0000-00-00', '2022-09-30', 'SBD-000012', 'OBT-000312', 300, 102.0000, 'MDNG114', '2024-01-01'),
(4748, 'T2022120008', '0000-00-00', '2022-09-30', 'SBD-000012', 'OBT-000317', 28, 112.0000, 'MDNG124', '2024-01-01'),
(4754, 'T2022120008', '0000-00-00', '2022-09-30', 'SBD-000012', 'OBT-000321', 24, 8000.0000, 'MDNG130', '2024-01-01'),
(4749, 'T2022120008', '0000-00-00', '2022-09-30', 'SBD-000012', 'OBT-000348', 100, 550.0000, 'MDNG125', '2024-01-01'),
(4758, 'T2022120008', '0000-00-00', '2022-09-30', 'SBD-000012', 'OBT-000349', 100, 1181.0000, 'MDNG134', '2024-01-01'),
(4759, 'T2022120008', '0000-00-00', '2022-09-30', 'SBD-000012', 'OBT-000350', 20, 4200.0000, 'MDNG135', '2024-01-01'),
(4737, 'T2022120008', '0000-00-00', '2022-09-30', 'SBD-000012', 'OBT-000393', 43, 10800.0000, 'MDNG113', '2024-01-01'),
(4742, 'T2022120008', '0000-00-00', '2022-09-30', 'SBD-000012', 'OBT-000394', 34, 6274.0000, 'MDNG118', '2024-01-01'),
(4795, 'T2022120009', '0000-00-00', '2022-09-30', 'SBD-000012', 'OBT-000004', 31, 759.0000, 'MDNG182', '2024-01-01'),
(4774, 'T2022120009', '0000-00-00', '2022-09-30', 'SBD-000012', 'OBT-000171', 30, 7405.2000, 'MDNG161', '2024-01-01'),
(4773, 'T2022120009', '0000-00-00', '2022-09-30', 'SBD-000012', 'OBT-000207', 60, 7630.0000, 'MDNG160', '2024-01-01'),
(4776, 'T2022120009', '0000-00-00', '2022-09-30', 'SBD-000012', 'OBT-000212', 48, 920.0000, 'MDNG163', '2024-01-01'),
(4777, 'T2022120009', '0000-00-00', '2022-09-30', 'SBD-000012', 'OBT-000213', 18, 23820.6000, 'MDNG164', '2024-01-01'),
(4778, 'T2022120009', '0000-00-00', '2022-09-30', 'SBD-000012', 'OBT-000214', 750, 17563.8400, 'MDNG165', '2024-01-01'),
(4779, 'T2022120009', '0000-00-00', '2022-09-30', 'SBD-000012', 'OBT-000216', 7, 138925.0000, 'MDNG166', '2024-01-01'),
(4780, 'T2022120009', '0000-00-00', '2022-09-30', 'SBD-000012', 'OBT-000217', 465, 43.0000, 'MDNG167', '2024-01-01'),
(4781, 'T2022120009', '0000-00-00', '2022-09-30', 'SBD-000012', 'OBT-000218', 21, 1547.0900, 'MDNG168', '2024-01-01'),
(4782, 'T2022120009', '0000-00-00', '2022-09-30', 'SBD-000012', 'OBT-000219', 24, 1492.6700, 'MDNG169', '2024-01-01'),
(4783, 'T2022120009', '0000-00-00', '2022-09-30', 'SBD-000012', 'OBT-000220', 1905, 68.0000, 'MDNG170', '2024-01-01'),
(4784, 'T2022120009', '0000-00-00', '2022-09-30', 'SBD-000012', 'OBT-000222', 60, 1763.0000, 'MDNG171', '2024-01-01'),
(4786, 'T2022120009', '0000-00-00', '2022-09-30', 'SBD-000012', 'OBT-000227', 3590, 226.0000, 'MDNG173', '2024-01-01'),
(4787, 'T2022120009', '0000-00-00', '2022-09-30', 'SBD-000012', 'OBT-000229', 2260, 156.2000, 'MDNG174', '2024-01-01'),
(4788, 'T2022120009', '0000-00-00', '2022-09-30', 'SBD-000012', 'OBT-000230', 417, 1236.5400, 'MDNG175', '2024-01-01'),
(4789, 'T2022120009', '0000-00-00', '2022-09-30', 'SBD-000012', 'OBT-000231', 24, 17595.0000, 'MDNG176', '2024-01-01'),
(4790, 'T2022120009', '0000-00-00', '2022-09-30', 'SBD-000012', 'OBT-000233', 1940, 63.0000, 'MDNG177', '2024-01-01'),
(4791, 'T2022120009', '0000-00-00', '2022-09-30', 'SBD-000012', 'OBT-000237', 24, 6660.0000, 'MDNG178', '2024-01-01'),
(4792, 'T2022120009', '0000-00-00', '2022-09-30', 'SBD-000012', 'OBT-000238', 1275, 42.0000, 'MDNG179', '2024-01-01'),
(4793, 'T2022120009', '0000-00-00', '2022-09-30', 'SBD-000012', 'OBT-000241', 300, 208.0000, 'MDNG180', '2024-01-01'),
(4794, 'T2022120009', '0000-00-00', '2022-09-30', 'SBD-000012', 'OBT-000242', 57, 4459.0000, 'MDNG181', '2024-01-01'),
(4775, 'T2022120009', '0000-00-00', '2022-09-30', 'SBD-000012', 'OBT-000317', 200, 225.3300, 'MDNG162', '2024-01-01'),
(4785, 'T2022120009', '0000-00-00', '2022-09-30', 'SBD-000012', 'OBT-000330', 100, 5500.0000, 'MDNG172', '2024-01-01'),
(4799, 'T2022120010', '0000-00-00', '2022-09-30', 'SBD-000012', 'OBT-000409', 40, 19070.9100, 'BLA098', '2025-12-31'),
(4800, 'T2022120011', '0000-00-00', '2022-09-30', 'SBD-000012', 'OBT-000410', 20, 4520.0000, 'jiken', '2024-12-01'),
(4801, 'T2022120012', '0000-00-00', '2022-09-30', 'SBD-000012', 'OBT-000390', 329, 479.6000, 'kdtuban', '2025-12-31'),
(4804, 'T2022120013', '0000-00-00', '2022-09-30', 'SBD-000012', 'OBT-000110', 50, 8019.0000, 'kdtuban', '2025-12-01'),
(4803, 'T2022120013', '0000-00-00', '2022-09-30', 'SBD-000012', 'OBT-000301', 20, 3597.0000, 'kdtuban', '2025-12-01'),
(4807, 'T2022120016', '0000-00-00', '2022-12-02', 'SBD-000012', 'OBT-000020', 48, 3477.0000, 'KPUAN130', '2024-01-01'),
(4808, 'T2022120017', '0000-00-00', '2022-09-30', 'SBD-000012', 'OBT-000188', 4, 35532.0000, 'MDNG138', '2025-12-01'),
(4810, 'T2022120018', '0000-00-00', '2022-09-30', 'SBD-000012', 'OBT-000113', 45, 5995.0000, 'bogorxxx', '2025-12-01'),
(4811, 'T2022120018', '0000-00-00', '2022-09-30', 'SBD-000012', 'OBT-000146', 10, 3796.0000, 'bogorxxx', '2025-12-01'),
(4809, 'T2022120018', '0000-00-00', '2022-09-30', 'SBD-000012', 'OBT-000411', 3, 15950.0000, 'bogorxxx', '2025-12-01'),
(4812, 'T2022120019', '0000-00-00', '2022-09-30', 'SBD-000012', 'OBT-000410', 8, 4520.0000, 'kund85', '2025-12-31'),
(4813, 'T2022120019', '0000-00-00', '2022-09-30', 'SBD-000012', 'OBT-000412', 60, 4785.0000, 'kund246', '2025-12-31'),
(4814, 'T2022120020', '0000-00-00', '2022-09-30', 'SBD-000012', 'OBT-000413', 28, 1243.0000, 'kapuanxxx', '2025-12-01'),
(4817, 'T2022120022', '0000-00-00', '2022-09-30', 'SBD-000012', 'OBT-000002', 400, 924.1500, 'tun2', '2025-12-31'),
(4818, 'T2022120022', '0000-00-00', '2022-09-30', 'SBD-000012', 'OBT-000003', 500, 880.0000, 'tun3', '2025-12-31'),
(4821, 'T2022120022', '0000-00-00', '2022-09-30', 'SBD-000012', 'OBT-000004', 200, 765.0000, 'tun4', '2025-12-31'),
(4822, 'T2022120022', '0000-00-00', '2022-09-30', 'SBD-000012', 'OBT-000006', 2600, 130.9000, 'tun6', '2025-12-31'),
(4825, 'T2022120022', '0000-00-00', '2022-09-30', 'SBD-000012', 'OBT-000007', 2000, 550.0000, 'tun7', '2025-12-31'),
(4827, 'T2022120022', '0000-00-00', '2022-09-30', 'SBD-000012', 'OBT-000012', 100, 176.5900, 'tun12', '2025-12-31'),
(4828, 'T2022120022', '0000-00-00', '2022-09-30', 'SBD-000012', 'OBT-000013', 2900, 152.0700, 'tun13', '2025-12-31'),
(4829, 'T2022120022', '0000-00-00', '2022-09-30', 'SBD-000012', 'OBT-000014', 2840, 128.7600, 'tun14', '2025-12-31'),
(4830, 'T2022120022', '0000-00-00', '2022-09-30', 'SBD-000012', 'OBT-000015', 64, 3498.0000, 'tun15', '2025-12-31'),
(4831, 'T2022120022', '0000-00-00', '2022-09-30', 'SBD-000012', 'OBT-000016', 2230, 201.0000, 'tun16', '2025-12-31'),
(4832, 'T2022120022', '0000-00-00', '2022-09-30', 'SBD-000012', 'OBT-000018', 85, 1679.0000, 'tun18', '2025-12-31'),
(4833, 'T2022120022', '0000-00-00', '2022-09-30', 'SBD-000012', 'OBT-000019', 1765, 58.0000, 'tun19', '2025-12-31'),
(4835, 'T2022120022', '0000-00-00', '2022-09-30', 'SBD-000012', 'OBT-000020', 52, 3477.0000, 'tun20', '2025-12-31'),
(4836, 'T2022120022', '0000-00-00', '2022-09-30', 'SBD-000012', 'OBT-000021', 47, 3250.0000, 'tun21', '2025-12-31'),
(4837, 'T2022120022', '0000-00-00', '2022-09-30', 'SBD-000012', 'OBT-000022', 200, 185.0000, 'tun22', '2025-12-31'),
(4838, 'T2022120022', '0000-00-00', '2022-09-30', 'SBD-000012', 'OBT-000023', 5, 8047.5000, 'tun23', '2025-12-31'),
(4839, 'T2022120022', '0000-00-00', '2022-09-30', 'SBD-000012', 'OBT-000025', 990, 42.0000, 'tun25', '2025-12-31');
INSERT INTO `det_terimaobat` (`id_terima`, `no_dok`, `tgl_setuju`, `tgl_dok`, `kd_sumberdana`, `kd_obat`, `qty`, `harga`, `batch`, `exp_date`) VALUES
(4840, 'T2022120022', '0000-00-00', '2022-09-30', 'SBD-000012', 'OBT-000027', 3370, 111.0000, 'tun27', '2025-12-31'),
(4842, 'T2022120022', '0000-00-00', '2022-09-30', 'SBD-000012', 'OBT-000028', 890, 89.1000, 'tun28', '2025-12-31'),
(4843, 'T2022120022', '0000-00-00', '2022-09-30', 'SBD-000012', 'OBT-000029', 500, 105.0000, 'tun29', '2025-12-31'),
(4844, 'T2022120022', '0000-00-00', '2022-09-30', 'SBD-000012', 'OBT-000030', 300, 297.7100, 'tun30', '2025-12-31'),
(4845, 'T2022120022', '0000-00-00', '2022-09-30', 'SBD-000012', 'OBT-000031', 70, 4755.2400, 'tun31', '2025-12-31'),
(4847, 'T2022120022', '0000-00-00', '2022-09-30', 'SBD-000012', 'OBT-000032', 20, 1718.0000, 'tun32', '2025-12-31'),
(4848, 'T2022120022', '0000-00-00', '2022-09-30', 'SBD-000012', 'OBT-000033', 1, 17416.0000, 'tun33', '2025-12-31'),
(4850, 'T2022120022', '0000-00-00', '2022-09-30', 'SBD-000012', 'OBT-000035', 65, 14957.0000, 'tun35', '2025-12-31'),
(4852, 'T2022120022', '0000-00-00', '2022-09-30', 'SBD-000012', 'OBT-000036', 48, 4279.8100, 'tun36', '2025-12-31'),
(4853, 'T2022120022', '0000-00-00', '2022-09-30', 'SBD-000012', 'OBT-000039', 74, 5100.0000, 'tun39', '2025-12-31'),
(4854, 'T2022120022', '0000-00-00', '2022-09-30', 'SBD-000012', 'OBT-000040', 30, 5200.0000, 'tun40', '2025-12-31'),
(4855, 'T2022120022', '0000-00-00', '2022-09-30', 'SBD-000012', 'OBT-000041', 60, 6130.0000, 'tun41', '2025-12-31'),
(4868, 'T2022120022', '0000-00-00', '2022-09-30', 'SBD-000012', 'OBT-000043', 24, 8193.2731, 'tun43', '2025-12-31'),
(4856, 'T2022120022', '0000-00-00', '2022-09-30', 'SBD-000012', 'OBT-000044', 12, 8094.6970, 'tun44', '2025-12-31'),
(4857, 'T2022120022', '0000-00-00', '2022-09-30', 'SBD-000012', 'OBT-000048', 2982, 248.0000, 'tun48', '2025-12-31'),
(4859, 'T2022120022', '0000-00-00', '2022-09-30', 'SBD-000012', 'OBT-000049', 1862, 34.0000, 'tun49', '2025-12-31'),
(4860, 'T2022120022', '0000-00-00', '2022-09-30', 'SBD-000012', 'OBT-000050', 139, 924.0000, 'tun283', '2025-12-31'),
(4862, 'T2022120022', '0000-00-00', '2022-09-30', 'SBD-000012', 'OBT-000051', 100, 108.0000, 'tun51', '2025-12-31'),
(4863, 'T2022120022', '0000-00-00', '2022-09-30', 'SBD-000012', 'OBT-000052', 10, 1545.0000, 'tun52', '2025-12-31'),
(4864, 'T2022120022', '0000-00-00', '2022-09-30', 'SBD-000012', 'OBT-000053', 10, 18279.0000, 'tun53', '2025-12-31'),
(4865, 'T2022120022', '0000-00-00', '2022-09-30', 'SBD-000012', 'OBT-000054', 5, 12573.0000, 'tun54', '2025-12-31'),
(4866, 'T2022120022', '0000-00-00', '2022-09-30', 'SBD-000012', 'OBT-000055', 1284, 114.4000, 'tun55', '2025-12-31'),
(4851, 'T2022120022', '0000-00-00', '2022-09-30', 'SBD-000012', 'OBT-000244', 465, 2500.0000, 'tun244', '2025-12-31'),
(4819, 'T2022120022', '0000-00-00', '2022-09-30', 'SBD-000012', 'OBT-000245', 75, 693.0000, 'tun245', '2025-12-31'),
(4816, 'T2022120022', '0000-00-00', '2022-09-30', 'SBD-000012', 'OBT-000275', 120, 320.1000, 'tun275', '2025-12-31'),
(4823, 'T2022120022', '0000-00-00', '2022-09-30', 'SBD-000012', 'OBT-000276', 85, 105.0000, 'tun276', '2025-12-31'),
(4826, 'T2022120022', '0000-00-00', '2022-09-30', 'SBD-000012', 'OBT-000278', 1200, 115.5000, 'tun278', '2025-12-31'),
(4841, 'T2022120022', '0000-00-00', '2022-09-30', 'SBD-000012', 'OBT-000279', 4, 22000.0000, 'tun279', '2025-12-31'),
(4846, 'T2022120022', '0000-00-00', '2022-09-30', 'SBD-000012', 'OBT-000280', 6, 5500.0000, 'tun280', '2025-12-31'),
(4849, 'T2022120022', '0000-00-00', '2022-09-30', 'SBD-000012', 'OBT-000281', 675, 451.0000, 'tun281', '2025-12-31'),
(4861, 'T2022120022', '0000-00-00', '2022-09-30', 'SBD-000012', 'OBT-000283', 107, 109.0000, 'tun283', '2025-12-31'),
(4867, 'T2022120022', '0000-00-00', '2022-09-30', 'SBD-000012', 'OBT-000285', 12, 2296.0000, 'tun285', '2025-12-31'),
(4820, 'T2022120022', '0000-00-00', '2022-09-30', 'SBD-000012', 'OBT-000333', 94, 661.0000, 'ttun333', '2025-12-31'),
(4834, 'T2022120022', '0000-00-00', '2022-09-30', 'SBD-000012', 'OBT-000357', 3000, 54.0000, 'tun375', '2025-12-31'),
(4858, 'T2022120022', '0000-00-00', '2022-09-30', 'SBD-000012', 'OBT-000360', 3, 5520.0000, 'tun360', '2025-12-31'),
(4824, 'T2022120022', '0000-00-00', '2022-09-30', 'SBD-000012', 'OBT-000385', 500, 87.0000, 'tun385', '2025-12-31'),
(4870, 'T2022120023', '0000-00-00', '2022-09-30', 'SBD-000012', 'OBT-000020', 3, 4496.0000, 'tun20', '2025-12-31'),
(4871, 'T2022120023', '0000-00-00', '2022-09-30', 'SBD-000012', 'OBT-000022', 80, 173.0000, 'tun22', '2025-12-31'),
(4872, 'T2022120023', '0000-00-00', '2022-09-30', 'SBD-000012', 'OBT-000036', 29, 4400.0000, 'tun36', '2025-12-31'),
(4873, 'T2022120023', '0000-00-00', '2022-09-30', 'SBD-000012', 'OBT-000041', 20, 5100.0000, 'tun41', '2025-12-31'),
(4875, 'T2022120023', '0000-00-00', '2022-09-30', 'SBD-000012', 'OBT-000057', 40, 1515.0000, 'tun57', '2025-12-31'),
(4876, 'T2022120023', '0000-00-00', '2022-09-30', 'SBD-000012', 'OBT-000058', 34, 2790.0000, 'tun58', '2025-12-31'),
(4877, 'T2022120023', '0000-00-00', '2022-09-30', 'SBD-000012', 'OBT-000059', 3, 56000.0000, 'tun59', '2025-12-31'),
(4878, 'T2022120023', '0000-00-00', '2022-09-30', 'SBD-000012', 'OBT-000060', 5, 221000.0000, 'tun60', '2025-12-31'),
(4880, 'T2022120023', '0000-00-00', '2022-09-30', 'SBD-000012', 'OBT-000069', 53, 3300.0000, 'tun69', '2025-12-31'),
(4881, 'T2022120023', '0000-00-00', '2022-09-30', 'SBD-000012', 'OBT-000070', 150, 1386.0000, 'tun70', '2025-12-31'),
(4883, 'T2022120023', '0000-00-00', '2022-09-30', 'SBD-000012', 'OBT-000074', 677, 219.4800, 'tun74', '2025-12-31'),
(4886, 'T2022120023', '0000-00-00', '2022-09-30', 'SBD-000012', 'OBT-000077', 5, 3355.0000, 'tun77', '2025-12-31'),
(4888, 'T2022120023', '0000-00-00', '2022-09-30', 'SBD-000012', 'OBT-000078', 48, 4218.0000, 'tun78', '2025-12-31'),
(4889, 'T2022120023', '0000-00-00', '2022-09-30', 'SBD-000012', 'OBT-000080', 710, 83.0000, 'tun80', '2025-12-31'),
(4890, 'T2022120023', '0000-00-00', '2022-09-30', 'SBD-000012', 'OBT-000081', 502, 371.8000, 'tun81', '2025-12-31'),
(4892, 'T2022120023', '0000-00-00', '2022-09-30', 'SBD-000012', 'OBT-000082', 2600, 123.0000, 'tun82', '2025-12-31'),
(4893, 'T2022120023', '0000-00-00', '2022-09-30', 'SBD-000012', 'OBT-000083', 2000, 89.1000, 'tun83', '2025-12-31'),
(4894, 'T2022120023', '0000-00-00', '2022-09-30', 'SBD-000012', 'OBT-000085', 33, 6627.0000, 'tun85', '2025-12-31'),
(4895, 'T2022120023', '0000-00-00', '2022-09-30', 'SBD-000012', 'OBT-000086', 655, 224.0000, 'tun86', '2025-12-31'),
(4897, 'T2022120023', '0000-00-00', '2022-09-30', 'SBD-000012', 'OBT-000091', 10, 69.0000, 'tun91', '2025-12-31'),
(4898, 'T2022120023', '0000-00-00', '2022-09-30', 'SBD-000012', 'OBT-000093', 8, 26500.0000, 'tun93', '2025-12-31'),
(4899, 'T2022120023', '0000-00-00', '2022-09-30', 'SBD-000012', 'OBT-000097', 150, 1991.0000, 'tun97', '2025-12-31'),
(4900, 'T2022120023', '0000-00-00', '2022-09-30', 'SBD-000012', 'OBT-000099', 50, 5600.0000, 'tun99', '2025-12-31'),
(4901, 'T2022120023', '0000-00-00', '2022-09-30', 'SBD-000012', 'OBT-000100', 50, 5668.4564, 'tun100', '2025-12-31'),
(4903, 'T2022120023', '0000-00-00', '2022-09-30', 'SBD-000012', 'OBT-000103', 24, 2325.0000, 'tun103', '2025-12-31'),
(4906, 'T2022120023', '0000-00-00', '2022-09-30', 'SBD-000012', 'OBT-000104', 13, 78310.0000, 'tun104', '2025-12-31'),
(4909, 'T2022120023', '0000-00-00', '2022-09-30', 'SBD-000012', 'OBT-000105', 418, 376.0000, 'tun105', '2025-12-31'),
(4911, 'T2022120023', '0000-00-00', '2022-09-30', 'SBD-000012', 'OBT-000107', 12, 7063.6400, 'tun107', '2025-12-31'),
(4915, 'T2022120023', '0000-00-00', '2022-09-30', 'SBD-000012', 'OBT-000109', 982, 86.0000, 'tun109', '2025-12-31'),
(4918, 'T2022120023', '0000-00-00', '2022-09-30', 'SBD-000012', 'OBT-000110', 100, 5995.0000, 'tun110', '2025-12-31'),
(4919, 'T2022120023', '0000-00-00', '2022-09-30', 'SBD-000012', 'OBT-000112', 150, 5995.0000, 'tun112', '2025-12-31'),
(4920, 'T2022120023', '0000-00-00', '2022-09-30', 'SBD-000012', 'OBT-000113', 50, 4861.0000, 'tun113', '2025-12-31'),
(4921, 'T2022120023', '0000-00-00', '2022-09-30', 'SBD-000012', 'OBT-000114', 90, 5995.0000, 'tun114', '2025-12-31'),
(4922, 'T2022120023', '0000-00-00', '2022-09-30', 'SBD-000012', 'OBT-000116', 24, 5775.0000, 'tun116', '2025-12-31'),
(4923, 'T2022120023', '0000-00-00', '2022-09-30', 'SBD-000012', 'OBT-000117', 2095, 60.0000, 'tun117', '2025-12-31'),
(4924, 'T2022120023', '0000-00-00', '2022-09-30', 'SBD-000012', 'OBT-000118', 5, 26036.0000, 'tun118', '2025-12-31'),
(4925, 'T2022120023', '0000-00-00', '2022-09-30', 'SBD-000012', 'OBT-000119', 2000, 65.0000, 'tun119', '2025-12-31'),
(4926, 'T2022120023', '0000-00-00', '2022-09-30', 'SBD-000012', 'OBT-000120', 3700, 75.0000, 'tun120', '2025-12-31'),
(4927, 'T2022120023', '0000-00-00', '2022-09-30', 'SBD-000012', 'OBT-000121', 100, 230.0000, 'tun121', '2025-12-31'),
(4928, 'T2022120023', '0000-00-00', '2022-09-30', 'SBD-000012', 'OBT-000122', 300, 350.0000, 'tun122', '2025-12-31'),
(4929, 'T2022120023', '0000-00-00', '2022-09-30', 'SBD-000012', 'OBT-000123', 160, 440.6300, 'tun123', '2025-12-31'),
(4930, 'T2022120023', '0000-00-00', '2022-09-30', 'SBD-000012', 'OBT-000125', 160, 10358.0000, 'tun125', '2025-12-31'),
(4932, 'T2022120023', '0000-00-00', '2022-09-30', 'SBD-000012', 'OBT-000126', 110, 759.0000, 'tun126', '2025-12-31'),
(4933, 'T2022120023', '0000-00-00', '2022-09-30', 'SBD-000012', 'OBT-000127', 145, 1600.0000, 'tun127', '2025-12-31'),
(4934, 'T2022120023', '0000-00-00', '2022-09-30', 'SBD-000012', 'OBT-000129', 523, 252.0000, 'tun129', '2025-12-31'),
(4874, 'T2022120023', '0000-00-00', '2022-09-30', 'SBD-000012', 'OBT-000286', 253, 209.0000, 'tun286', '2025-12-31'),
(4879, 'T2022120023', '0000-00-00', '2022-09-30', 'SBD-000012', 'OBT-000287', 1000, 170.9900, 'tun287', '2025-12-31'),
(4882, 'T2022120023', '0000-00-00', '2022-09-30', 'SBD-000012', 'OBT-000288', 20, 10340.0000, 'tun288', '2025-12-31'),
(4884, 'T2022120023', '0000-00-00', '2022-09-30', 'SBD-000012', 'OBT-000289', 30, 371.0000, 'tun289', '2025-12-31'),
(4885, 'T2022120023', '0000-00-00', '2022-09-30', 'SBD-000012', 'OBT-000290', 38, 2665.0000, 'tun290', '2025-12-31'),
(4891, 'T2022120023', '0000-00-00', '2022-09-30', 'SBD-000012', 'OBT-000291', 51, 207.0000, 'tun291', '2025-12-31'),
(4887, 'T2022120023', '0000-00-00', '2022-09-30', 'SBD-000012', 'OBT-000292', 9, 3850.0000, 'tun292', '2025-12-31'),
(4896, 'T2022120023', '0000-00-00', '2022-09-30', 'SBD-000012', 'OBT-000293', 90, 59.0000, 'tun293', '2025-12-31'),
(4902, 'T2022120023', '0000-00-00', '2022-09-30', 'SBD-000012', 'OBT-000294', 20, 2475.0000, 'tun294', '2025-12-31'),
(4904, 'T2022120023', '0000-00-00', '2022-09-30', 'SBD-000012', 'OBT-000295', 190, 1050.0000, 'tun295', '2025-12-31'),
(4905, 'T2022120023', '0000-00-00', '2022-09-30', 'SBD-000012', 'OBT-000296', 20, 9990.0000, 'tun296', '2025-12-31'),
(4907, 'T2022120023', '0000-00-00', '2022-09-30', 'SBD-000012', 'OBT-000297', 9, 5161.8182, 'tun297', '2025-12-31'),
(4908, 'T2022120023', '0000-00-00', '2022-09-30', 'SBD-000012', 'OBT-000298', 800, 212.0000, 'tun298', '2025-12-31'),
(4910, 'T2022120023', '0000-00-00', '2022-09-30', 'SBD-000012', 'OBT-000299', 1, 3200.0000, 'tun299', '2025-12-31'),
(4912, 'T2022120023', '0000-00-00', '2022-09-30', 'SBD-000012', 'OBT-000300', 1, 6050.0000, 'tun300', '2025-12-31'),
(4913, 'T2022120023', '0000-00-00', '2022-09-30', 'SBD-000012', 'OBT-000301', 39, 3500.0000, 'tun301', '2025-12-31'),
(4914, 'T2022120023', '0000-00-00', '2022-09-30', 'SBD-000012', 'OBT-000302', 88, 5790.0000, 'tun302', '2025-12-31'),
(4916, 'T2022120023', '0000-00-00', '2022-09-30', 'SBD-000012', 'OBT-000303', 140, 7694.0000, 'tun303', '2025-12-31'),
(4917, 'T2022120023', '0000-00-00', '2022-09-30', 'SBD-000012', 'OBT-000304', 50, 6000.0000, 'tun304', '2025-12-31'),
(4931, 'T2022120023', '0000-00-00', '2022-09-30', 'SBD-000012', 'OBT-000305', 40, 2100.0000, 'tun305', '2025-12-31'),
(4936, 'T2022120024', '0000-00-00', '2022-09-30', 'SBD-000012', 'OBT-000001', 100, 1287.0000, 'JPH02', '2024-01-01'),
(4937, 'T2022120024', '0000-00-00', '2022-09-30', 'SBD-000012', 'OBT-000002', 100, 924.1500, 'JPH03', '2024-01-01'),
(4938, 'T2022120024', '0000-00-00', '2022-09-30', 'SBD-000012', 'OBT-000006', 1600, 120.0000, 'JPH04', '2024-01-01'),
(4939, 'T2022120024', '0000-00-00', '2022-09-30', 'SBD-000012', 'OBT-000007', 225, 550.0000, 'JPH05', '2024-01-01'),
(4940, 'T2022120024', '0000-00-00', '2022-09-30', 'SBD-000012', 'OBT-000008', 610, 78.0000, 'JPH06', '2024-01-01'),
(4942, 'T2022120024', '0000-00-00', '2022-09-30', 'SBD-000012', 'OBT-000012', 200, 176.5900, 'JPH08', '2024-01-01'),
(4943, 'T2022120024', '0000-00-00', '2022-09-30', 'SBD-000012', 'OBT-000013', 1090, 70.0000, 'JPH09', '2024-01-01'),
(4944, 'T2022120024', '0000-00-00', '2022-09-30', 'SBD-000012', 'OBT-000014', 1628, 53.0000, 'JPH10', '2024-01-01'),
(4945, 'T2022120024', '0000-00-00', '2022-09-30', 'SBD-000012', 'OBT-000015', 27, 3498.0000, 'JPH11', '2024-01-01'),
(4946, 'T2022120024', '0000-00-00', '2022-09-30', 'SBD-000012', 'OBT-000016', 3411, 201.0000, 'JPH12', '2024-01-01'),
(4947, 'T2022120024', '0000-00-00', '2022-09-30', 'SBD-000012', 'OBT-000017', 10, 8591.0000, 'JPH13', '2024-01-01'),
(4948, 'T2022120024', '0000-00-00', '2022-09-30', 'SBD-000012', 'OBT-000018', 18, 1679.0000, 'JPH14', '2024-01-01'),
(4949, 'T2022120024', '0000-00-00', '2022-09-30', 'SBD-000012', 'OBT-000019', 9265, 58.0000, 'JPH15', '2024-01-01'),
(4950, 'T2022120024', '0000-00-00', '2022-09-30', 'SBD-000012', 'OBT-000020', 14, 4496.0000, 'JPH16', '2024-01-01'),
(4951, 'T2022120024', '0000-00-00', '2022-09-30', 'SBD-000012', 'OBT-000021', 38, 3250.0000, 'JPH17', '2024-01-01'),
(4952, 'T2022120024', '0000-00-00', '2022-09-30', 'SBD-000012', 'OBT-000023', 40, 8047.5000, 'JPH18', '2024-01-01'),
(4954, 'T2022120024', '0000-00-00', '2022-09-30', 'SBD-000012', 'OBT-000025', 900, 42.0000, 'JPH20', '2024-01-01'),
(4955, 'T2022120024', '0000-00-00', '2022-09-30', 'SBD-000012', 'OBT-000027', 1031, 111.0000, 'JPH21', '2024-01-01'),
(4957, 'T2022120024', '0000-00-00', '2022-09-30', 'SBD-000012', 'OBT-000028', 460, 89.1000, 'JPH23', '2024-01-01'),
(4958, 'T2022120024', '0000-00-00', '2022-09-30', 'SBD-000012', 'OBT-000029', 1700, 105.0000, 'JPH24', '2024-01-01'),
(4959, 'T2022120024', '0000-00-00', '2022-09-30', 'SBD-000012', 'OBT-000030', 399, 297.7100, 'JPH25', '2024-01-01'),
(4960, 'T2022120024', '0000-00-00', '2022-09-30', 'SBD-000012', 'OBT-000031', 30, 4755.2400, 'JPH26', '2024-01-01'),
(4961, 'T2022120024', '0000-00-00', '2022-09-30', 'SBD-000012', 'OBT-000034', 730, 88.0000, 'JPH27', '2024-01-01'),
(4962, 'T2022120024', '0000-00-00', '2022-09-30', 'SBD-000012', 'OBT-000035', 31, 14957.0000, 'JPH28', '2024-01-01'),
(4964, 'T2022120024', '0000-00-00', '2022-09-30', 'SBD-000012', 'OBT-000036', 24, 4279.8100, 'JPH30', '2024-01-01'),
(4965, 'T2022120024', '0000-00-00', '2022-09-30', 'SBD-000012', 'OBT-000037', 3, 22000.0000, 'JPH31', '2024-01-01'),
(4966, 'T2022120024', '0000-00-00', '2022-09-30', 'SBD-000012', 'OBT-000042', 12, 9125.0000, 'JPH32', '2024-01-01'),
(4967, 'T2022120024', '0000-00-00', '2022-09-30', 'SBD-000012', 'OBT-000043', 36, 8193.2731, 'JPH33', '2024-01-01'),
(4968, 'T2022120024', '0000-00-00', '2022-09-30', 'SBD-000012', 'OBT-000044', 24, 8094.6970, 'JPH34', '2024-01-01'),
(4969, 'T2022120024', '0000-00-00', '2022-09-30', 'SBD-000012', 'OBT-000047', 110, 3800.0000, 'JPH35', '2024-01-01'),
(4970, 'T2022120024', '0000-00-00', '2022-09-30', 'SBD-000012', 'OBT-000049', 4295, 34.0000, 'JPH36', '2024-01-01'),
(4963, 'T2022120024', '0000-00-00', '2022-09-30', 'SBD-000012', 'OBT-000244', 200, 2500.0000, 'JPH29', '2024-01-01'),
(4935, 'T2022120024', '0000-00-00', '2022-09-30', 'SBD-000012', 'OBT-000275', 200, 320.1000, 'JPH01', '2024-01-01'),
(4941, 'T2022120024', '0000-00-00', '2022-09-30', 'SBD-000012', 'OBT-000278', 1216, 115.5000, 'JPH07', '2024-01-01'),
(4956, 'T2022120024', '0000-00-00', '2022-09-30', 'SBD-000012', 'OBT-000334', 80, 2028.3100, 'JPH22', '2024-01-01'),
(4971, 'T2022120024', '0000-00-00', '2022-09-30', 'SBD-000012', 'OBT-000335', 0, 248.0000, 'JPH37', '2024-01-01'),
(4953, 'T2022120024', '0000-00-00', '2022-09-30', 'SBD-000012', 'OBT-000358', 218, 105.0000, 'JPH19', '2024-01-01'),
(4972, 'T2022120025', '0000-00-00', '2022-09-30', 'SBD-000012', 'OBT-000105', 500, 369.0000, 'tun105', '2025-12-31'),
(4973, 'T2022120025', '0000-00-00', '2022-09-30', 'SBD-000012', 'OBT-000118', 3, 12500.0000, 'tun118', '2025-12-31'),
(4974, 'T2022120025', '0000-00-00', '2022-09-30', 'SBD-000012', 'OBT-000119', 1200, 113.0000, 'tun119', '2025-12-31'),
(4976, 'T2022120025', '0000-00-00', '2022-09-30', 'SBD-000012', 'OBT-000130', 24, 2349.0000, 'tun130', '2025-12-31'),
(4978, 'T2022120025', '0000-00-00', '2022-09-30', 'SBD-000012', 'OBT-000131', 250, 1800.0000, 'tun131', '2025-12-31'),
(4979, 'T2022120025', '0000-00-00', '2022-09-30', 'SBD-000012', 'OBT-000132', 190, 1185.0000, 'tun132', '2025-12-31'),
(4980, 'T2022120025', '0000-00-00', '2022-09-30', 'SBD-000012', 'OBT-000133', 20, 9574.0000, 'tun133', '2025-12-31'),
(4981, 'T2022120025', '0000-00-00', '2022-09-30', 'SBD-000012', 'OBT-000135', 35, 7700.0000, 'tun135', '2025-12-31'),
(4983, 'T2022120025', '0000-00-00', '2022-09-30', 'SBD-000012', 'OBT-000136', 19254, 23.0000, 'tun136', '2025-12-31'),
(4984, 'T2022120025', '0000-00-00', '2022-09-30', 'SBD-000012', 'OBT-000138', 300, 394.5500, 'tun138', '2025-12-31'),
(4986, 'T2022120025', '0000-00-00', '2022-09-30', 'SBD-000012', 'OBT-000139', 99, 2190.0000, 'tun139', '2025-12-31'),
(4990, 'T2022120025', '0000-00-00', '2022-09-30', 'SBD-000012', 'OBT-000145', 120, 803.0000, 'tun145', '2025-12-31'),
(4991, 'T2022120025', '0000-00-00', '2022-09-30', 'SBD-000012', 'OBT-000146', 6, 3796.0000, 'tun146', '2025-12-31'),
(4992, 'T2022120025', '0000-00-00', '2022-09-30', 'SBD-000012', 'OBT-000147', 450, 550.0000, 'tun147', '2025-12-31'),
(4993, 'T2022120025', '0000-00-00', '2022-09-30', 'SBD-000012', 'OBT-000155', 1, 1.0000, 'tun155', '2025-12-31'),
(4994, 'T2022120025', '0000-00-00', '2022-09-30', 'SBD-000012', 'OBT-000157', 6, 40128.0000, 'tun157', '2025-12-31'),
(4995, 'T2022120025', '0000-00-00', '2022-09-30', 'SBD-000012', 'OBT-000158', 2621, 359.7000, 'tun158', '2025-12-31'),
(4996, 'T2022120025', '0000-00-00', '2022-09-30', 'SBD-000012', 'OBT-000159', 3630, 77.0000, 'tun159', '2025-12-31'),
(4998, 'T2022120025', '0000-00-00', '2022-09-30', 'SBD-000012', 'OBT-000160', 100, 66.0000, 'tun160', '2025-12-31'),
(5000, 'T2022120025', '0000-00-00', '2022-09-30', 'SBD-000012', 'OBT-000164', 24, 1900.0000, 'tun164', '2025-12-31'),
(5001, 'T2022120025', '0000-00-00', '2022-09-30', 'SBD-000012', 'OBT-000167', 300, 1276.5000, 'tun167', '2025-12-31'),
(5003, 'T2022120025', '0000-00-00', '2022-09-30', 'SBD-000012', 'OBT-000170', 930, 99.0000, 'tun170', '2025-12-31'),
(5005, 'T2022120025', '0000-00-00', '2022-09-30', 'SBD-000012', 'OBT-000172', 40, 13877.5200, 'tun172', '2025-12-31'),
(5012, 'T2022120025', '0000-00-00', '2022-09-30', 'SBD-000012', 'OBT-000178', 7, 77690.0000, 'tun178', '2025-12-31'),
(5013, 'T2022120025', '0000-00-00', '2022-09-30', 'SBD-000012', 'OBT-000179', 2, 398750.0000, 'tun179', '2025-12-31'),
(5014, 'T2022120025', '0000-00-00', '2022-09-30', 'SBD-000012', 'OBT-000181', 200, 1126.0000, 'tun181', '2025-12-31'),
(5015, 'T2022120025', '0000-00-00', '2022-09-30', 'SBD-000012', 'OBT-000182', 90, 9065.0000, 'tun182', '2025-12-31'),
(5018, 'T2022120025', '0000-00-00', '2022-09-30', 'SBD-000012', 'OBT-000183', 89, 4976.0000, 'tun183', '2025-12-31'),
(5019, 'T2022120025', '0000-00-00', '2022-09-30', 'SBD-000012', 'OBT-000184', 100, 1160.0000, 'tun184', '2025-12-31'),
(5021, 'T2022120025', '0000-00-00', '2022-09-30', 'SBD-000012', 'OBT-000185', 60, 3141.3500, 'tun185', '2025-12-31'),
(5022, 'T2022120025', '0000-00-00', '2022-09-30', 'SBD-000012', 'OBT-000186', 2900, 67.0000, 'tun186', '2025-12-31'),
(5023, 'T2022120025', '0000-00-00', '2022-09-30', 'SBD-000012', 'OBT-000187', 2200, 146.3200, 'tun187', '2025-12-31'),
(5024, 'T2022120025', '0000-00-00', '2022-09-30', 'SBD-000012', 'OBT-000188', 5, 59500.0000, 'tun188', '2025-12-31'),
(5026, 'T2022120025', '0000-00-00', '2022-09-30', 'SBD-000012', 'OBT-000189', 400, 175.0000, 'tun189', '2025-12-31'),
(5027, 'T2022120025', '0000-00-00', '2022-09-30', 'SBD-000012', 'OBT-000191', 55, 2800.0000, 'tun191', '2025-12-31'),
(5028, 'T2022120025', '0000-00-00', '2022-09-30', 'SBD-000012', 'OBT-000192', 9, 42500.0000, 'tun192', '2025-12-31'),
(5029, 'T2022120025', '0000-00-00', '2022-09-30', 'SBD-000012', 'OBT-000194', 670, 68.0000, 'tun194', '2025-12-31'),
(5031, 'T2022120025', '0000-00-00', '2022-09-30', 'SBD-000012', 'OBT-000197', 1390, 85.0000, 'tun197', '2025-12-31'),
(5032, 'T2022120025', '0000-00-00', '2022-09-30', 'SBD-000012', 'OBT-000198', 79, 1960.2000, 'tun198', '2025-12-31'),
(5033, 'T2022120025', '0000-00-00', '2022-09-30', 'SBD-000012', 'OBT-000202', 2, 62233.3400, 'tun202', '2025-12-31'),
(5034, 'T2022120025', '0000-00-00', '2022-09-30', 'SBD-000012', 'OBT-000203', 2, 58300.0000, 'tun203', '2025-12-31'),
(5036, 'T2022120025', '0000-00-00', '2022-09-30', 'SBD-000012', 'OBT-000204', 100, 9850.0000, 'tun204', '2025-12-31'),
(5038, 'T2022120025', '0000-00-00', '2022-09-30', 'SBD-000012', 'OBT-000207', 40, 7630.0000, 'tun207', '2025-12-31'),
(5007, 'T2022120025', '0000-00-00', '2022-09-30', 'SBD-000012', 'OBT-000266', 300, 235.6600, 'tun266', '2025-12-31'),
(5017, 'T2022120025', '0000-00-00', '2022-09-30', 'SBD-000012', 'OBT-000267', 1710, 175.0000, 'tun267', '2025-12-31'),
(4975, 'T2022120025', '0000-00-00', '2022-09-30', 'SBD-000012', 'OBT-000305', 50, 2657.0000, 'tun305', '2025-12-31'),
(4977, 'T2022120025', '0000-00-00', '2022-09-30', 'SBD-000012', 'OBT-000306', 20, 1998.0000, 'tun306', '2025-12-31'),
(4982, 'T2022120025', '0000-00-00', '2022-09-30', 'SBD-000012', 'OBT-000307', 30, 9560.1300, 'tun307', '2025-12-31'),
(4985, 'T2022120025', '0000-00-00', '2022-09-30', 'SBD-000012', 'OBT-000308', 80, 571.0000, 'tun308', '2025-12-31'),
(4987, 'T2022120025', '0000-00-00', '2022-09-30', 'SBD-000012', 'OBT-000309', 300, 150.0000, 'tun309', '2025-12-31'),
(4988, 'T2022120025', '0000-00-00', '2022-09-30', 'SBD-000012', 'OBT-000310', 40, 1010.1000, 'tun310', '2025-12-31'),
(4989, 'T2022120025', '0000-00-00', '2022-09-30', 'SBD-000012', 'OBT-000311', 1000, 278.0000, 'tun311', '2025-12-31'),
(4997, 'T2022120025', '0000-00-00', '2022-09-30', 'SBD-000012', 'OBT-000312', 200, 102.0000, 'tun312', '2025-12-31'),
(4999, 'T2022120025', '0000-00-00', '2022-09-30', 'SBD-000012', 'OBT-000313', 162, 292.5100, 'tun313', '2025-12-31'),
(5002, 'T2022120025', '0000-00-00', '2022-09-30', 'SBD-000012', 'OBT-000314', 100, 4000.0000, 'tun314', '2025-12-31'),
(5004, 'T2022120025', '0000-00-00', '2022-09-30', 'SBD-000012', 'OBT-000315', 54, 6800.0000, 'tun315', '2025-12-31'),
(5006, 'T2022120025', '0000-00-00', '2022-09-30', 'SBD-000012', 'OBT-000316', 9, 22000.0000, 'tun316', '2025-12-31'),
(5008, 'T2022120025', '0000-00-00', '2022-09-30', 'SBD-000012', 'OBT-000317', 35, 225.3300, 'tun317', '2025-12-31'),
(5009, 'T2022120025', '0000-00-00', '2022-09-30', 'SBD-000012', 'OBT-000318', 83, 598.0000, 'tun318', '2025-12-31'),
(5010, 'T2022120025', '0000-00-00', '2022-09-30', 'SBD-000012', 'OBT-000319', 163, 7700.0000, 'tun319', '2025-12-31'),
(5011, 'T2022120025', '0000-00-00', '2022-09-30', 'SBD-000012', 'OBT-000320', 10, 5142.5000, 'tun320', '2025-12-31'),
(5016, 'T2022120025', '0000-00-00', '2022-09-30', 'SBD-000012', 'OBT-000321', 194, 8000.0000, 'tun321', '2025-12-31'),
(5025, 'T2022120025', '0000-00-00', '2022-09-30', 'SBD-000012', 'OBT-000322', 10, 59500.0000, 'tun322', '2025-12-31'),
(5030, 'T2022120025', '0000-00-00', '2022-09-30', 'SBD-000012', 'OBT-000323', 85, 410.0600, 'tun323', '2025-12-31'),
(5035, 'T2022120025', '0000-00-00', '2022-09-30', 'SBD-000012', 'OBT-000324', 2, 165000.0000, 'tun324', '2025-12-31'),
(5037, 'T2022120025', '0000-00-00', '2022-09-30', 'SBD-000012', 'OBT-000325', 25, 9900.0000, 'tun325', '2025-12-31'),
(5020, 'T2022120025', '0000-00-00', '2022-09-30', 'SBD-000012', 'OBT-000349', 28, 1181.0000, 'tun349', '2025-12-31'),
(5039, 'T2022120026', '0000-00-00', '2022-09-30', 'SBD-000012', 'OBT-000138', 100, 247.5000, 'tun138', '2025-12-31'),
(5040, 'T2022120026', '0000-00-00', '2022-09-30', 'SBD-000012', 'OBT-000146', 60, 4090.0000, 'tun146', '2025-12-31'),
(5041, 'T2022120026', '0000-00-00', '2022-09-30', 'SBD-000012', 'OBT-000204', 100, 1.0000, 'tun204', '2025-12-31'),
(5042, 'T2022120026', '0000-00-00', '2022-09-30', 'SBD-000012', 'OBT-000207', 42, 7150.0000, 'tun207', '2025-12-31'),
(5043, 'T2022120026', '0000-00-00', '2022-09-30', 'SBD-000012', 'OBT-000208', 285, 377.0000, 'tun208', '2025-12-31'),
(5046, 'T2022120026', '0000-00-00', '2022-09-30', 'SBD-000012', 'OBT-000210', 700, 70.0000, 'tun210', '2025-12-31'),
(5047, 'T2022120026', '0000-00-00', '2022-09-30', 'SBD-000012', 'OBT-000211', 10, 1410.0000, 'tun211', '2025-12-31'),
(5048, 'T2022120026', '0000-00-00', '2022-09-30', 'SBD-000012', 'OBT-000212', 91, 920.0000, 'tun212', '2025-12-31'),
(5051, 'T2022120026', '0000-00-00', '2022-09-30', 'SBD-000012', 'OBT-000215', 3, 517132.0000, 'tun215', '2025-12-31'),
(5052, 'T2022120026', '0000-00-00', '2022-09-30', 'SBD-000012', 'OBT-000216', 5, 138925.0000, 'tun216', '2025-12-31'),
(5053, 'T2022120026', '0000-00-00', '2022-09-30', 'SBD-000012', 'OBT-000217', 794, 43.0000, 'tun217', '2025-12-31'),
(5054, 'T2022120026', '0000-00-00', '2022-09-30', 'SBD-000012', 'OBT-000220', 600, 68.0000, 'tun220', '2025-12-31'),
(5056, 'T2022120026', '0000-00-00', '2022-09-30', 'SBD-000012', 'OBT-000222', 330, 1763.0000, 'tun222', '2025-12-31'),
(5058, 'T2022120026', '0000-00-00', '2022-09-30', 'SBD-000012', 'OBT-000226', 19, 4989.0000, 'tun226', '2025-12-31'),
(5060, 'T2022120026', '0000-00-00', '2022-09-30', 'SBD-000012', 'OBT-000229', 2099, 156.2000, 'tun229', '2025-12-31'),
(5062, 'T2022120026', '0000-00-00', '2022-09-30', 'SBD-000012', 'OBT-000231', 190, 17595.0000, 'tun231', '2025-12-31'),
(5063, 'T2022120026', '0000-00-00', '2022-09-30', 'SBD-000012', 'OBT-000233', 199, 85.0000, 'tun233', '2025-12-31'),
(5064, 'T2022120026', '0000-00-00', '2022-09-30', 'SBD-000012', 'OBT-000236', 115, 5700.0000, 'tun236', '2025-12-31'),
(5065, 'T2022120026', '0000-00-00', '2022-09-30', 'SBD-000012', 'OBT-000237', 96, 6660.0000, 'tun237', '2025-12-31'),
(5067, 'T2022120026', '0000-00-00', '2022-09-30', 'SBD-000012', 'OBT-000238', 1865, 42.0000, 'tun238', '2025-12-31'),
(5068, 'T2022120026', '0000-00-00', '2022-09-30', 'SBD-000012', 'OBT-000240', 100, 32.3700, 'tun240', '2025-12-31'),
(5069, 'T2022120026', '0000-00-00', '2022-09-30', 'SBD-000012', 'OBT-000241', 1880, 208.0000, 'tun241', '2025-12-31'),
(5070, 'T2022120026', '0000-00-00', '2022-09-30', 'SBD-000012', 'OBT-000242', 60, 4459.0000, 'tun242', '2025-12-31'),
(5044, 'T2022120026', '0000-00-00', '2022-09-30', 'SBD-000012', 'OBT-000269', 2900, 70.0000, 'tun269', '2025-12-31'),
(5061, 'T2022120026', '0000-00-00', '2022-09-30', 'SBD-000012', 'OBT-000270', 3000, 85.0000, 'tun270', '2025-12-31'),
(5045, 'T2022120026', '0000-00-00', '2022-09-30', 'SBD-000012', 'OBT-000326', 78, 440.0000, 'tun326', '2025-12-31'),
(5049, 'T2022120026', '0000-00-00', '2022-09-30', 'SBD-000012', 'OBT-000327', 144, 388.0000, 'tun327', '2025-12-31'),
(5050, 'T2022120026', '0000-00-00', '2022-09-30', 'SBD-000012', 'OBT-000328', 51, 4185.0000, 'tun328', '2025-12-31'),
(5055, 'T2022120026', '0000-00-00', '2022-09-30', 'SBD-000012', 'OBT-000329', 65, 1.0000, 'tun329', '2025-12-31'),
(5057, 'T2022120026', '0000-00-00', '2022-09-30', 'SBD-000012', 'OBT-000330', 50, 5500.0000, 'tun330', '2025-12-31'),
(5059, 'T2022120026', '0000-00-00', '2022-09-30', 'SBD-000012', 'OBT-000331', 54, 303.0000, 'tun331', '2025-12-31'),
(5066, 'T2022120026', '0000-00-00', '2022-09-30', 'SBD-000012', 'OBT-000332', 867, 57.0000, 'tun332', '2025-12-31'),
(5071, 'T2022120027', '0000-00-00', '2022-09-30', 'SBD-000012', 'OBT-000138', 129, 147.0000, 'tunj138b', '2025-12-31'),
(5072, 'T2022120027', '0000-00-00', '2022-09-30', 'SBD-000012', 'OBT-000211', 6, 2620.0000, 'tun211', '2025-12-31'),
(5073, 'T2022120027', '0000-00-00', '2022-09-30', 'SBD-000012', 'OBT-000220', 75, 128.7000, 'tun220', '2025-12-31'),
(5074, 'T2022120028', '0000-00-00', '2022-09-30', 'SBD-000012', 'OBT-000051', 500, 108.0000, 'JPH38', '2024-01-01'),
(5075, 'T2022120028', '0000-00-00', '2022-09-30', 'SBD-000012', 'OBT-000055', 980, 114.4000, 'JPH39', '2024-01-01'),
(5076, 'T2022120028', '0000-00-00', '2022-09-30', 'SBD-000012', 'OBT-000056', 835, 108.0000, 'JPH40', '2024-01-01'),
(5077, 'T2022120028', '0000-00-00', '2022-09-30', 'SBD-000012', 'OBT-000057', 45, 1515.0000, 'JPH41', '2024-01-01'),
(5078, 'T2022120028', '0000-00-00', '2022-09-30', 'SBD-000012', 'OBT-000058', 23, 2790.0000, 'JPH42', '2024-01-01'),
(5079, 'T2022120028', '0000-00-00', '2022-09-30', 'SBD-000012', 'OBT-000060', 3, 221000.0000, 'JPH43', '2024-01-01'),
(5080, 'T2022120028', '0000-00-00', '2022-09-30', 'SBD-000012', 'OBT-000062', 11, 416696.0000, 'JPH44', '2024-01-01'),
(5081, 'T2022120028', '0000-00-00', '2022-09-30', 'SBD-000012', 'OBT-000069', 50, 3300.0000, 'JPH45', '2024-01-01'),
(5083, 'T2022120028', '0000-00-00', '2022-09-30', 'SBD-000012', 'OBT-000070', 60, 1386.0000, 'JPH47', '2024-01-01'),
(5084, 'T2022120028', '0000-00-00', '2022-09-30', 'SBD-000012', 'OBT-000072', 40, 10200.0000, 'JPH48', '2024-01-01'),
(5085, 'T2022120028', '0000-00-00', '2022-09-30', 'SBD-000012', 'OBT-000073', 40, 10200.0000, 'JPH49', '2024-01-01'),
(5086, 'T2022120028', '0000-00-00', '2022-09-30', 'SBD-000012', 'OBT-000074', 598, 219.4800, 'JPH50', '2024-01-01'),
(5087, 'T2022120028', '0000-00-00', '2022-09-30', 'SBD-000012', 'OBT-000075', 200, 257.0000, 'JPH51', '2024-01-01'),
(5088, 'T2022120028', '0000-00-00', '2022-09-30', 'SBD-000012', 'OBT-000076', 540, 300.0000, 'JPH52', '2024-01-01'),
(5090, 'T2022120028', '0000-00-00', '2022-09-30', 'SBD-000012', 'OBT-000078', 40, 4218.0000, 'JPH54', '2024-01-01'),
(5091, 'T2022120028', '0000-00-00', '2022-09-30', 'SBD-000012', 'OBT-000080', 665, 83.0000, 'JPH55', '2024-01-01'),
(5092, 'T2022120028', '0000-00-00', '2022-09-30', 'SBD-000012', 'OBT-000081', 290, 371.8000, 'JPH56', '2024-01-01'),
(5093, 'T2022120028', '0000-00-00', '2022-09-30', 'SBD-000012', 'OBT-000082', 1920, 123.0000, 'JPH57', '2024-01-01'),
(5094, 'T2022120028', '0000-00-00', '2022-09-30', 'SBD-000012', 'OBT-000083', 1070, 89.1000, 'JPH58', '2024-01-01'),
(5095, 'T2022120028', '0000-00-00', '2022-09-30', 'SBD-000012', 'OBT-000085', 40, 6627.0000, 'JPH59', '2024-01-01'),
(5096, 'T2022120028', '0000-00-00', '2022-09-30', 'SBD-000012', 'OBT-000086', 100, 210.0000, 'JPH60', '2024-01-01'),
(5097, 'T2022120028', '0000-00-00', '2022-09-30', 'SBD-000012', 'OBT-000093', 5, 26500.0000, 'JPH61', '2024-01-01'),
(5098, 'T2022120028', '0000-00-00', '2022-09-30', 'SBD-000012', 'OBT-000099', 100, 5600.0000, 'JPH62', '2024-01-01'),
(5099, 'T2022120028', '0000-00-00', '2022-09-30', 'SBD-000012', 'OBT-000100', 100, 5668.4564, 'JPH63', '2024-01-01'),
(5100, 'T2022120028', '0000-00-00', '2022-09-30', 'SBD-000012', 'OBT-000102', 430, 148.0000, 'JPH64', '2024-01-01'),
(5101, 'T2022120028', '0000-00-00', '2022-09-30', 'SBD-000012', 'OBT-000103', 38, 2325.0000, 'JPH65', '2024-01-01'),
(5103, 'T2022120028', '0000-00-00', '2022-09-30', 'SBD-000012', 'OBT-000104', 4, 78310.0000, 'JPH67', '2024-01-01'),
(5104, 'T2022120028', '0000-00-00', '2022-09-30', 'SBD-000012', 'OBT-000105', 844, 369.0000, 'JPH68', '2024-01-01'),
(5106, 'T2022120028', '0000-00-00', '2022-09-30', 'SBD-000012', 'OBT-000107', 26, 7063.6400, 'JPH70', '2024-01-01'),
(5108, 'T2022120028', '0000-00-00', '2022-09-30', 'SBD-000012', 'OBT-000109', 1000, 86.0000, 'JPH72', '2024-01-01'),
(5110, 'T2022120028', '0000-00-00', '2022-09-30', 'SBD-000012', 'OBT-000114', 50, 5995.0000, 'JPH74', '2024-01-01'),
(5111, 'T2022120028', '0000-00-00', '2022-09-30', 'SBD-000012', 'OBT-000116', 12, 10351.0000, 'JPH75', '2024-01-01'),
(5112, 'T2022120028', '0000-00-00', '2022-09-30', 'SBD-000012', 'OBT-000117', 1065, 63.0000, 'JPH76', '2024-01-01'),
(5113, 'T2022120028', '0000-00-00', '2022-09-30', 'SBD-000012', 'OBT-000118', 2, 26036.0000, 'JPH77', '2024-01-01'),
(5114, 'T2022120028', '0000-00-00', '2022-09-30', 'SBD-000012', 'OBT-000119', 1090, 65.0000, 'JPH78', '2024-01-01'),
(5115, 'T2022120028', '0000-00-00', '2022-09-30', 'SBD-000012', 'OBT-000120', 949, 75.0000, 'JPH79', '2024-01-01'),
(5116, 'T2022120028', '0000-00-00', '2022-09-30', 'SBD-000012', 'OBT-000123', 576, 440.6250, 'JPH80', '2024-01-01'),
(5117, 'T2022120028', '0000-00-00', '2022-09-30', 'SBD-000012', 'OBT-000124', 120, 625.0000, 'JPH81', '2024-01-01'),
(5118, 'T2022120028', '0000-00-00', '2022-09-30', 'SBD-000012', 'OBT-000125', 80, 10358.0000, 'JPH82', '2024-01-01'),
(5121, 'T2022120028', '0000-00-00', '2022-09-30', 'SBD-000012', 'OBT-000129', 450, 252.0000, 'JPH85', '2024-01-01'),
(5120, 'T2022120028', '0000-00-00', '2022-09-30', 'SBD-000012', 'OBT-000130', 12, 2349.0000, 'JPH84', '2024-01-01'),
(5122, 'T2022120028', '0000-00-00', '2022-09-30', 'SBD-000012', 'OBT-000131', 50, 1800.0000, 'JPH86', '2024-01-01'),
(5123, 'T2022120028', '0000-00-00', '2022-09-30', 'SBD-000012', 'OBT-000132', 90, 1185.0000, 'JPH87', '2024-01-01'),
(5124, 'T2022120028', '0000-00-00', '2022-09-30', 'SBD-000012', 'OBT-000133', 37, 9574.0000, 'JPH88', '2024-01-01'),
(5125, 'T2022120028', '0000-00-00', '2022-09-30', 'SBD-000012', 'OBT-000134', 45, 11318.0000, 'JPH89', '2024-01-01'),
(5126, 'T2022120028', '0000-00-00', '2022-09-30', 'SBD-000012', 'OBT-000135', 11, 9574.0000, 'JPH90', '2024-01-01'),
(5128, 'T2022120028', '0000-00-00', '2022-09-30', 'SBD-000012', 'OBT-000136', 18640, 23.0000, 'JPH92', '2024-01-01'),
(5129, 'T2022120028', '0000-00-00', '2022-09-30', 'SBD-000012', 'OBT-000138', 800, 394.5500, 'JPH93', '2024-01-01'),
(5131, 'T2022120028', '0000-00-00', '2022-09-30', 'SBD-000012', 'OBT-000139', 126, 2190.0000, 'JPH95', '2024-01-01'),
(5130, 'T2022120028', '0000-00-00', '2022-09-30', 'SBD-000012', 'OBT-000141', 1200, 133.0000, 'JPH94', '2024-01-01'),
(5133, 'T2022120028', '0000-00-00', '2022-09-30', 'SBD-000012', 'OBT-000142', 760, 494.0000, 'JPH97', '2024-01-01'),
(5134, 'T2022120028', '0000-00-00', '2022-09-30', 'SBD-000012', 'OBT-000144', 50, 1229.0000, 'JPH98', '2024-01-01'),
(5135, 'T2022120028', '0000-00-00', '2022-09-30', 'SBD-000012', 'OBT-000146', 10, 4090.0000, 'JPH99', '2024-01-01'),
(5136, 'T2022120028', '0000-00-00', '2022-09-30', 'SBD-000012', 'OBT-000158', 2307, 359.7000, 'JPH100', '2024-01-01'),
(5137, 'T2022120028', '0000-00-00', '2022-09-30', 'SBD-000012', 'OBT-000159', 4400, 77.0000, 'JPH101', '2024-01-01'),
(5089, 'T2022120028', '0000-00-00', '2022-09-30', 'SBD-000012', 'OBT-000290', 4, 2665.0000, 'JPH53', '2024-01-01'),
(5102, 'T2022120028', '0000-00-00', '2022-09-30', 'SBD-000012', 'OBT-000295', 100, 1050.0000, 'JPH66', '2024-01-01'),
(5105, 'T2022120028', '0000-00-00', '2022-09-30', 'SBD-000012', 'OBT-000299', 15, 3200.0000, 'JPH69', '2024-01-01'),
(5107, 'T2022120028', '0000-00-00', '2022-09-30', 'SBD-000012', 'OBT-000302', 100, 5790.0000, 'JPH71', '2024-01-01'),
(5109, 'T2022120028', '0000-00-00', '2022-09-30', 'SBD-000012', 'OBT-000304', 50, 6000.0000, 'JPH73', '2024-01-01'),
(5119, 'T2022120028', '0000-00-00', '2022-09-30', 'SBD-000012', 'OBT-000305', 90, 2657.0000, 'JPH83', '2024-01-01'),
(5127, 'T2022120028', '0000-00-00', '2022-09-30', 'SBD-000012', 'OBT-000307', 19, 9560.1300, 'JPH91', '2024-01-01'),
(5132, 'T2022120028', '0000-00-00', '2022-09-30', 'SBD-000012', 'OBT-000310', 312, 1010.1000, 'JPH96', '2024-01-01'),
(5082, 'T2022120028', '0000-00-00', '2022-09-30', 'SBD-000012', 'OBT-000339', 350, 748.0000, 'JPH46', '2024-01-01'),
(5140, 'T2022120029', '0000-00-00', '2022-12-05', 'SBD-000012', 'OBT-000161', 560, 117.0000, 'JPH106', '2024-01-01'),
(5141, 'T2022120029', '0000-00-00', '2022-12-05', 'SBD-000012', 'OBT-000162', 38, 3765.0000, 'JPH107', '2024-01-01'),
(5143, 'T2022120029', '0000-00-00', '2022-12-05', 'SBD-000012', 'OBT-000164', 19, 1900.0000, 'JPH109', '2024-01-01'),
(5144, 'T2022120029', '0000-00-00', '2022-12-05', 'SBD-000012', 'OBT-000167', 752, 1276.5000, 'JPH110', '2024-01-01'),
(5145, 'T2022120029', '0000-00-00', '2022-12-05', 'SBD-000012', 'OBT-000169', 103, 6800.0000, 'JPH111', '2024-01-01'),
(5146, 'T2022120029', '0000-00-00', '2022-12-05', 'SBD-000012', 'OBT-000170', 1074, 123.0000, 'JPH112', '2024-01-01'),
(5147, 'T2022120029', '0000-00-00', '2022-12-05', 'SBD-000012', 'OBT-000171', 16, 7405.2000, 'JPH113', '2024-01-01'),
(5155, 'T2022120029', '0000-00-00', '2022-12-05', 'SBD-000012', 'OBT-000176', 15, 27750.0000, 'JPH121', '2024-01-01'),
(5151, 'T2022120029', '0000-00-00', '2022-12-05', 'SBD-000012', 'OBT-000177', 76, 7700.0000, 'JPH117', '2024-01-01'),
(5153, 'T2022120029', '0000-00-00', '2022-12-05', 'SBD-000012', 'OBT-000180', 50, 3500.0000, 'JPH119', '2024-01-01'),
(5154, 'T2022120029', '0000-00-00', '2022-12-05', 'SBD-000012', 'OBT-000181', 200, 1126.0000, 'JPH120', '2024-01-01'),
(5156, 'T2022120029', '0000-00-00', '2022-12-05', 'SBD-000012', 'OBT-000182', 30, 9065.0000, 'JPH122', '2024-01-01'),
(5157, 'T2022120029', '0000-00-00', '2022-12-05', 'SBD-000012', 'OBT-000183', 134, 4976.0000, 'JPH123', '2024-01-01'),
(5158, 'T2022120029', '0000-00-00', '2022-12-05', 'SBD-000012', 'OBT-000184', 134, 1107.0000, 'JPH124', '2024-01-01'),
(5159, 'T2022120029', '0000-00-00', '2022-12-05', 'SBD-000012', 'OBT-000185', 100, 3141.3500, 'JPH125', '2024-01-01'),
(5161, 'T2022120029', '0000-00-00', '2022-12-05', 'SBD-000012', 'OBT-000187', 1193, 146.3200, 'JPH127', '2024-01-01'),
(5162, 'T2022120029', '0000-00-00', '2022-12-05', 'SBD-000012', 'OBT-000188', 8, 59500.0000, 'JPH128', '2024-01-01'),
(5163, 'T2022120029', '0000-00-00', '2022-12-05', 'SBD-000012', 'OBT-000189', 400, 175.0000, 'JPH129', '2024-01-01'),
(5164, 'T2022120029', '0000-00-00', '2022-12-05', 'SBD-000012', 'OBT-000191', 10, 2800.0000, 'JPH130', '2024-01-01'),
(5165, 'T2022120029', '0000-00-00', '2022-12-05', 'SBD-000012', 'OBT-000194', 3618, 68.0000, 'JPH131', '2024-01-01'),
(5166, 'T2022120029', '0000-00-00', '2022-12-05', 'SBD-000012', 'OBT-000195', 100, 56.0000, 'JPH132', '2024-01-01'),
(5167, 'T2022120029', '0000-00-00', '2022-12-05', 'SBD-000012', 'OBT-000197', 1225, 85.0000, 'JPH133', '2024-01-01'),
(5168, 'T2022120029', '0000-00-00', '2022-12-05', 'SBD-000012', 'OBT-000198', 50, 814.0000, 'JPH134', '2024-01-01'),
(5170, 'T2022120029', '0000-00-00', '2022-12-05', 'SBD-000012', 'OBT-000207', 320, 7630.0000, 'JPH136', '2024-01-01'),
(5171, 'T2022120029', '0000-00-00', '2022-12-05', 'SBD-000012', 'OBT-000208', 730, 377.0000, 'JPH137', '2024-01-01'),
(5174, 'T2022120029', '0000-00-00', '2022-12-05', 'SBD-000012', 'OBT-000211', 18, 1410.0000, 'JPH140', '2024-01-01'),
(5175, 'T2022120029', '0000-00-00', '2022-12-05', 'SBD-000012', 'OBT-000212', 14, 920.0000, 'JPH141', '2024-01-01'),
(5176, 'T2022120029', '0000-00-00', '2022-12-05', 'SBD-000012', 'OBT-000213', 14, 23820.6000, 'JPH142', '2024-01-01'),
(5177, 'T2022120029', '0000-00-00', '2022-12-05', 'SBD-000012', 'OBT-000215', 5, 517132.0000, 'JPH143', '2024-01-01'),
(5178, 'T2022120029', '0000-00-00', '2022-12-05', 'SBD-000012', 'OBT-000216', 10, 138925.0000, 'JPH144', '2024-01-01'),
(5179, 'T2022120029', '0000-00-00', '2022-12-05', 'SBD-000012', 'OBT-000217', 2015, 43.0000, 'JPH145', '2024-01-01'),
(5180, 'T2022120029', '0000-00-00', '2022-12-05', 'SBD-000012', 'OBT-000220', 778, 68.0000, 'JPH146', '2024-01-01'),
(5182, 'T2022120029', '0000-00-00', '2022-12-05', 'SBD-000012', 'OBT-000222', 300, 1763.0000, 'JPH148', '2024-01-01'),
(5183, 'T2022120029', '0000-00-00', '2022-12-05', 'SBD-000012', 'OBT-000228', 770, 893.0000, 'JPH149', '2024-01-01'),
(5191, 'T2022120029', '0000-00-00', '2022-12-05', 'SBD-000012', 'OBT-000229', 7845, 156.2000, 'JPH157', '2024-01-01'),
(5184, 'T2022120029', '0000-00-00', '2022-12-05', 'SBD-000012', 'OBT-000230', 874, 1236.5400, 'JPH150', '2024-01-01'),
(5185, 'T2022120029', '0000-00-00', '2022-12-05', 'SBD-000012', 'OBT-000232', 1460, 287.0000, 'JPH151', '2024-01-01'),
(5186, 'T2022120029', '0000-00-00', '2022-12-05', 'SBD-000012', 'OBT-000233', 820, 91.0000, 'JPH152', '2024-01-01'),
(5187, 'T2022120029', '0000-00-00', '2022-12-05', 'SBD-000012', 'OBT-000237', 56, 6660.0000, 'JPH153', '2024-01-01'),
(5188, 'T2022120029', '0000-00-00', '2022-12-05', 'SBD-000012', 'OBT-000238', 1000, 42.0000, 'JPH154', '2024-01-01'),
(5189, 'T2022120029', '0000-00-00', '2022-12-05', 'SBD-000012', 'OBT-000241', 400, 208.0000, 'JPH155', '2024-01-01'),
(5190, 'T2022120029', '0000-00-00', '2022-12-05', 'SBD-000012', 'OBT-000242', 34, 4459.0000, 'JPH156', '2024-01-01'),
(5148, 'T2022120029', '0000-00-00', '2022-12-05', 'SBD-000012', 'OBT-000266', 566, 235.6600, 'JPH114', '2024-01-01'),
(5172, 'T2022120029', '0000-00-00', '2022-12-05', 'SBD-000012', 'OBT-000269', 1512, 70.0000, 'JPH138', '2024-01-01'),
(5139, 'T2022120029', '0000-00-00', '2022-12-05', 'SBD-000012', 'OBT-000312', 285, 102.0000, 'JPH105', '2024-01-01'),
(5142, 'T2022120029', '0000-00-00', '2022-12-05', 'SBD-000012', 'OBT-000313', 120, 292.5100, 'JPH108', '2024-01-01'),
(5149, 'T2022120029', '0000-00-00', '2022-12-05', 'SBD-000012', 'OBT-000317', 620, 225.3300, 'JPH115', '2024-01-01'),
(5150, 'T2022120029', '0000-00-00', '2022-12-05', 'SBD-000012', 'OBT-000318', 30, 560.0000, 'JPH116', '2024-01-01'),
(5152, 'T2022120029', '0000-00-00', '2022-12-05', 'SBD-000012', 'OBT-000319', 6, 7700.0000, 'JPH118', '2024-01-01'),
(5169, 'T2022120029', '0000-00-00', '2022-12-05', 'SBD-000012', 'OBT-000325', 7, 9900.0000, 'JPH135', '2024-01-01'),
(5173, 'T2022120029', '0000-00-00', '2022-12-05', 'SBD-000012', 'OBT-000326', 1200, 70.0000, 'JPH139', '2024-01-01'),
(5181, 'T2022120029', '0000-00-00', '2022-12-05', 'SBD-000012', 'OBT-000329', 50, 1.0000, 'JPH147', '2024-01-01'),
(5160, 'T2022120029', '0000-00-00', '2022-12-05', 'SBD-000012', 'OBT-000383', 927, 67.0000, 'JPH126', '2024-01-01'),
(5138, 'T2022120029', '0000-00-00', '2022-12-05', 'SBD-000012', 'OBT-000393', 50, 10800.0000, 'JPH104', '2024-01-01'),
(5192, 'T2022120030', '0000-00-00', '2022-09-30', 'SBD-000005', 'OBT-000414', 3, 57200.0000, 'bgrjxxx', '2025-12-01'),
(5193, 'T2022120031', '0000-00-00', '2022-09-30', 'SBD-000012', 'OBT-000048', 1694, 248.0000, 'jph036', '2024-12-01'),
(5194, 'T2022120032', '0000-00-00', '2022-09-30', 'SBD-000012', 'OBT-000406', 2, 1199985.0000, 'kdtubanxx', '2025-12-01');

-- --------------------------------------------------------

--
-- Struktur dari tabel `menu_anak`
--

CREATE TABLE `menu_anak` (
  `id` int(11) NOT NULL DEFAULT 0,
  `menu_induk_id` int(11) NOT NULL DEFAULT 0,
  `menu_name` varchar(30) DEFAULT NULL,
  `menu_caption` varchar(50) DEFAULT NULL
) ENGINE=InnoDB DEFAULT CHARSET=latin1 COLLATE=latin1_swedish_ci;



-- --------------------------------------------------------

--
-- Struktur dari tabel `menu_induk`
--

CREATE TABLE `menu_induk` (
  `id` int(11) NOT NULL DEFAULT 0,
  `menu_name` varchar(30) DEFAULT NULL,
  `menu_caption` varchar(50) DEFAULT NULL
) ENGINE=InnoDB DEFAULT CHARSET=latin1 COLLATE=latin1_swedish_ci;

--
-- Dumping data untuk tabel `menu_induk`
--

INSERT INTO `menu_induk` (`id`, `menu_name`, `menu_caption`) VALUES
(1, 'mnuMaster', 'File Master'),
(2, 'mnuTransaksi', 'Transaksi'),
(3, 'mnuLaporan', 'Laporan'),
(4, 'mnuUtility', 'Utility');

-- --------------------------------------------------------

--
-- Struktur dari tabel `mst_mintaobat`
--

CREATE TABLE `mst_mintaobat` (
  `no_dok` varchar(14) NOT NULL,
  `tgl_dok` date NOT NULL,
  `ref` varchar(10) DEFAULT NULL,
  `kd_puskesmas` varchar(10) DEFAULT NULL,
  `kd_sumberdana` varchar(10) DEFAULT NULL,
  `ket` varchar(100) DEFAULT NULL,
  `id_user` varchar(10) DEFAULT NULL,
  `flag_input` char(1) DEFAULT '0',
  `lock` char(1) DEFAULT NULL,
  `verify` int(11) NOT NULL DEFAULT 0,
  `dateverify` datetime NOT NULL,
  `createdate` datetime NOT NULL DEFAULT current_timestamp()
) ENGINE=InnoDB DEFAULT CHARSET=latin1 COLLATE=latin1_swedish_ci;

--
-- Dumping data untuk tabel `mst_mintaobat`
--

INSERT INTO `mst_mintaobat` (`no_dok`, `tgl_dok`, `ref`, `kd_puskesmas`, `kd_sumberdana`, `ket`, `id_user`, `flag_input`, `lock`, `verify`, `dateverify`, `createdate`) VALUES
('BGJM2023020001', '2022-09-30', 'BOGOREJO02', 'PKS00001', NULL, 'stok awal TW 4 2022', '', '1', '1', 1, '2023-02-23 14:18:01', '2023-02-23 14:17:36'),
('BGJM2023020002', '2022-09-30', 'BOGOREJO03', 'PKS00001', NULL, 'stok awal TW 4 2022', '', '1', '1', 1, '2023-02-23 14:51:47', '2023-02-23 14:51:32'),
('BLRM2023020001', '2022-09-30', 'BLORA03', 'PKS00003', NULL, 'stok awal TW 4 2022', '', '1', '1', 1, '2023-02-24 23:18:31', '2023-02-24 23:18:19'),
('CPUM2022120001', '2022-09-30', '824.1/01.1', 'PKS00004', NULL, 'Stok Awal Okt (lanjutan)', '', '1', '1', 1, '2022-12-24 10:52:53', '2022-12-24 10:41:44'),
('CPUM2022120002', '2022-09-30', '824.1/01.2', 'PKS00004', NULL, 'Stok Awal Okt (lanjutan)', '', '1', '1', 1, '2022-12-24 11:27:22', '2022-12-24 11:18:37'),
('CPUM2022120003', '2022-09-30', '824.1/01.3', 'PKS00004', NULL, 'Stok Awal Okt (lanjutan)', '', '1', '1', 1, '2022-12-24 11:51:43', '2022-12-24 11:51:04'),
('CPUM2022120004', '2022-09-30', '824.1/01.4', 'PKS00004', NULL, 'Stok Awal Okt (lanjutan)', '', '1', '1', 1, '2022-12-24 11:58:22', '2022-12-24 11:56:08'),
('CPUM2023020001', '2022-12-01', 'Cepu01', 'PKS00004', NULL, 'Permintaan bulan Oktober-Desember 2022', '', '1', '1', 1, '2023-02-15 19:44:48', '2023-02-15 19:43:59'),
('CPUM2023020002', '2022-12-02', 'CEPU02', 'PKS00004', NULL, 'Permintaan bulan Oktober-Desember 2022', '', '1', '1', 1, '2023-02-15 21:38:46', '2023-02-15 20:29:03'),
('CPUM2023020003', '2022-12-02', 'CEPU03', 'PKS00004', NULL, 'Permintaan bulan Oktober-Desember 2022', '', '1', '1', 1, '2023-02-15 21:38:57', '2023-02-15 21:37:50'),
('CPUM2023020004', '2022-09-30', 'CEPU 06', 'PKS00004', NULL, 'stok awal TW 4 2022', '', '0', '0', 1, '2023-02-15 22:07:04', '2023-02-15 22:06:49'),
('DPLM2023030001', '2022-10-30', 'DPLM202303', 'PKS00005', NULL, 'stok awal doplang', '', '1', '1', 1, '2023-03-07 10:24:53', '2023-03-07 09:36:13'),
('DPLM2023030002', '2022-10-30', 'DPLM202303', 'PKS00005', NULL, 'stok awal doplang 2', '', '1', '1', 1, '2023-03-07 10:43:39', '2023-03-07 10:30:44'),
('GDRM2022120001', '2022-09-30', 'SO', 'PKS00006', NULL, 'STOK AWAL PUSKESMAS GONDORIYO', '', '1', '1', 1, '2022-12-15 22:52:17', '2022-12-15 22:50:49'),
('GDRM2023020001', '2022-12-31', 'SO', 'PKS00006', NULL, 'STOK AKHIR TW IV PUSKESMAS GONDORIYO', '', '1', '1', 0, '0000-00-00 00:00:00', '2023-02-25 12:09:47'),
('GDRM2023050001', '2022-10-01', 'GONDORIYO0', 'PKS00006', NULL, 'stok awal TW 4 2022', '', '1', '1', 1, '2023-05-09 10:40:44', '2023-05-09 10:40:26'),
('GDRM2023050002', '2022-10-01', 'GONDORIYO0', 'PKS00006', NULL, 'stok awal TW 4 2022', '', '1', '1', 1, '2023-05-09 13:24:37', '2023-05-09 13:22:45'),
('JKNM2022120001', '2022-09-30', '0001', NULL, NULL, 'STOK AWAL TW IV', NULL, '0', '', 0, '0000-00-00 00:00:00', '2022-12-15 13:59:56'),
('JKNM2023020001', '2022-09-30', '01', 'PKS00007', NULL, 'STOK AKHIR TW 3', NULL, '1', '1', 0, '0000-00-00 00:00:00', '2023-02-20 08:53:33'),
('JKNM2023030001', '2022-09-30', '01', 'PKS00007', NULL, 'STOK AKHIR TW 3', NULL, '0', '', 1, '2023-03-07 13:20:40', '2023-03-07 11:27:57'),
('JKNM2023030002', '2022-09-30', 'JIKEN02M', 'PKS00007', NULL, 'stok awal TW 4 2022', '', '1', '1', 0, '0000-00-00 00:00:00', '2023-03-08 18:26:05'),
('JKNM2023030003', '2022-09-30', 'JIKEN03M', 'PKS00007', NULL, 'stok awal TW 4 2022', '', '0', '', 1, '2023-03-21 21:38:39', '2023-03-21 21:38:06'),
('JPHM2023030001', '2023-03-06', '00002', 'PKS00008', NULL, 'permintaan oktober-desember 2022', '', '0', '', 0, '0000-00-00 00:00:00', '2023-03-06 12:44:41'),
('JPNM2022120001', '2022-09-30', 'a', 'PKS00009', NULL, 'stok awal oktober', '', '1', '1', 1, '2022-12-17 09:02:07', '2022-12-17 09:01:01'),
('JPNM2023020001', '2022-09-30', 'JEPON02', 'PKS00009', NULL, 'stok awal TW 4 2022', '', '1', '1', 1, '2023-02-25 18:52:17', '2023-02-25 18:52:04'),
('JPNM2023020002', '2022-09-30', 'JEPON03', 'PKS00009', NULL, 'stok awal TW 4 2022', '', '1', '1', 1, '2023-02-25 19:02:32', '2023-02-25 19:02:17'),
('KDRM2023030001', '2022-09-30', 'KUNDURAN01', 'PKS00010', NULL, 'Pengadaan DAK 2022', '', '1', '1', 1, '2023-04-04 17:58:27', '2023-03-30 06:04:36'),
('KDRM2023030002', '2022-09-30', 'KUNDURAN02', 'PKS00010', NULL, 'stok awal TW 4 2022', '', '1', '1', 1, '2023-04-04 17:58:37', '2023-03-30 08:09:43'),
('KDRM2023030003', '2022-09-30', 'KUNDURAN03', 'PKS00010', NULL, 'stok awal TW 4 2022', '', '1', '1', 1, '2023-04-04 17:59:01', '2023-03-30 11:10:02'),
('KDRM2023040001', '2022-09-30', 'KUNDURAN04', 'PKS00010', NULL, 'stok awal TW 4 2022', '', '1', '1', 1, '2023-04-04 17:59:12', '2023-04-03 10:11:50'),
('KDRM2023040002', '2022-09-30', 'KUNDURAN05', 'PKS00010', NULL, 'stok awal TW 4 2022', '', '1', '1', 1, '2023-04-04 17:59:40', '2023-04-04 17:26:42'),
('KDRM2023040003', '2022-09-30', 'KUNDURAN06', 'PKS00010', NULL, 'stok awal TW 4 2022', '', '1', '1', 1, '2023-04-04 17:59:51', '2023-04-04 17:58:17'),
('KDRM2023040004', '2022-10-01', 'KUNDURAN07', 'PKS00010', NULL, 'stok awal TW 4 2022', '', '1', '1', 1, '2023-04-12 07:54:35', '2023-04-12 07:54:22'),
('KDRM2023050001', '2023-05-29', 'kunduran 0', 'PKS00010', NULL, 'permintaan obat bln okt - des2022', '', '1', '1', 0, '0000-00-00 00:00:00', '2023-05-29 10:49:53'),
('KDTM2023040001', '2022-10-01', 'KEDUNGTUBA', 'PKS00012', NULL, 'stok awal TW 4 2022', '', '1', '1', 1, '2023-04-12 09:19:37', '2023-04-12 09:19:04'),
('KPNM2023030001', '2022-09-30', 'Kapuan01M', 'PKS00011', NULL, 'stok awal TW 4 2022', '', '1', '1', 1, '2023-03-28 11:04:37', '2023-03-27 12:08:00'),
('KPNM2023030002', '2022-09-30', 'Kapuan02M', 'PKS00011', NULL, 'stok awal TW 4 2022', '', '1', '1', 1, '2023-03-28 11:04:46', '2023-03-27 13:02:32'),
('KPNM2023030003', '2022-09-30', 'Kapuan03M', 'PKS00011', NULL, 'stok awal TW 4 2022', '', '1', '1', 1, '2023-03-28 11:04:55', '2023-03-27 13:21:01'),
('KPNM2023040001', '2022-10-01', 'Kapuan04M', 'PKS00011', NULL, 'stok awal TW 4 2022', '', '1', '1', 1, '2023-04-11 09:32:21', '2023-04-11 09:32:08'),
('KTKM2022120001', '2022-09-30', 'KTKM202212', 'PKS00013', NULL, 'STOK AKHIR TW 3 2022', '', '1', '1', 1, '2022-12-16 10:44:03', '2022-12-16 10:03:20'),
('KTKM2022120002', '2022-09-30', 'KTKM202212', 'PKS00013', NULL, 'STOK AKHIR TW 3 2022 PART 2', '', '1', '1', 1, '2022-12-16 10:44:13', '2022-12-16 10:43:29'),
('KTKM2023020001', '2022-09-30', 'kutukan03', 'PKS00013', NULL, 'stok awal TW 4 2022', '', '1', '1', 1, '2023-02-23 21:21:17', '2023-02-23 21:21:03'),
('KTKM2023020002', '2022-09-30', 'kutukan04', 'PKS00013', NULL, 'stok awal TW 4 2022', '', '1', '1', 1, '2023-02-23 21:34:16', '2023-02-23 21:34:07'),
('KTKM2023020003', '2022-09-30', 'kutukan05', 'PKS00013', NULL, 'stok awal TW 4 2022', '', '1', '1', 1, '2023-02-23 21:56:32', '2023-02-23 21:56:19'),
('KTWM2023030001', '2022-09-30', 'KETUAN01M', 'PKS00014', NULL, 'stok awal TW 4 2022', '', '1', '1', 1, '2023-03-28 11:02:19', '2023-03-27 17:43:10'),
('KTWM2023030002', '2022-09-30', 'KETUAN02M', 'PKS00014', NULL, 'stok awal TW 4 2022', '', '1', '1', 1, '2023-03-28 11:02:29', '2023-03-27 18:50:29'),
('KTWM2023030003', '2022-09-30', 'KETUAN03M', 'PKS00014', NULL, 'stok awal TW 4 2022', '', '1', '1', 1, '2023-03-28 11:02:37', '2023-03-28 10:34:29'),
('KTWM2023030004', '2022-09-30', 'KETUAN04M', 'PKS00014', NULL, 'stok awal TW 4 2022', '', '1', '1', 1, '2023-03-28 11:02:46', '2023-03-28 11:00:33'),
('KTWM2023040001', '2022-09-30', 'KETUAN05M', 'PKS00014', NULL, 'stok awal TW 4 2022', '', '1', '1', 1, '2023-04-11 08:57:32', '2023-04-11 08:51:22'),
('KTWM2023040002', '2022-10-01', 'REVISI TW ', 'PKS00014', NULL, 'stok awal TW 4 2022', '', '1', '1', 1, '2023-04-17 13:19:48', '2023-04-17 13:19:36'),
('M2022110001', '2022-09-29', 'M202211000', 'PKS00026', NULL, 'saldo awal', '', '1', '1', 1, '2022-11-10 19:58:15', '2022-11-10 19:57:29'),
('M2022110002', '2022-09-29', 'M202211000', 'PKS00026', NULL, 'saldo awal', '', '1', '1', 1, '2022-11-16 15:27:39', '2022-11-16 15:27:24'),
('M2022110003', '2022-09-30', 'M202211000', 'PKS00020', NULL, 'saldo awal randu blatung', '', '1', '1', 1, '2022-11-20 15:27:18', '2022-11-20 15:18:25'),
('M2022120001', '2022-09-30', '824.1/01/0', 'PKS00004', NULL, 'Stok awal OKT', '', '0', '0', 1, '2022-12-05 19:15:13', '2022-12-05 19:14:43'),
('M2022120002', '2022-09-30', '00001', 'PKS00008', NULL, 'Stok Awal TW 3', '', '1', '1', 1, '2022-12-07 09:10:07', '2022-12-06 14:00:13'),
('M2022120003', '2022-09-30', '0001', 'PKS00026', NULL, 'STOK AWAL TW 3', '', '1', '1', 1, '2022-12-07 10:09:03', '2022-12-06 23:26:23'),
('M2022120004', '2022-09-30', '2022120004', 'PKS00005', NULL, 'Saldo tw 3', '', '1', '1', 1, '2022-12-07 09:31:40', '2022-12-07 08:28:28'),
('M2022120005', '2022-09-30', '0001', 'PKS00003', NULL, 'STOK AWAL TW III', '', '1', '1', 1, '2023-02-24 08:54:56', '2022-12-07 09:05:54'),
('M2022120006', '2022-09-30', '001/BGR/XI', 'PKS00001', NULL, 'STOK AKHIR TW 3', '', '1', '1', 1, '2022-12-09 08:26:01', '2022-12-07 09:50:16'),
('M2022120007', '2022-12-07', '001/SMBG/X', 'PKS00024', NULL, 'STOK AWAL', '', '1', '1', 1, '2022-12-15 10:12:25', '2022-12-07 13:40:41'),
('M2022120008', '2022-09-30', '0002', 'PKS00003', NULL, 'STOK AKHIR TW III', '', '1', '1', 1, '2023-02-24 08:55:08', '2022-12-07 14:59:58'),
('M2022120009', '2022-10-01', 'M202212000', 'PKS00005', NULL, 'Revisi Stok awal TW4', '', '1', '1', 1, '2022-12-07 19:26:11', '2022-12-07 19:25:56'),
('M2022120011', '2022-09-30', 'SO', 'PKS00006', NULL, 'STOK AWAL PUSKESMAS GONDORIYO', '', '0', '', 0, '0000-00-00 00:00:00', '2022-12-08 11:12:28'),
('M2022120012', '2022-09-30', 'SO', 'PKS00012', NULL, 'STOK AWAL PUSKESMAS KEDUNGTUBAN', '', '1', '1', 1, '2023-04-12 08:33:15', '2022-12-08 12:36:13'),
('M2022120013', '2022-12-08', 'SO', 'PKS00006', NULL, 'STOK AKHIR TW', '', '0', '', 0, '0000-00-00 00:00:00', '2022-12-08 14:49:44'),
('M2022120014', '2022-12-01', 'STOK AWAL', 'PKS00008', NULL, 'Penyesuaian Stok awal TW 4', '', '1', '1', 1, '2022-12-09 09:57:35', '2022-12-09 09:56:19'),
('M2022120015', '2022-09-30', '1', 'PKS00002', NULL, 'Stok Awal TW 4', '', '1', '1', 1, '2022-12-10 07:54:17', '2022-12-10 07:54:00'),
('M2022120017', '2022-09-30', 'SO', 'PKS00016', NULL, 'STOK AWAL TW 4', '', '1', '1', 1, '2022-12-12 13:07:55', '2022-12-10 10:26:21'),
('M2022120019', '2022-09-30', 'M202212001', 'PKS00015', NULL, 'Stok akhir TW 3', '', '0', '0', 1, '2022-12-15 13:41:37', '2022-12-13 11:08:11'),
('M2022120020', '2022-09-30', 'SALDO AWAL', 'PKS00016', NULL, 'Penyesuaian Stok awal TW4', '', '1', '1', 1, '2022-12-13 20:16:28', '2022-12-13 20:15:58'),
('MDGM2022120001', '2022-09-30', 'MDGM202212', 'PKS00015', NULL, 'Saldo akhir TW III', '', '1', '1', 1, '2022-12-15 13:41:56', '2022-12-14 14:06:07'),
('MDGM2023020001', '2022-09-30', 'MEDANG03', 'PKS00015', NULL, 'stok awal TW 4 2022', '', '1', '1', 1, '2023-02-24 18:31:10', '2023-02-24 18:30:53'),
('MDGM2023020002', '2022-09-30', 'MEDANG04', 'PKS00015', NULL, 'stok awal TW 4 2022', '', '1', '1', 1, '2023-02-24 20:13:17', '2023-02-24 20:11:32'),
('MDGM2023030001', '2023-03-08', 'MDGM202303', 'PKS00015', NULL, 'Penerimaan OKT-DES 2022', '', '1', '1', 0, '0000-00-00 00:00:00', '2023-03-08 09:32:45'),
('MDGM2023030002', '2023-03-08', 'MDGM202303', 'PKS00015', NULL, 'Penerimaan OKT-DES 2022', '', '1', '1', 0, '0000-00-00 00:00:00', '2023-03-08 09:42:30'),
('MDNM2023030001', '2022-10-12', '01', 'PKS00016', NULL, 'Okt-Des', '', '0', '', 1, '2023-03-18 08:57:26', '2023-03-18 08:32:20'),
('MDNM2023030002', '2022-12-12', 'menden 02', 'PKS00016', NULL, 'Okt-Des', '', '0', '', 1, '2023-03-18 08:57:39', '2023-03-18 08:56:49'),
('NGWM2023030001', '2022-09-30', 'NGAWEN01M', 'PKS00018', NULL, 'stok awal TW 4 2022', '', '1', '1', 1, '2023-03-08 15:08:41', '2023-03-08 15:06:16'),
('NGWM2023030002', '2022-09-30', 'NGAWEN02M', 'PKS00018', NULL, 'stok awal TW 4 2022', '', '1', '1', 1, '2023-03-28 11:03:19', '2023-03-27 13:46:00'),
('NGWM2023030003', '2022-09-30', 'NGAWEN03M', 'PKS00018', NULL, 'stok awal TW 4 2022', '', '1', '1', 1, '2023-03-28 11:03:27', '2023-03-27 14:24:38'),
('NGWM2023030004', '2022-09-30', 'NGAWEN04M', 'PKS00018', NULL, 'stok awal TW 4 2022', '', '1', '1', 1, '2023-03-28 11:03:36', '2023-03-27 14:37:47'),
('NGWM2023030005', '2022-09-30', 'NGAWEN05M', 'PKS00018', NULL, 'stok awal TW 4 2022', '', '1', '1', 1, '2023-03-28 11:03:44', '2023-03-27 14:44:51'),
('NGWM2023040001', '2022-10-01', 'NGAWEN06M', 'PKS00018', NULL, 'stok awal TW 4 2022', '', '1', '1', 1, '2023-04-11 09:41:58', '2023-04-11 09:41:51'),
('NTRM2022120001', '2022-09-30', '001/NGROTO', 'PKS00017', NULL, 'Stok Awal', '', '1', '1', 0, '0000-00-00 00:00:00', '2022-12-19 15:22:23'),
('NTRM2023030001', '2022-09-30', 'NGROTO02M', 'PKS00017', NULL, 'stok awal TW 4 2022', '', '1', '1', 0, '0000-00-00 00:00:00', '2023-03-07 15:00:40'),
('NTRM2023030002', '2022-09-30', 'NGROTO03M', 'PKS00017', NULL, 'stok awal TW 4 2022', '', '1', '1', 1, '2023-03-07 18:16:48', '2023-03-07 18:16:09'),
('PDLM2023030001', '2022-09-30', 'PULEDAGEL0', 'PKS00019', NULL, 'stok awal TW 4 2022', '', '1', '1', 1, '2023-03-30 05:44:51', '2023-03-28 13:02:52'),
('PDLM2023030002', '2022-09-30', 'PULEDAGEL0', 'PKS00019', NULL, 'stok awal TW 4 2022', '', '1', '1', 1, '2023-03-30 05:45:02', '2023-03-28 14:04:03'),
('PDLM2023030003', '2022-09-30', 'PULEDAGEL0', 'PKS00019', NULL, 'stok awal TW 4 2022', '', '1', '1', 1, '2023-03-30 05:45:10', '2023-03-30 05:21:56'),
('PDLM2023030004', '2023-03-29', 'PULEDAGEL0', 'PKS00019', NULL, 'stok awal TW 4 2022', '', '1', '1', 1, '2023-03-30 05:45:18', '2023-03-30 05:44:40'),
('PDLM2023040001', '2022-10-01', 'PULEDAGEL0', 'PKS00019', NULL, 'stok awal TW 4 2022', '', '1', '1', 1, '2023-04-11 07:22:39', '2023-04-11 07:22:27'),
('RBTM2022120001', '2022-09-30', 'S0', 'PKS00020', NULL, 'Stok awal TW4', '', '1', '1', 1, '2022-12-15 11:01:03', '2022-12-15 10:49:13'),
('RBTM2022120002', '2022-09-30', 'S0', 'PKS00020', NULL, 'Stok awal TW4', '', '1', '1', 1, '2022-12-15 11:22:03', '2022-12-15 11:09:47'),
('RBTM2023030001', '2022-09-30', 'Randublatu', 'PKS00020', NULL, 'stok awal TW 4 2022', '', '1', '1', 1, '2023-03-19 22:32:29', '2023-03-19 21:31:41'),
('RBTM2023030002', '2022-09-30', 'Randublatu', 'PKS00020', NULL, 'stok awal TW 4 2022', '', '1', '1', 1, '2023-03-19 22:32:40', '2023-03-19 22:31:35'),
('RBTM2023030003', '2022-09-30', 'Randublatu', 'PKS00020', NULL, 'stok awal TW 4 2022', '', '1', '1', 1, '2023-03-24 12:27:58', '2023-03-24 12:27:48'),
('RDWM2022120001', '2022-09-30', 'SO', 'PKS00021', NULL, 'Stok Awal Puskesmas RANDULAWANG', '', '1', '1', 1, '2022-12-19 08:09:03', '2022-12-17 09:17:59'),
('RDWM2023030001', '2022-09-30', 'RANDULAWAN', 'PKS00021', NULL, 'stok awal TW 4 2022', '', '1', '1', 1, '2023-03-07 13:53:51', '2023-03-07 13:53:28'),
('RWBM2022120001', '2022-09-30', 'STOK AKHIR', 'PKS00022', NULL, 'STOK AKHIR TW3 ', '', '1', '1', 0, '2023-03-08 09:18:17', '2022-12-20 09:34:34'),
('RWBM2023020001', '2022-09-30', 'ROWOBUNGKU', 'PKS00022', NULL, 'stok awal TW 4 2022', '', '1', '1', 1, '2023-02-25 22:03:44', '2023-02-25 22:03:35'),
('RWBM2023030001', '2022-09-30', 'ROWOBUNGKU', 'PKS00022', NULL, 'stok awal TW 4 2022', '', '1', '1', 1, '2023-03-09 14:38:30', '2023-03-09 14:37:49'),
('RWBM2023030002', '2023-03-13', 'permintaan', 'PKS00022', NULL, 'permintaan okt-des 2022 01', '', '1', '1', 1, '2023-03-13 11:15:42', '2023-03-13 09:22:59'),
('RWBM2023030003', '2023-03-13', 'permintaan', 'PKS00022', NULL, 'permintaan okt-des 2022 02', '', '1', '1', 1, '2023-03-13 11:15:59', '2023-03-13 10:31:19'),
('RWBM2023030004', '2023-03-13', 'permintaan', 'PKS00022', NULL, 'permintaan okt-des 2022 03', '', '1', '1', 1, '2023-03-13 11:16:11', '2023-03-13 11:11:55'),
('RWBM2023030005', '2023-03-13', 'permintaan', 'PKS00022', NULL, 'permintaan okt-des 2022 04', '', '1', '1', 1, '2023-03-13 11:16:19', '2023-03-13 11:15:13'),
('SBGM2023030001', '2022-09-30', 'SAMBONG02M', 'PKS00024', NULL, 'stok awal TW 4 2022', '', '1', '1', 1, '2023-03-08 21:01:37', '2023-03-08 21:01:26'),
('SNKM2023030001', '2022-09-30', 'sonokidul0', 'PKS00023', NULL, 'stok AWAL TW4', '', '1', '1', 1, '2023-03-20 10:35:11', '2023-03-20 10:34:42'),
('SNKM2023030002', '2022-09-30', 'SONOKIDUL0', 'PKS00023', NULL, 'STOK AWAL TW 4', '', '1', '1', 1, '2023-03-20 11:01:24', '2023-03-20 11:00:58'),
('SNKM2023030003', '2023-03-20', 'SONOKIDUL ', 'PKS00023', NULL, 'STOK AWAL TW 4', '', '1', '1', 1, '2023-03-20 11:23:01', '2023-03-20 11:22:12'),
('SNKM2023030004', '2023-03-20', 'SONOKIDUL ', 'PKS00023', NULL, 'STOK AWAL TW 4', '', '1', '1', 1, '2023-03-20 11:36:02', '2023-03-20 11:35:25'),
('SNKM2023040001', '2022-10-01', 'SONOKIDUL0', 'PKS00023', NULL, 'stok awal TW 4 2022', '', '1', '1', 1, '2023-04-12 08:30:38', '2023-04-12 08:28:39'),
('SNKM2023040002', '2022-10-01', 'SONOKIDUL0', 'PKS00023', NULL, 'stok awal TW 4 2022', '', '1', '1', 1, '2023-04-12 10:17:55', '2023-04-12 10:17:42'),
('TDNM2023030001', '2023-03-23', 'PERTAMA', 'PKS00025', NULL, 'Stok awal TW 3', '', '1', '1', 1, '2023-04-11 07:59:58', '2023-03-23 15:44:34'),
('TDNM2023030002', '2023-03-23', 'KEDUA', 'PKS00025', NULL, 'STOK AWAL TW 3 LANJUT', '', '1', '1', 1, '2023-04-11 08:00:05', '2023-03-23 15:59:35'),
('TDNM2023030003', '2023-03-23', 'KETIGA', 'PKS00025', NULL, 'STOK AWAL TW 3 LANJUT', '', '1', '1', 1, '2023-04-11 08:00:24', '2023-03-23 16:11:30'),
('TDNM2023030004', '2023-03-23', 'KEEMPAT', 'PKS00025', NULL, 'STOK AWAL TW 3 LANJUT', '', '1', '1', 1, '2023-04-11 08:00:32', '2023-03-23 16:15:07'),
('TDNM2023040001', '2022-09-30', 'TODANAN05M', 'PKS00025', NULL, 'stok awal TW 4 2022', '', '1', '1', 1, '2023-04-11 08:00:40', '2023-04-11 07:59:46'),
('TJGM2023020001', '2022-09-30', 'tunjungan0', 'PKS00026', NULL, 'stok awal TW 4 2022', '', '1', '1', 1, '2023-02-26 19:50:04', '2023-02-26 19:49:41'),
('TJGM2023020002', '2022-09-30', 'TUNJUNGAN0', 'PKS00026', NULL, 'stok awal TW 4 2022', '', '1', '1', 1, '2023-02-26 20:18:01', '2023-02-26 20:17:32'),
('TJGM2023020003', '2022-09-30', 'tunjungan0', 'PKS00026', NULL, 'stok awal TW 4 2022', '', '1', '1', 1, '2023-02-26 20:25:05', '2023-02-26 20:22:27');

-- --------------------------------------------------------

--
-- Struktur dari tabel `mst_nomorbukti`
--

CREATE TABLE `mst_nomorbukti` (
  `no_buktiterimaobat` int(7) DEFAULT 0,
  `no_obatkeluar` int(7) DEFAULT NULL,
  `no_pakaiobatpuskesmas` int(7) DEFAULT NULL
) ENGINE=InnoDB DEFAULT CHARSET=latin1 COLLATE=latin1_swedish_ci;

--
-- Dumping data untuk tabel `mst_nomorbukti`
--

INSERT INTO `mst_nomorbukti` (`no_buktiterimaobat`, `no_obatkeluar`, `no_pakaiobatpuskesmas`) VALUES
(459, 7925, 2938);

-- --------------------------------------------------------

--
-- Struktur dari tabel `mst_obatkeluar`
--

CREATE TABLE `mst_obatkeluar` (
  `no_dok` varchar(14) NOT NULL,
  `no_dok_minta` varchar(20) NOT NULL,
  `tgl_dok` date NOT NULL,
  `ref` varchar(10) DEFAULT NULL,
  `kd_puskesmas` varchar(10) DEFAULT NULL,
  `kd_sumberdana` varchar(10) DEFAULT NULL,
  `ket` varchar(100) DEFAULT NULL,
  `id_user` varchar(10) DEFAULT NULL,
  `flag_input` char(1) DEFAULT NULL,
  `lock` char(1) DEFAULT NULL,
  `shp` float NOT NULL DEFAULT 0,
  `tgl_setuju` date NOT NULL,
  `tgl_kirim` datetime NOT NULL,
  `tgl_terima` datetime NOT NULL,
  `createdate` datetime NOT NULL DEFAULT current_timestamp()
) ENGINE=InnoDB DEFAULT CHARSET=latin1 COLLATE=latin1_swedish_ci;

--
-- Dumping data untuk tabel `mst_obatkeluar`
--

INSERT INTO `mst_obatkeluar` (`no_dok`, `no_dok_minta`, `tgl_dok`, `ref`, `kd_puskesmas`, `kd_sumberdana`, `ket`, `id_user`, `flag_input`, `lock`, `shp`, `tgl_setuju`, `tgl_kirim`, `tgl_terima`, `createdate`) VALUES
('ALKK2023020001', 'M2022120006', '2022-09-30', 'bogorejo 0', 'PKS00001', NULL, 'saldo tw3', '', '', '', 2, '2022-10-01', '2023-02-23 14:38:28', '2023-05-10 13:24:13', '2023-02-23 09:14:10'),
('ALKK2023030001', 'JKNM2023020001', '2023-03-06', 'saldo tw3 ', 'PKS00007', NULL, 'jiken', 'Ady Lakson', '', '', 2, '2022-10-01', '2023-03-08 17:52:59', '2023-05-10 13:27:44', '2023-03-06 15:05:56'),
('ALKK2023030002', 'SNKM2023030001', '2023-03-21', 'sonokid 1 ', 'PKS00023', NULL, 'sono kidul', 'Ady Lakson', '', '', 2, '2022-10-01', '2023-04-10 07:36:28', '2023-05-10 13:37:09', '2023-03-21 14:45:41'),
('ALKK2023030003', 'SNKM2023030002', '2023-03-24', 'sonokidul ', 'PKS00023', NULL, 'sonokidul 2', 'Ady Lakson', '', '', 2, '2022-10-01', '2023-04-12 10:27:58', '2023-05-10 13:37:14', '2023-03-24 08:55:27'),
('ALKK2023030004', 'SNKM2023030003', '2023-03-24', 'sonokidul ', 'PKS00023', NULL, 'sonokidul 3', 'Ady Lakson', '', '', 2, '2022-10-01', '2023-04-12 10:28:01', '2023-05-10 13:37:17', '2023-03-24 09:43:23'),
('ALKK2023030005', 'SNKM2023030004', '2023-03-24', 'sonokidul ', 'PKS00023', NULL, 'sonokidul 4', 'Ady Lakson', '', '', 2, '2022-10-01', '2023-04-12 10:28:03', '2023-05-10 13:37:20', '2023-03-24 09:58:11'),
('ALKK2023030006', 'TDNM2023030001', '2023-03-27', 'todanan 1', 'PKS00025', NULL, 'todanan 1', 'Ady Lakson', '', '', 2, '2022-10-01', '2023-04-16 20:03:11', '2023-05-10 13:38:17', '2023-03-27 09:20:57'),
('ALKK2023030007', 'TDNM2023030002', '2023-03-27', 'kunduran 2', 'PKS00025', NULL, 'kunduran 2', 'Ady Lakson', '', '', 2, '2022-10-01', '2023-04-16 20:03:14', '2023-05-10 13:38:19', '2023-03-27 09:46:26'),
('ALKK2023030008', 'TDNM2023030003', '2023-03-27', 'todanan 3', 'PKS00025', NULL, 'todanan 3', 'Ady Lakson', '', '', 2, '2022-10-01', '2023-04-16 20:03:16', '2023-05-10 13:38:22', '2023-03-27 10:32:45'),
('ALKK2023030009', 'TDNM2023030004', '2023-03-27', 'todanan 4', 'PKS00025', NULL, 'todanan 4', 'Ady Lakson', '', '', 2, '2022-10-01', '2023-04-16 20:03:19', '2023-05-10 13:38:25', '2023-03-27 10:40:43'),
('ALKK2023050001', 'RWBM2023030002', '2023-05-19', 'rowo1', 'PKS00022', NULL, 'rowobungkul', 'Ady Lakson', '', '', 0, '2022-12-01', '0000-00-00 00:00:00', '0000-00-00 00:00:00', '2023-05-19 08:31:44'),
('ALKK2023050002', 'RWBM2023030003', '2023-05-19', 'rowo2', 'PKS00022', NULL, 'rowobungkul', 'Ady Lakson', '', '', 0, '2022-12-01', '0000-00-00 00:00:00', '0000-00-00 00:00:00', '2023-05-19 08:58:55'),
('ALKK2023050003', 'RWBM2023030004', '2023-05-19', 'rowo3', 'PKS00022', NULL, 'rowobungkul', 'Ady Lakson', '', '', 0, '2022-12-01', '0000-00-00 00:00:00', '0000-00-00 00:00:00', '2023-05-19 10:20:09'),
('ALKK2023050004', 'RWBM2023030005', '2023-05-19', 'rowo4', 'PKS00022', NULL, 'rowobungkul', 'Ady Lakson', '', '', 0, '2022-12-01', '0000-00-00 00:00:00', '0000-00-00 00:00:00', '2023-05-19 10:23:40'),
('ALKK2023050005', 'MDGM2023030001', '2023-05-22', 'MEDANG1', 'PKS00015', NULL, 'MEDANG ', 'Ady Lakson', '', '', 0, '2022-12-01', '0000-00-00 00:00:00', '0000-00-00 00:00:00', '2023-05-22 09:32:55'),
('ALKK2023050006', 'MDGM2023030002', '2023-05-22', 'MEDANG2', 'PKS00015', NULL, 'MEDANG ', 'Ady Lakson', '', '', 0, '2022-12-01', '0000-00-00 00:00:00', '0000-00-00 00:00:00', '2023-05-22 09:50:19'),
('ALKK2023050007', 'CPUM2023020001', '2023-05-22', 'CEPU1', 'PKS00004', NULL, 'CEPU', 'Ady Lakson', '', '', 0, '2022-12-01', '0000-00-00 00:00:00', '0000-00-00 00:00:00', '2023-05-22 10:08:01'),
('ALKK2023050008', 'CPUM2023020002', '2023-05-23', 'CEPU2', 'PKS00004', NULL, 'CEPU', 'Ady Lakson', '', '', 0, '2022-12-01', '0000-00-00 00:00:00', '0000-00-00 00:00:00', '2023-05-23 07:43:54'),
('ALKK2023050009', 'CPUM2023020003', '2023-05-23', 'CEPU3', 'PKS00004', NULL, 'CEPU', 'Ady Lakson', '', '', 0, '2022-12-01', '0000-00-00 00:00:00', '0000-00-00 00:00:00', '2023-05-23 08:19:24'),
('ALKK2023050010', 'DPLM2023030001', '2023-05-23', 'doplang1', 'PKS00005', NULL, 'doplang', 'Ady Lakson', '', '', 0, '2022-12-01', '0000-00-00 00:00:00', '0000-00-00 00:00:00', '2023-05-23 09:31:34'),
('ALKK2023050011', 'DPLM2023030002', '2023-05-23', 'doplang2', 'PKS00005', NULL, 'doplang', 'Ady Lakson', '', '', 0, '2022-12-01', '0000-00-00 00:00:00', '0000-00-00 00:00:00', '2023-05-23 10:36:11'),
('ALKK2023050012', 'KDRM2023050001', '2023-05-30', '', 'PKS00010', NULL, '', 'Ady Lakson', '', '', 0, '2023-05-30', '0000-00-00 00:00:00', '0000-00-00 00:00:00', '2023-05-30 09:56:55'),
('ETKK2023030001', 'GDRM2022120001', '2022-09-30', '01', 'PKS00006', NULL, 'SALDO AWAL PUSKESMAS GONDORIYO', '', '', '', 2, '2022-10-01', '2023-05-10 13:13:05', '2023-05-10 13:25:54', '2023-03-02 10:22:04'),
('ETKK2023030010', 'NTRM2022120001', '2023-03-07', '01', 'PKS00017', NULL, 'SALDO AWAL PUSKESMAS NGROTO', 'Etika ', '', '', 2, '2022-10-01', '2023-03-07 18:14:43', '2023-05-10 13:33:00', '2023-03-07 08:48:34'),
('ETKK2023030011', 'M2022120007', '2023-03-08', '', 'PKS00024', NULL, '', 'Etika ', '', '', 2, '2023-03-08', '2023-03-21 18:40:16', '2023-05-10 13:37:46', '2023-03-08 12:14:03'),
('ETKK2023030012', 'RBTM2022120001', '2023-03-10', '01', 'PKS00020', NULL, 'SALDO AWAL PUSKESMAS RANDUBLATUNG', 'Etika ', '', '', 2, '2023-03-10', '2023-03-24 12:33:56', '2023-05-10 13:35:49', '2023-03-10 11:17:22'),
('ETKK2023030013', 'RBTM2022120002', '2023-03-10', '', 'PKS00020', NULL, '', 'Etika ', '', '', 2, '2023-03-10', '2023-03-24 12:34:00', '2023-05-10 13:35:52', '2023-03-10 11:18:55'),
('ETKK2023030014', 'M2022120012', '2023-03-27', '01', 'PKS00012', NULL, 'SALDO AWAL PUSKESMAS KDTUBAN', 'Etika ', '', '', 2, '2023-03-27', '2023-04-12 12:10:37', '2023-05-10 13:28:22', '2023-03-27 14:41:21'),
('ETKK2023030015', 'NGWM2023030001', '2023-03-28', '01', 'PKS00018', NULL, 'SALDO AWAL PUSKESMAS NGAWEN', 'Etika ', '', '', 2, '2022-10-01', '2023-04-17 11:21:28', '2023-05-10 13:33:40', '2023-03-28 08:55:47'),
('ETKK2023030016', 'NGWM2023030002', '2023-03-28', '02', 'PKS00018', NULL, 'SALDO AWAL PUSKESMAS NGAWEN', 'Etika ', '', '', 2, '2022-10-01', '2023-04-17 11:21:31', '2023-05-10 13:34:34', '2023-03-28 09:19:13'),
('ETKK2023030017', 'NGWM2023030003', '2023-03-28', '04', 'PKS00018', NULL, 'SALDO AWAL PUSKESMAS NGAWEN', 'Etika ', '', '', 2, '2022-10-01', '2023-04-17 11:21:33', '2023-05-10 13:34:38', '2023-03-28 10:49:17'),
('ETKK2023030018', 'NGWM2023030004', '2023-03-28', '04', 'PKS00018', NULL, 'SALDO AWAL PUSKESMAS NGAWEN', 'Etika ', '', '', 2, '2022-10-01', '2023-04-17 11:21:36', '2023-05-10 13:34:42', '2023-03-28 11:23:08'),
('ETKK2023030019', 'NGWM2023030005', '2023-03-28', '05', 'PKS00018', NULL, 'SALDO AWAL PUSKESMAS NGAWEN', 'Etika ', '', '', 2, '2022-10-01', '2023-04-17 11:21:38', '2023-05-10 13:34:52', '2023-03-28 11:31:45'),
('ETKK2023030020', 'KPNM2023030001', '2023-03-28', '01', 'PKS00011', NULL, 'SALDO AWAL PUSKESMAS KAPUAN', 'Etika ', '', '', 2, '2022-10-01', '2023-04-11 09:43:43', '2023-05-10 13:31:07', '2023-03-28 14:01:17'),
('ETKK2023030021', 'KPNM2023030002', '2023-03-29', '02', 'PKS00011', NULL, 'SALDO AWAL PUSKESMAS KAPUAN', 'Etika ', '', '', 2, '2022-10-01', '2023-04-11 10:27:45', '2023-05-10 13:31:19', '2023-03-29 09:00:41'),
('ETKK2023030022', 'KPNM2023030003', '2023-03-29', '03', 'PKS00011', NULL, 'SALDO AWAL PUSKESMAS KAPUAN', 'Etika ', '', '', 2, '2022-10-01', '2023-04-17 11:04:27', '2023-05-10 13:31:22', '2023-03-29 09:31:35'),
('ETKK2023030023', 'PDLM2023030001', '2023-03-30', '01', 'PKS00019', NULL, 'SALDO AWAL PUSKESMAS PULEDAGEL', 'Etika ', '', '', 1, '2023-03-30', '2023-04-13 13:57:14', '0000-00-00 00:00:00', '2023-03-30 09:29:13'),
('ETKK2023030024', 'PDLM2023030002', '2023-03-30', '02', 'PKS00019', NULL, 'SALDO AWAL PUSKESMAS PULEDAGEL', 'Etika ', '', '', 1, '2022-10-01', '2023-04-13 13:57:17', '0000-00-00 00:00:00', '2023-03-30 10:30:17'),
('ETKK2023030025', 'PDLM2023030003', '2023-03-30', '03', 'PKS00019', NULL, 'SALDO AWAL PUSKESMAS PULEDAGEL', 'Etika ', '', '', 1, '2022-10-01', '2023-04-13 13:57:19', '0000-00-00 00:00:00', '2023-03-30 10:59:37'),
('ETKK2023030026', 'PDLM2023030004', '2023-03-30', '04', 'PKS00019', NULL, 'SALDO AWAL PUSKESMAS PULEDAGEL', 'Etika ', '', '', 1, '2022-10-01', '2023-04-13 13:57:21', '0000-00-00 00:00:00', '2023-03-30 11:14:50'),
('ETKK2023030027', 'KTWM2023030001', '2023-03-30', '01', 'PKS00014', NULL, 'SALDO AWAL PUSKESMAS KETUWAN', 'Etika ', '', '', 2, '2022-10-01', '2023-04-17 13:27:03', '2023-05-10 13:29:07', '2023-03-30 11:58:47'),
('ETKK2023040001', 'KTWM2023030002', '2023-04-04', '', 'PKS00014', NULL, '', 'Etika ', '', '', 2, '2023-04-04', '2023-04-17 13:27:06', '2023-05-10 13:29:10', '2023-04-04 11:05:36'),
('ETKK2023040002', 'KTWM2023030003', '2023-04-04', '03', 'PKS00014', NULL, 'SALDO AWAL PUSKESMAS KAPUAN', 'Etika ', '', '', 2, '2022-10-01', '2023-04-17 13:27:09', '2023-05-10 13:29:13', '2023-04-04 15:05:54'),
('ETKK2023040003', 'KTWM2023030004', '2023-04-05', '04', 'PKS00014', NULL, 'SALDO AWAL PUSKESMAS KAPUAN', 'Etika ', '', '', 2, '2022-10-01', '2023-04-17 13:27:11', '2023-05-10 13:29:16', '2023-04-05 09:33:11'),
('ETKK2023040004', 'KDRM2023030001', '2023-04-10', '01', 'PKS00010', NULL, 'SALDO AWAL PUSKESMAS KUNDURAN', 'Etika ', '', '', 2, '2022-11-01', '2023-04-13 13:46:09', '2023-05-10 13:30:27', '2023-04-10 14:54:02'),
('ETKK2023040005', 'KDRM2023030002', '2023-04-11', '02', 'PKS00010', NULL, 'SALDO AWAL PUSKESMAS KUNDURAN', 'Etika ', '', '', 2, '2022-11-01', '2023-04-13 13:46:11', '2023-05-10 13:30:31', '2023-04-11 09:22:34'),
('ETKK2023040006', 'KDRM2023030003', '2023-04-11', '03', 'PKS00010', NULL, 'SALDO AWAL PUSKESMAS KUNDURAN', 'Etika ', '', '', 2, '2022-11-01', '2023-04-13 13:46:14', '2023-05-10 13:30:34', '2023-04-11 10:17:55'),
('ETKK2023040007', 'KDRM2023040001', '2023-04-11', '04', 'PKS00010', NULL, 'SALDO AWAL PUSKESMAS KUNDURAN', 'Etika ', '', '', 2, '2022-11-01', '2023-04-13 13:46:16', '2023-05-10 13:30:37', '2023-04-11 11:00:35'),
('ETKK2023040008', 'KDRM2023040002', '2023-04-11', '05', 'PKS00010', NULL, 'SALDO AWAL PUSKESMAS KUNDURAN', 'Etika ', '', '', 2, '2022-11-01', '2023-04-13 13:46:19', '2023-05-10 13:30:40', '2023-04-11 11:33:22'),
('ETKK2023040009', 'KDRM2023040003', '2023-04-11', '06', 'PKS00010', NULL, 'SALDO AWAL PUSKESMAS KUNDURAN', 'Etika ', '', '', 2, '2022-11-01', '2023-04-13 13:46:21', '2023-05-10 13:30:43', '2023-04-11 13:35:03'),
('GDGK2023020001', 'CPUM2022120001', '2022-09-30', 'CEPU 02', 'PKS00004', NULL, 'stok awal TW 3 2022', '', '', '', 2, '2022-10-01', '2023-02-13 16:47:45', '2023-02-15 19:31:49', '2023-02-08 18:06:37'),
('GDGK2023020002', 'CPUM2022120002', '2022-09-30', 'CEPU 03', 'PKS00004', NULL, 'Saldo awal TW 4 2022', '', '', '', 2, '2022-10-01', '2023-02-13 16:47:53', '2023-02-15 19:31:45', '2023-02-11 21:35:20'),
('GDGK2023020003', 'CPUM2022120003', '2022-09-30', 'CEPU 04', 'PKS00004', NULL, 'stok awal TW 4 2022', '', '', '', 2, '2022-10-01', '2023-02-13 16:48:01', '2023-02-15 19:31:41', '2023-02-11 22:02:57'),
('GDGK2023020004', 'CPUM2022120004', '2022-09-30', 'CEPU 04', 'PKS00004', NULL, 'stok awal TW 4 2022', '', '', '', 2, '2022-10-01', '2023-02-13 16:48:06', '2023-02-15 19:31:37', '2023-02-13 16:46:35'),
('GDGK2023020005', 'KTKM2022120002', '2022-09-30', 'kutukan02', 'PKS00013', NULL, 'stok awal TW 4 2022', '', '', '', 2, '2022-10-01', '2023-02-23 21:10:07', '2023-02-23 22:00:22', '2023-02-15 08:26:40'),
('GDGK2023020006', 'CPUM2023020004', '2022-09-30', 'CEPU 06', 'PKS00004', NULL, 'stok awal TW 4 2022', '', '', '', 2, '2022-10-03', '2023-02-16 10:41:21', '2023-02-16 10:49:06', '2023-02-16 10:28:37'),
('GDGK2023020007', 'BGJM2023020001', '2022-09-30', 'BOGOREJO02', 'PKS00001', NULL, 'stok awal TW 4 2022', '', '', '', 2, '2022-10-03', '2023-02-23 14:49:48', '2023-05-10 13:24:18', '2023-02-23 14:49:15'),
('GDGK2023020008', 'BGJM2023020002', '2022-09-30', 'BOGOREJO03', 'PKS00001', NULL, 'stok awal TW 4 2022', '', '', '', 2, '2022-10-03', '2023-02-23 21:09:46', '2023-05-10 13:24:23', '2023-02-23 14:54:49'),
('GDGK2023020009', 'KTKM2022120001', '2022-09-30', 'kutukan02', 'PKS00013', NULL, 'stok awal TW 4 2022', '', '', '', 2, '2022-10-01', '2023-02-23 21:10:15', '2023-02-23 22:00:26', '2023-02-23 20:16:45'),
('GDGK2023020010', 'KTKM2023020001', '2022-09-30', 'kutukan03', 'PKS00013', NULL, 'stok awal TW 4 2022', '', '', '', 2, '2022-10-03', '2023-02-23 21:40:02', '2023-02-23 22:00:30', '2023-02-23 21:31:13'),
('GDGK2023020011', 'KTKM2023020002', '2022-09-30', 'kutukan04', 'PKS00013', NULL, 'stok awal TW 4 2022', '', '', '', 2, '2022-10-03', '2023-02-23 21:40:39', '2023-02-23 22:00:33', '2023-02-23 21:35:35'),
('GDGK2023020012', 'KTKM2023020002', '2022-09-30', 'kutukan04', 'PKS00013', NULL, 'stok awal TW 4 2022', '', '', '', 2, '2022-10-03', '2023-02-23 21:40:45', '2023-02-23 22:00:37', '2023-02-23 21:35:50'),
('GDGK2023020013', 'KTKM2023020003', '2022-09-30', 'kutukan05', 'PKS00013', NULL, 'stok awal TW 4 2022', '', '', '', 2, '2022-10-03', '2023-02-23 21:59:38', '2023-02-23 22:00:42', '2023-02-23 21:58:08'),
('GDGK2023020015', 'M2022120019', '2022-09-30', 'MEDANG01', 'PKS00015', NULL, 'stok awal TW 4 2022', '', '', '', 2, '2022-10-01', '2023-02-24 09:55:33', '2023-03-06 10:07:15', '2023-02-24 09:43:30'),
('GDGK2023020016', 'MDGM2022120001', '2022-09-30', 'medang02', 'PKS00015', NULL, 'stok awal TW 4 2022', '', '', '', 2, '2022-10-01', '2023-02-24 20:15:32', '2023-03-06 10:07:18', '2023-02-24 10:59:51'),
('GDGK2023020017', 'MDGM2023020001', '2022-09-30', 'MEDANG03', 'PKS00015', NULL, 'stok awal TW 4 2022', '', '', '', 2, '2022-10-03', '2023-02-24 20:15:35', '2023-03-06 10:07:20', '2023-02-24 20:09:25'),
('GDGK2023020018', 'MDGM2023020002', '2022-09-30', 'MEDANG04', 'PKS00015', NULL, 'stok awal TW 4 2022', '', '', '', 2, '2022-10-03', '2023-02-24 20:15:37', '2023-03-06 10:07:23', '2023-02-24 20:14:51'),
('GDGK2023020019', 'M2022120005', '2022-09-30', 'BLORA01', 'PKS00003', NULL, 'stok awal TW 4 2022', '', '', '', 2, '2022-10-01', '2023-02-24 23:24:16', '2023-05-10 13:23:30', '2023-02-24 22:25:21'),
('GDGK2023020020', 'M2022120008', '2022-09-30', 'BLORA02', 'PKS00003', NULL, 'stok awal TW 4 2022', '', '', '', 2, '2022-10-03', '2023-02-24 23:24:18', '2023-05-10 13:23:34', '2023-02-24 23:13:12'),
('GDGK2023020021', 'BLRM2023020001', '2022-09-30', 'BLORA03', 'PKS00003', NULL, 'stok awal TW 4 2022', '', '', '', 2, '2022-10-03', '2023-02-24 23:24:20', '2023-05-10 13:23:39', '2023-02-24 23:23:44'),
('GDGK2023020022', 'JPNM2022120001', '2022-09-30', 'Jepon01', 'PKS00009', NULL, 'stok awal TW 4 2022', '', '', '', 2, '2022-10-01', '2023-02-25 19:03:47', '2023-05-10 13:27:16', '2023-02-25 18:45:43'),
('GDGK2023020023', 'JPNM2023020001', '2022-09-30', 'JEPON02', 'PKS00009', NULL, 'stok awal TW 4 2022', '', '', '', 2, '2022-10-03', '2023-02-25 19:03:59', '2023-05-10 13:27:19', '2023-02-25 19:00:12'),
('GDGK2023020024', 'JPNM2023020002', '2022-09-30', 'JEPON03', 'PKS00009', NULL, 'stok awal TW 4 2022', '', '', '', 2, '2022-10-03', '2023-02-25 19:04:01', '2023-05-10 13:27:22', '2023-02-25 19:03:25'),
('GDGK2023020025', 'RWBM2023020001', '2022-09-30', 'ROWOBUNGKU', 'PKS00022', NULL, 'stok awal TW 4 2022', '', '', '', 2, '2022-10-03', '2023-03-09 14:36:49', '2023-03-10 09:14:12', '2023-02-25 22:12:33'),
('GDGK2023020026', 'M2022120003', '2022-09-30', 'tunjungan0', 'PKS00026', NULL, 'stok awal TW 4 2022', '', '', '', 2, '2022-10-31', '2023-02-26 19:32:52', '2023-05-10 13:38:48', '2023-02-26 19:32:05'),
('GDGK2023030001', 'TJGM2023020001', '2023-03-05', 'tunjungan0', 'PKS00026', NULL, 'stok awal TW 4 2022', 'gudang', '', '', 2, '2022-10-03', '2023-03-08 21:02:59', '2023-05-10 13:38:51', '2023-03-05 20:03:17'),
('GDGK2023030002', 'TJGM2023020002', '2023-03-05', 'tunjungan0', 'PKS00026', NULL, 'stok awal TW 4 2022', 'gudang', '', '', 2, '2022-10-03', '2023-03-08 21:03:17', '2023-05-10 13:38:53', '2023-03-05 20:39:13'),
('GDGK2023030003', 'TJGM2023020003', '2023-03-05', 'tunjungan0', 'PKS00026', NULL, 'stok awal TW 4 2022', 'gudang', '', '', 2, '2022-10-03', '2023-03-08 21:03:31', '2023-05-10 13:38:56', '2023-03-05 20:47:18'),
('GDGK2023030004', 'GDRM2023020001', '2023-03-05', 'salah inpu', 'PKS00006', NULL, 'gondorio', 'gudang', '', '', 2, '2022-12-05', '2023-03-05 21:30:59', '2023-03-05 21:32:12', '2023-03-05 21:29:46'),
('GDGK2023030005', 'RDWM2022120001', '2023-03-06', 'Randulawan', 'PKS00021', NULL, 'stok awal TW 4 2022', 'gudang', '', '', 2, '2022-10-01', '2023-03-07 13:59:39', '2023-05-10 13:36:20', '2023-03-06 21:52:47'),
('GDGK2023030006', 'RDWM2023030001', '2023-03-07', 'RANDULAWAN', 'PKS00021', NULL, 'stok awal TW 4 2022', 'gudang', '', '', 2, '2022-10-03', '2023-03-07 13:59:43', '2023-05-10 13:36:23', '2023-03-07 13:58:31'),
('GDGK2023030007', 'NTRM2023030001', '2023-03-07', 'NGROTO02T', 'PKS00017', NULL, 'stok awal TW 4 2022', 'gudang', '', '', 2, '2022-10-03', '2023-03-07 18:14:46', '2023-05-10 13:33:03', '2023-03-07 18:12:56'),
('GDGK2023030008', 'NTRM2023030002', '2023-03-07', 'NGROTO03T', 'PKS00017', NULL, 'stok awal TW 4 2022', 'gudang', '', '', 2, '2022-10-03', '2023-03-07 18:18:24', '2023-05-10 13:33:06', '2023-03-07 18:18:09'),
('GDGK2023030009', 'RWBM2022120001', '2023-03-09', 'ROWOBUNGKU', 'PKS00022', NULL, 'stok awal TW 4 2022', 'gudang', '', '', 2, '2022-10-03', '2023-03-09 14:36:54', '2023-03-10 09:14:31', '2023-03-09 14:30:06'),
('GDGK2023030010', 'RWBM2023030001', '2023-03-09', 'ROWOBUNGKU', 'PKS00022', NULL, 'stok awal TW 4 2022', 'gudang', '', '', 2, '2022-10-03', '2023-03-09 14:40:42', '2023-03-10 09:14:41', '2023-03-09 14:39:46'),
('GDGK2023030011', 'SBGM2023030001', '2023-03-21', 'SAMBONG02T', 'PKS00024', NULL, 'stok awal TW 4 2022', 'gudang', '', '', 2, '2022-10-03', '2023-03-21 18:40:18', '2023-05-10 13:37:49', '2023-03-21 18:36:44'),
('GDGK2023030012', 'JKNM2023030002', '2023-03-21', 'JIKEN02T', 'PKS00007', NULL, 'stok awal TW 4 2022', 'gudang', '', '', 2, '2022-10-01', '2023-03-21 21:53:44', '2023-05-10 13:27:47', '2023-03-21 21:20:38'),
('GDGK2023030013', 'JKNM2023030003', '2023-03-21', '', 'PKS00007', NULL, '', 'gudang', '', '', 2, '2023-03-21', '2023-03-21 21:53:47', '2023-05-10 13:27:50', '2023-03-21 21:47:42'),
('GDGK2023030014', 'RBTM2023030001', '2023-03-24', '', 'PKS00020', NULL, '', 'gudang', '', '', 2, '2023-03-24', '2023-03-24 12:34:03', '2023-05-10 13:35:56', '2023-03-24 10:36:24'),
('GDGK2023030015', 'RBTM2023030002', '2023-03-24', 'Randublatu', 'PKS00020', NULL, 'stok awal TW 4 2022', 'gudang', '', '', 2, '2022-10-03', '2023-03-24 12:34:05', '2023-05-10 13:35:58', '2023-03-24 10:54:59'),
('GDGK2023030016', 'RBTM2023030003', '2023-03-24', 'Randublatu', 'PKS00020', NULL, 'stok awal TW 4 2022', 'gudang', '', '', 2, '2022-10-01', '2023-03-24 12:34:08', '2023-05-10 13:36:01', '2023-03-24 12:29:06'),
('GDGK2023040001', 'SNKM2023040001', '2023-04-12', 'sonokidul ', 'PKS00023', NULL, 'stok awal TW 4 2022', 'gudang', '', '', 2, '2022-10-01', '2023-04-12 10:28:06', '2023-05-10 13:37:22', '2023-04-12 09:52:17'),
('GDGK2023040002', 'SNKM2023040002', '2023-04-12', 'SONOKIDUL0', 'PKS00023', NULL, 'stok awal TW 4 2022', 'gudang', '', '', 2, '2022-10-01', '2023-04-12 10:28:08', '2023-05-10 13:37:25', '2023-04-12 10:22:28'),
('GDGK2023040003', 'KDTM2023040001', '2023-04-12', 'KEDUNGTUBA', 'PKS00012', NULL, 'stok awal TW 4 2022', 'gudang', '', '', 2, '2022-10-03', '2023-04-12 12:10:40', '2023-05-10 13:28:26', '2023-04-12 12:08:05'),
('GDGK2023040004', 'KDRM2023040004', '2023-04-13', 'KUNDURAN 0', 'PKS00010', NULL, 'stok awal TW 4 2022', 'gudang', '', '', 2, '2022-10-03', '2023-04-13 13:46:23', '2023-05-10 13:30:46', '2023-04-13 13:42:43'),
('GDGK2023040005', 'PDLM2023040001', '2023-04-13', 'PULEDAGEL ', 'PKS00019', NULL, 'stok awal TW 4 2022', 'gudang', '', '', 1, '2022-10-01', '2023-04-13 13:57:23', '0000-00-00 00:00:00', '2023-04-13 13:52:28'),
('GDGK2023040006', 'TDNM2023040001', '2023-04-16', 'todanan 06', 'PKS00025', NULL, 'stok awal TW 4 2022', 'gudang', '', '', 2, '2022-10-01', '2023-04-16 20:03:21', '2023-05-10 13:38:27', '2023-04-16 19:58:57'),
('GDGK2023040007', 'KPNM2023040001', '2023-04-17', 'KAPUAN 06T', 'PKS00011', NULL, 'stok awal TW 4 2022', 'gudang', '', '', 2, '2022-10-01', '2023-04-17 11:04:29', '2023-05-10 13:31:29', '2023-04-17 10:55:59'),
('GDGK2023040008', 'NGWM2023040001', '2023-04-17', 'NGAWEN 06T', 'PKS00018', NULL, 'stok awal TW 4 2022', 'gudang', '', '', 2, '2022-10-01', '2023-04-17 11:21:41', '2023-05-10 13:34:56', '2023-04-17 11:14:12'),
('GDGK2023040009', 'KTWM2023040001', '2023-04-17', 'ketuan 05T', 'PKS00014', NULL, 'stok awal TW 4 2022', 'gudang', '', '', 2, '2022-10-01', '2023-04-17 13:27:13', '2023-05-10 13:29:19', '2023-04-17 13:01:30'),
('GDGK2023040010', 'KTWM2023040002', '2023-04-17', 'KETUAN 07T', 'PKS00014', NULL, 'stok awal TW 4 2022', 'gudang', '', '', 2, '2023-04-17', '2023-04-17 13:27:15', '2023-05-10 13:29:22', '2023-04-17 13:26:48'),
('GDGK2023050001', 'GDRM2023050001', '2023-05-09', 'GONDORIYO0', 'PKS00006', NULL, 'stok awal TW 4 2022', 'gudang', '', '', 2, '2022-10-03', '2023-05-10 13:13:31', '2023-05-10 13:25:58', '2023-05-09 13:13:21'),
('GDGK2023050002', 'GDRM2023050002', '2023-05-09', 'GONDORIYO0', 'PKS00006', NULL, 'stok awal TW 4 2022', 'gudang', '', '', 2, '2022-10-03', '2023-05-10 13:13:53', '2023-05-10 13:26:02', '2023-05-09 13:25:49'),
('K2022110001', 'M2022110001', '2022-09-29', 'M202211000', 'PKS00026', NULL, 'saldo awal', '', '', '', 2, '2022-11-12', '2022-11-12 09:52:36', '2022-11-12 09:55:06', '2022-11-12 09:52:03'),
('K2022110002', 'M2022110003', '2022-09-30', 'M202211000', 'PKS00020', NULL, 'saldo awal ', '', '', '', 2, '2022-09-30', '2022-11-20 15:29:46', '2022-11-20 15:30:48', '2022-11-20 15:29:13'),
('K2022120001', 'M2022120001', '2022-09-30', 'no 1-47', 'PKS00004', NULL, 'Stok awal OKT', '', '', '', 2, '2022-09-30', '2022-12-05 20:18:49', '2022-12-05 20:20:05', '2022-12-05 20:05:56'),
('K2022120002', 'M2022120004', '2022-09-30', 'K202212000', 'PKS00005', NULL, 'Saldo Awal TW 4', '', '', '', 2, '2022-09-30', '2022-12-07 19:21:31', '2022-12-07 20:13:12', '2022-12-07 19:15:25'),
('K2022120003', 'M2022120009', '2022-10-01', 'K202212000', 'PKS00005', NULL, 'Penyesuaian Saldo awal TW4', '', '', '', 2, '2022-10-01', '2022-12-07 19:33:40', '2022-12-07 20:13:16', '2022-12-07 19:33:03'),
('K2022120004', 'M2022120002', '2022-09-30', 'K202212000', 'PKS00008', NULL, 'Saldo awal tw4', '', '', '', 2, '2022-09-30', '2022-12-08 20:33:06', '2022-12-09 09:29:24', '2022-12-08 10:54:36'),
('K2022120005', 'M2022120014', '2022-12-01', 'M-Z', 'PKS00008', NULL, 'Penyesuaian saldo awal TW4', '', '', '', 2, '2022-12-07', '2022-12-09 21:42:06', '2022-12-13 20:36:30', '2022-12-09 21:37:22'),
('K2022120006', 'M2022120015', '2022-09-30', 'TW4', 'PKS00002', NULL, 'Stok Awal Puskesmas Banjarejo TW4', '', '', '', 2, '2022-11-30', '2022-12-13 12:09:49', '2022-12-15 08:39:38', '2022-12-13 11:54:06'),
('K2022120007', 'M2022120017', '2022-09-30', 'XXXX', 'PKS00016', NULL, 'Stok Awal Puskesmas Menden TW4', '', '', '', 2, '2022-10-01', '2022-12-13 20:23:40', '2022-12-15 09:18:40', '2022-12-13 14:46:12'),
('K2022120008', 'M2022120020', '2022-09-30', 'Saldo awal', 'PKS00016', NULL, 'Penyesuaian Stok TW4', '', '', '', 2, '2022-09-30', '2022-12-13 20:23:45', '2022-12-15 09:18:47', '2022-12-13 20:23:01');

-- --------------------------------------------------------

--
-- Struktur dari tabel `mst_pakaiobat`
--

CREATE TABLE `mst_pakaiobat` (
  `no_dok` varchar(14) NOT NULL,
  `tgl_dok` date NOT NULL,
  `kd_sumberdana` char(10) DEFAULT NULL,
  `kd_puskesmas` char(10) DEFAULT NULL,
  `flag` char(1) DEFAULT NULL,
  `id_user` varchar(10) DEFAULT NULL,
  `ref` varchar(10) DEFAULT NULL,
  `ket` varchar(50) DEFAULT NULL,
  `lock` char(1) DEFAULT NULL,
  `createdate` datetime NOT NULL DEFAULT current_timestamp()
) ENGINE=InnoDB DEFAULT CHARSET=latin1 COLLATE=latin1_swedish_ci;

-- --------------------------------------------------------

--
-- Struktur dari tabel `mst_terimaobat`
--

CREATE TABLE `mst_terimaobat` (
  `no_dok` varchar(14) NOT NULL,
  `tgl_dok` date NOT NULL,
  `ref` varchar(50) DEFAULT NULL,
  `ket` varchar(50) DEFAULT NULL,
  `kd_pemasok` char(10) DEFAULT NULL,
  `kd_sumberdana` varchar(10) DEFAULT NULL,
  `batch` varchar(200) NOT NULL,
  `id_user` varchar(10) DEFAULT NULL,
  `lock` char(1) DEFAULT NULL,
  `createdate` datetime NOT NULL DEFAULT current_timestamp()
) ENGINE=InnoDB DEFAULT CHARSET=latin1 COLLATE=latin1_swedish_ci;

--
-- Dumping data untuk tabel `mst_terimaobat`
--

INSERT INTO `mst_terimaobat` (`no_dok`, `tgl_dok`, `ref`, `ket`, `kd_pemasok`, `kd_sumberdana`, `batch`, `id_user`, `lock`, `createdate`) VALUES
('GDGT2023020001', '2022-10-01', 'BULAN OKTOBER', 'Pengadaan DAK 2022', 'POB-000001', 'SBD-000012', '', 'gudang', 'Y', '2023-02-09 14:43:54'),
('GDGT2023020002', '2022-11-01', 'BULAN NOVEMBER', 'Pengadaan DAK 2022', 'POB-000001', 'SBD-000012', '', 'gudang', 'Y', '2023-02-10 08:28:02'),
('GDGT2023020003', '2022-11-01', 'Alokasi Obat Program', 'Hibah Provinsi 2022', 'POB-000001', 'SBD-000002', '', 'gudang', 'Y', '2023-02-10 19:07:40'),
('GDGT2023020004', '2022-11-01', 'Alokasi Obat Program', 'Hibah Provinsi 2022', 'POB-000001', 'SBD-000002', '', 'gudang', 'Y', '2023-02-10 19:08:41'),
('GDGT2023020005', '2022-10-03', 'BULAN OKTOBER', 'Hibah Provinsi 2022', 'POB-000001', 'SBD-000002', '', 'gudang', 'Y', '2023-02-13 17:50:22'),
('GDGT2023020006', '2022-10-03', 'BULAN OKTOBER', 'Pengadaan DAK 2022', 'POB-000001', 'SBD-000012', '', 'gudang', 'Y', '2023-02-13 17:55:43'),
('GDGT2023020007', '2022-10-03', 'BULAN OKT-DES 22', 'Pengadaan DAK 2022', 'POB-000001', 'SBD-000012', '', 'gudang', 'Y', '2023-02-22 21:43:37'),
('GDGT2023020008', '2022-10-03', 'BULAN OKT-DES 22', 'HIBAH PROVINSI 2022', 'POB-000001', 'SBD-000002', '', 'gudang', 'Y', '2023-02-22 21:48:19'),
('T2022100001', '2022-09-30', 'xx', 'saldo awal obat', 'POB-000001', 'SBD-000012', '', 'gudang', 'Y', '2022-10-18 08:16:16'),
('T2022100002', '2022-09-30', 'T2022100002', 'saldo awal', 'POB-000001', 'SBD-000012', '', 'gudang', 'Y', '2022-10-23 19:50:10'),
('T2022100003', '2022-09-30', 'T2022100003', 'stock awal', 'POB-000001', 'SBD-000012', '', 'gudang', 'Y', '2022-10-23 20:06:48'),
('T2022100004', '2022-09-30', 'T2022100004', 'stok awal', 'POB-000001', 'SBD-000012', '', 'gudang', 'Y', '2022-10-23 21:42:04'),
('T2022100005', '2022-09-30', 'T2022100005', 'stok awal', 'POB-000001', 'SBD-000012', '', 'gudang', 'Y', '2022-10-23 21:53:28'),
('T2022100006', '2022-09-30', 'T2022100006', 'saldo awal', 'POB-000001', 'SBD-000012', '', 'gudang', 'Y', '2022-10-26 15:05:08'),
('T2022100007', '2022-09-30', 'T2022100007', 'saldo awal', 'POB-000001', 'SBD-000012', '', 'gudang', 'Y', '2022-10-26 20:00:40'),
('T2022100008', '2022-09-30', 'T2022100008', 'saldo awal', 'POB-000001', 'SBD-000012', '', 'gudang', 'Y', '2022-10-26 20:17:36'),
('T2022100009', '2022-09-30', 'T2022100009', 'saldo awal', 'POB-000001', 'SBD-000012', '', 'gudang', 'Y', '2022-10-26 20:32:58'),
('T2022100010', '2022-09-30', 'T2022100010', 'saldo awal', 'POB-000001', 'SBD-000012', '', 'gudang', 'Y', '2022-10-26 20:46:16'),
('T2022100011', '2022-09-30', 'T2022100011', 'saldo awal', 'POB-000001', 'SBD-000012', '', 'gudang', 'Y', '2022-10-26 20:58:10'),
('T2022100012', '2022-09-30', 'T2022100012', 'saldo awal', 'POB-000001', 'SBD-000012', '', 'gudang', 'Y', '2022-10-26 21:07:01'),
('T2022100013', '2022-09-30', 'T2022100013', 'saldo awal', 'POB-000001', 'SBD-000012', '', 'gudang', 'Y', '2022-10-26 21:15:35'),
('T2022100014', '2022-09-30', 'T2022100014', 'saldo awal', 'POB-000001', 'SBD-000012', '', 'gudang', 'Y', '2022-10-27 07:27:52'),
('T2022100015', '2022-09-30', 'T2022100015', 'saldo awal', 'POB-000001', 'SBD-000012', '', 'gudang', 'Y', '2022-10-27 07:44:27'),
('T2022100016', '2022-09-30', 'T2022100016', 'saldo awal', 'POB-000001', 'SBD-000012', '', 'gudang', 'Y', '2022-10-27 08:03:45'),
('T2022100017', '2022-09-30', 'T2022100017', 'saldo awal', 'POB-000001', 'SBD-000012', '', 'gudang', 'Y', '2022-10-27 08:17:25'),
('T2022100018', '2022-09-30', 'T2022100018', 'saldo awal', 'POB-000001', 'SBD-000012', '', 'gudang', 'Y', '2022-10-27 08:29:41'),
('T2022100019', '2022-09-30', 'T2022100019', 'saldo awal', 'POB-000001', 'SBD-000012', '', 'gudang', 'Y', '2022-10-29 14:20:43'),
('T2022100020', '2022-09-30', 'T2022100020', 'saldo awal', 'POB-000001', 'SBD-000012', '', 'gudang', 'Y', '2022-10-29 14:35:08'),
('T2022100021', '2022-09-30', 'T2022100021', 'saldo awal', 'POB-000001', 'SBD-000012', '', 'gudang', 'Y', '2022-10-29 14:46:41'),
('T2022100022', '2022-09-30', 'T2022100022', 'saldo awal', 'POB-000001', 'SBD-000012', '', 'gudang', 'Y', '2022-10-29 16:10:52'),
('T2022100023', '2022-09-30', 'T2022100023', 'saldo awal', 'POB-000001', 'SBD-000012', '', 'gudang', 'Y', '2022-10-30 14:40:28'),
('T2022100024', '2022-09-30', 'T2022100024', 'saldo awal', 'POB-000001', 'SBD-000012', '', 'gudang', 'Y', '2022-10-30 15:04:04'),
('T2022100025', '2022-09-30', 'T2022100025', 'saldo awal', 'POB-000001', 'SBD-000012', '', 'gudang', 'Y', '2022-10-30 15:17:54'),
('T2022100026', '2022-09-30', 'T2022100026', 'saldo awal', 'POB-000001', 'SBD-000012', '', 'gudang', 'Y', '2022-10-31 14:15:40'),
('T2022100027', '2022-09-30', 'T2022100027', 'saldo awal', 'POB-000001', 'SBD-000012', '', 'gudang', 'Y', '2022-10-31 19:53:47'),
('T2022100028', '2022-09-30', 'T2022100028', 'saldo awal', 'POB-000001', 'SBD-000012', '', 'gudang', 'Y', '2022-10-31 20:03:27'),
('T2022100029', '2022-09-30', 'T2022100029', 'saldo awal', 'POB-000001', 'SBD-000012', '', 'gudang', 'Y', '2022-10-31 20:13:46'),
('T2022110001', '2022-09-30', 'T2022110001', 'saldo awal', 'POB-000001', 'SBD-000012', '', 'gudang', 'Y', '2022-11-01 18:24:59'),
('T2022110002', '2022-09-30', 'T2022110002', 'saldo awal stok tunjungan', 'POB-000001', 'SBD-000012', '', 'gudang', 'Y', '2022-11-07 09:46:57'),
('T2022110007', '2022-09-28', 'T2022110007', 'saldo awal puskesmas todanan', 'POB-000001', 'SBD-000012', '', 'gudang', 'Y', '2022-11-08 19:05:45'),
('T2022110008', '2022-09-28', 'T2022110008', 'saldo awal puskesmas todanan', 'POB-000001', 'SBD-000012', '', 'gudang', 'Y', '2022-11-08 19:16:46'),
('T2022110009', '2022-09-27', 'T2022110009', 'saldo awal puskesmas sambong', 'POB-000001', 'SBD-000012', '', 'gudang', 'Y', '2022-11-09 17:18:55'),
('T2022110010', '2022-09-27', 'T2022110010', 'saldo awal puskesmas sambong', 'POB-000001', 'SBD-000012', '', 'gudang', 'Y', '2022-11-09 17:27:22'),
('T2022110011', '2022-09-26', 'T2022110011', 'saldo awal puskesmas sonokidul', 'POB-000001', 'SBD-000012', '', 'gudang', 'Y', '2022-11-09 21:29:57'),
('T2022110012', '2022-09-26', 'T2022110012', 'saldo awal puskesmas sonokidul', 'POB-000001', 'SBD-000012', '', 'gudang', 'Y', '2022-11-09 21:42:29'),
('T2022110013', '2022-09-25', 'T2022110013', 'saldo awal puskesmas randulawang', 'POB-000001', 'SBD-000012', '', 'gudang', 'Y', '2022-11-10 16:35:57'),
('T2022110014', '2022-11-12', 'T2022110014', 'penyesuaian stok ', 'POB-000001', 'SBD-000012', '', 'gudang', 'Y', '2022-11-12 12:18:57'),
('T2022110016', '2022-09-25', 'T2022110016', 'saldo awal puskesmas randulawang', 'POB-000001', 'SBD-000012', '', 'gudang', 'Y', '2022-11-16 10:00:33'),
('T2022110018', '2022-09-30', 'T2022110018', 'saldo awal puskesmas randu blatung', 'POB-000001', 'SBD-000012', '', 'gudang', 'Y', '2022-11-20 15:13:57'),
('T2022110019', '2022-09-30', '2022110019', 'Saldo awal pusk randublatung', 'POB-000001', 'SBD-000012', '', 'gudang', 'Y', '2022-11-20 17:59:11'),
('T2022110020', '2022-09-30', 'T2022110020', 'Saldo Awal Puskesmas Randublatung', 'POB-000001', 'SBD-000012', '', 'gudang', 'Y', '2022-11-20 19:24:03'),
('T2022110021', '2022-09-30', 'T2022110021', 'Stok Awal Puskesmas Randublatung', 'POB-000001', 'SBD-000001', '', 'gudang', 'Y', '2022-11-21 08:40:50'),
('T2022110022', '2022-09-30', 'T2022110022', 'Saldo Awal Puskesmas Randublatung', 'POB-000001', 'SBD-000012', '', 'gudang', 'Y', '2022-11-21 09:25:10'),
('T2022110023', '2022-11-21', 'T2022110023', 'Saldo Awal Puskesmas Randublatung', 'POB-000001', 'SBD-000012', '', 'gudang', 'Y', '2022-11-21 09:33:54'),
('T2022110024', '2022-09-30', 'T2022110024', 'Saldo Awal Puskesmas Randublatung', 'POB-000001', 'SBD-000012', '', 'gudang', 'Y', '2022-11-21 09:38:41'),
('T2022110025', '2022-09-30', 'T2022110025', 'Stok Awal Puskesmas Puledagel', 'POB-000001', 'SBD-000012', '', 'gudang', 'Y', '2022-11-21 11:05:21'),
('T2022110026', '2022-09-30', 'T2022110026', 'Stok Awal Puskesmas Puledagel', 'POB-000001', 'SBD-000012', '', 'gudang', 'Y', '2022-11-21 14:06:17'),
('T2022110027', '2022-09-30', 'T2022110027', 'Stok Awal Puskesmas Puledagel', 'POB-000001', 'SBD-000012', '', 'gudang', 'Y', '2022-11-21 15:26:33'),
('T2022110028', '2022-09-30', 'T2022110028', 'Stok Awal Puskesmas Puledagel', 'POB-000001', 'SBD-000012', '', 'gudang', 'Y', '2022-11-21 19:10:51'),
('T2022110029', '2022-09-30', 'T2022110029', 'Stok Awal Puskesmas Puledagel', 'POB-000001', 'SBD-000012', '', 'gudang', 'Y', '2022-11-21 19:26:01'),
('T2022110030', '2022-09-30', 'T2022110030', 'Stok Awal Puskesmas Puledagel', 'POB-000001', 'SBD-000012', '', 'gudang', 'Y', '2022-11-21 20:13:13'),
('T2022110031', '2022-09-30', 'T2022110031', 'Stok Awal Puskesmas Ngawen', 'POB-000001', 'SBD-000012', '', 'gudang', 'Y', '2022-11-22 14:27:13'),
('T2022110032', '2022-09-30', 'T2022110032BANJAR', 'SALDO AWAL PUSKESMAS BANJAREJO', 'POB-000001', 'SBD-000012', '', 'Etika ', 'Y', '2022-11-28 08:38:47'),
('T2022110033', '2022-11-28', 'T2022110033', 'SALDO AWAL PUSKESMAS BANJAREJO', 'POB-000001', 'SBD-000012', '', 'Etika ', 'Y', '2022-11-28 08:43:53'),
('T2022110034', '2022-09-30', 'T2022110032', 'Stok Awal Puskesmas Ngawen', 'POB-000001', 'SBD-000012', '', 'gudang', 'Y', '2022-11-28 09:03:11'),
('T2022110036', '2022-11-28', 'T2022110034BNJR', 'SALDO AWAL PUSKESMAS BANJAREJO', 'POB-000001', 'SBD-000012', '', 'Etika ', 'Y', '2022-11-28 09:25:41'),
('T2022110037', '2022-09-30', 'T2022110037BNJR', 'SALDO AWAL PUSKESMAS BANJAREJO', 'POB-000001', 'SBD-000012', '', 'Etika ', 'Y', '2022-11-28 09:49:08'),
('T2022110039', '2022-09-30', 'T2022110035', 'Stok Awal Puskesmas Ngawen', 'POB-000001', 'SBD-000012', '', 'gudang', 'Y', '2022-11-28 10:26:46'),
('T2022110042', '2022-09-30', 'T2022110039BNJR', 'SALDO AWAL PUSKESMAS BANJAREJO', 'POB-000001', 'SBD-000012', '', 'Etika ', 'Y', '2022-11-28 10:40:15'),
('T2022110047', '2022-09-30', 'T2022110046', 'Stok Awal Puskesmas Ngawen', 'POB-000001', 'SBD-000012', '', 'gudang', 'Y', '2022-11-28 10:58:25'),
('T2022110048', '2022-09-30', 'T2022110048', 'Stok Awal Rowobungkul', 'POB-000001', 'SBD-000012', '', 'gudang', 'Y', '2022-11-28 12:31:42'),
('T2022110049', '2022-09-30', 'T2022110049BNJR', 'SALDO AWAL PUSKESMAS BANJAREJO', 'POB-000001', 'SBD-000012', '', 'Etika ', 'Y', '2022-11-28 13:12:45'),
('T2022110050', '2022-11-28', 'T2022110050BNJR', 'SALDO AWAL PUSKESMAS BANJAREJO', 'POB-000001', 'SBD-000012', '', 'Etika ', 'Y', '2022-11-28 13:16:00'),
('T2022110051', '2022-09-30', 'T2022110049', 'saldo awal gondoriyo 1', 'POB-000001', 'SBD-000012', '', 'Ady Lakson', 'Y', '2022-11-28 13:25:38'),
('T2022110052', '2022-09-30', 'T2022110052', 'saldo awal gondoriyo 2', 'POB-000001', 'SBD-000012', '', 'Ady Lakson', 'Y', '2022-11-28 13:57:08'),
('T2022110053', '2022-09-30', 'T2022110051BLA', 'SALDO AWAL PUSKESMAS BLORA 1', 'POB-000001', 'SBD-000012', '', 'Etika ', 'Y', '2022-11-28 14:08:35'),
('T2022110054', '2022-09-30', 'T2022110053', 'saldo awal gondoriyo 3', 'POB-000001', 'SBD-000012', '', 'Ady Lakson', 'Y', '2022-11-28 14:30:30'),
('T2022110055', '2022-09-30', 'T2022110054BLA', 'SALDO AWAL PUSKESMAS BLORA 2', 'POB-000001', 'SBD-000012', '', 'Etika ', 'Y', '2022-11-28 14:49:02'),
('T2022110056', '2022-09-30', 'T2022110055', 'saldo awal gondoriyo 4', 'POB-000001', 'SBD-000012', '', 'Ady Lakson', 'Y', '2022-11-28 15:01:03'),
('T2022110057', '2022-09-30', 'T2022110049', 'Saldo Awal Pusk Rowobungkul', 'POB-000001', 'SBD-000012', '', 'gudang', 'Y', '2022-11-28 15:07:16'),
('T2022110058', '2022-09-30', 'T2022110056BLA', 'SALDO AWAL PUSKESMAS BLORA 3', 'POB-000001', 'SBD-000012', '', 'Etika ', 'Y', '2022-11-28 15:16:34'),
('T2022110059', '2022-09-30', 'T2022110057', 'saldo awal gondoriyo 5', 'POB-000001', 'SBD-000012', '', 'Ady Lakson', 'Y', '2022-11-28 15:22:43'),
('T2022110060', '2022-09-30', 'T2022110049Kedungtuban', 'Saldo awal Kedungtuban', 'POB-000001', 'SBD-000012', '', 'Yopy Eka', 'Y', '2022-11-28 15:23:36'),
('T2022110061', '2022-09-30', 'T2022110060', 'saldo awal gondoriyo 6', 'POB-000001', 'SBD-000012', '', 'Ady Lakson', 'Y', '2022-11-28 15:26:37'),
('T2022110062', '2022-09-30', 'T2022110062', 'saldo awal gondoriyo 7', 'POB-000001', 'SBD-000012', '', 'Ady Lakson', 'Y', '2022-11-28 15:28:03'),
('T2022110063', '2022-09-30', 'T2022110061Kedungtuban', 'Saldo awal Kedungtuban 2', 'POB-000001', 'SBD-000012', '', 'Yopy Eka', 'Y', '2022-11-28 15:33:52'),
('T2022110064', '2022-11-28', 'T2022110064Kedungtuban', 'Saldo awal Kedungtuban 3', 'POB-000001', 'SBD-000012', '', 'Yopy Eka', 'Y', '2022-11-28 15:35:25'),
('T2022110065', '2022-09-30', 'T2022110065', 'Saldo Awal Puskesmas Rowobungkul', 'POB-000001', 'SBD-000012', '', 'gudang', 'Y', '2022-11-28 18:06:37'),
('T2022110066', '2022-09-30', 'T2022110066', 'Saldo Awal Puskesmas Kutukan', 'POB-000001', 'SBD-000012', '', 'gudang', 'Y', '2022-11-28 19:51:12'),
('T2022110067', '2022-09-30', 'T2022110067', 'Stok Awal Puskesmas Kutukan', 'POB-000001', 'SBD-000012', '', 'gudang', 'Y', '2022-11-28 21:46:37'),
('T2022110068', '2022-09-30', 'T2022110068', 'Saldo Awal Puskesmas Kutukan', 'POB-000001', 'SBD-000012', '', 'gudang', 'Y', '2022-11-29 08:39:26'),
('T2022110069', '2022-09-30', 'T2022110068', 'saldo awal doplang 1', 'POB-000001', 'SBD-000012', '', 'Ady Lakson', 'Y', '2022-11-29 08:44:10'),
('T2022110070', '2022-09-30', 'T2022110069', 'Saldo Awal Puskesmas Kutukan', 'POB-000001', 'SBD-000012', '', 'gudang', 'Y', '2022-11-29 08:52:49'),
('T2022110071', '2022-09-30', 'T2022110070', 'saldo awal doplang 2', 'POB-000001', 'SBD-000012', '', 'Ady Lakson', 'Y', '2022-11-29 09:07:46'),
('T2022110072', '2022-09-30', 'T2022110072', 'saldo awal doplang 3', 'POB-000001', 'SBD-000012', '', 'Ady Lakson', 'Y', '2022-11-29 09:12:44'),
('T2022110073', '2022-09-30', 'T2022110073', 'saldo awal jepon 1', 'POB-000001', 'SBD-000012', '', 'Ady Lakson', 'Y', '2022-11-29 09:50:51'),
('T2022110074', '2022-09-30', 'T2022110068Jiken', 'Saldo awal Jiken', 'POB-000001', 'SBD-000012', '', 'Yopy Eka', 'Y', '2022-11-29 10:12:12'),
('T2022110075', '2022-09-30', 'T2022110071BOGOR', 'SALDO AWAL PUSKESMAS BOGOREJO 1', 'POB-000001', 'SBD-000012', '', 'Etika ', 'Y', '2022-11-29 10:15:02'),
('T2022110076', '2022-11-29', 'T2022110075Jiken', 'Saldo awal Jiken 2', 'POB-000001', 'SBD-000012', '', 'Yopy Eka', 'Y', '2022-11-29 10:29:59'),
('T2022110077', '2022-09-30', 'T2022110076BOGOR', 'SALDO AWAL PUSKESMAS BOGOREJO 2', 'POB-000001', 'SBD-000012', '', 'Etika ', 'Y', '2022-11-29 10:38:58'),
('T2022110078', '2022-09-30', 'T2022110074', 'saldo awal jepon 2', 'POB-000001', 'SBD-000012', '', 'Ady Lakson', 'Y', '2022-11-29 10:40:07'),
('T2022110079', '2022-09-30', 'T2022110078BOGOR', 'SALDO AWAL PUSKESMAS BOGOREJO 3', 'POB-000001', 'SBD-000012', '', 'Etika ', 'Y', '2022-11-29 10:58:53'),
('T2022110080', '2022-09-30', 'T2022110079', 'saldo awal jepon 3', 'POB-000001', 'SBD-000012', '', 'Ady Lakson', 'Y', '2022-11-29 11:02:07'),
('T2022110081', '2022-09-30', 'T2022110081', 'saldo awal jepon 4', 'POB-000001', 'SBD-000012', '', 'Ady Lakson', 'Y', '2022-11-29 11:03:44'),
('T2022110082', '2022-09-30', 'T2022110080BOGOR', 'SALDO AWAL PUSKESMAS BOGOREJO 4', 'POB-000001', 'SBD-000012', '', 'Etika ', 'Y', '2022-11-29 11:16:50'),
('T2022110083', '2022-09-30', 'T2022110075Jiken', 'Saldo awal Jiken', 'POB-000001', 'SBD-000012', '', 'Yopy Eka', 'Y', '2022-11-29 13:22:49'),
('T2022110084', '2022-09-30', 'T2022110083', 'saldo awal kunduran', 'POB-000001', 'SBD-000012', '', 'Ady Lakson', 'Y', '2022-11-29 13:41:57'),
('T2022110085', '2022-09-30', 'T2022110085', 'saldo awal kunduran 2', 'POB-000001', 'SBD-000012', '', 'Ady Lakson', 'Y', '2022-11-29 14:17:40'),
('T2022110086', '2022-09-30', 'T2022110086', 'saldo awal kunduran 3', 'POB-000001', 'SBD-000012', '', 'Ady Lakson', 'Y', '2022-11-29 14:49:08'),
('T2022110087', '2022-09-30', 'T2022110087', 'saldo awal kunduran 4', 'POB-000001', 'SBD-000012', '', 'Ady Lakson', 'Y', '2022-11-29 14:55:24'),
('T2022110088', '2022-09-30', 'T2022110084Ketuwan', 'Saldo awal Ketuwan', 'POB-000001', 'SBD-000012', '', 'Yopy Eka', 'Y', '2022-11-29 15:07:56'),
('T2022110089', '2022-09-30', 'T2022110083KAPUAN', 'SALDO AWAL PUSKESMAS KAPUAN 1', 'POB-000001', 'SBD-000012', '', 'Etika ', 'Y', '2022-11-29 15:13:41'),
('T2022110090', '2022-09-30', 'T2022110042Ketuwan', 'Saldo awal Ketuwan', 'POB-000001', 'SBD-000012', '', 'Yopy Eka', 'Y', '2022-11-29 15:15:19'),
('T2022110091', '2022-09-30', 'T2022110091', 'saldo awal kunduran 5', 'POB-000001', 'SBD-000012', '', 'Ady Lakson', 'Y', '2022-11-30 08:41:41'),
('T2022110092', '2022-09-30', 'T2022110092', 'saldo awal kunduran 6', 'POB-000001', 'SBD-000012', '', 'Ady Lakson', 'Y', '2022-11-30 09:10:37'),
('T2022110093', '2022-09-30', 'T2022110093', 'saldo awal kunduran 7', 'POB-000001', 'SBD-000012', '', 'Ady Lakson', 'Y', '2022-11-30 09:14:04'),
('T2022110094', '2022-09-30', 'T2022110091KAPUAN', 'SALDO AWAL PUSKESMAS KAPUAN 2', 'POB-000001', 'SBD-000012', '', 'Etika ', 'Y', '2022-11-30 09:22:02'),
('T2022110095', '2022-09-30', 'T2022110094', 'saldo awal cepu rev 1', 'POB-000001', 'SBD-000012', '', 'Ady Lakson', 'Y', '2022-11-30 09:55:03'),
('T2022110096', '2022-09-30', 'T2022110095KAPUAN', 'SALDO AWAL PUSKESMAS KAPUAN 3', 'POB-000001', 'SBD-000012', '', 'Etika ', 'Y', '2022-11-30 10:08:53'),
('T2022110097', '2022-09-30', 'T2022110097KPUAN', 'SALDO AWAL PUSKESMAS KAPUAN 4', 'POB-000001', 'SBD-000012', '', 'Etika ', 'Y', '2022-11-30 10:09:51'),
('T2022110098', '2022-09-30', 'T2022110096', 'saldo awal cepu rev 2', 'POB-000001', 'SBD-000012', '', 'Ady Lakson', 'Y', '2022-11-30 10:34:06'),
('T2022110099', '2022-09-30', 'T2022110098NGROTO', 'SALDO AWAL PUSKESMAS NGROTO 1', 'POB-000001', 'SBD-000012', '', 'Etika ', 'Y', '2022-11-30 10:46:28'),
('T2022110100', '2022-09-30', 'T2022110099', 'saldo awal cepu rev 3', 'POB-000001', 'SBD-000012', '', 'Ady Lakson', 'Y', '2022-11-30 11:05:03'),
('T2022110101', '2022-09-30', 'T2022110101', 'saldo awal cepu rev 4', 'POB-000001', 'SBD-000012', '', 'Ady Lakson', 'Y', '2022-11-30 14:10:42'),
('T2022110102', '2022-09-30', 'T2022110102', 'saldo awal cepu rev 5', 'POB-000001', 'SBD-000012', '', 'Ady Lakson', 'Y', '2022-11-30 14:13:37'),
('T2022110103', '2022-09-30', 'T2022110100NGROTO', 'SALDO AWAL PUSKESMAS NGROTO 2', 'POB-000001', 'SBD-000012', '', 'Etika ', 'Y', '2022-11-30 15:04:03'),
('T2022110104', '2022-09-30', 'T2022110104BNJR', 'SALDO AWAL PUSKESMAS BANJAREJO', 'POB-000001', 'SBD-000012', '', 'Etika ', 'Y', '2022-11-30 15:35:39'),
('T2022110105', '2022-09-30', 'T2022110105', 'Saldo Awal Cepu', 'POB-000001', 'SBD-000012', '', 'gudang', 'Y', '2022-11-30 16:52:28'),
('T2022120001', '2022-09-30', 'T2022110001', 'Saldo Awal Puskesmas Menden', 'POB-000001', 'SBD-000012', '', 'gudang', 'Y', '2022-12-01 09:01:43'),
('T2022120002', '2022-09-30', 'T2022120002', 'Stok Awal Puskesmas Menden', 'POB-000001', 'SBD-000012', '', 'gudang', 'Y', '2022-12-01 09:27:17'),
('T2022120003', '2022-09-30', 'T2022120002NGROTO', 'SALDO AWAL PUSKESMAS NGROTO 3', 'POB-000001', 'SBD-000012', '', 'Etika ', 'Y', '2022-12-01 09:29:38'),
('T2022120004', '2022-09-30', 'T2022120004NGROTO', 'SALDO AWAL PUSKESMAS NGROTO 4', 'POB-000001', 'SBD-000012', '', 'Etika ', 'Y', '2022-12-01 09:31:53'),
('T2022120005', '2022-09-30', 'T2022120005MDNG', 'SALDO AWAL PUSKESMAS MEDANG1', 'POB-000001', 'SBD-000012', '', 'Etika ', 'Y', '2022-12-01 10:39:45'),
('T2022120006', '2022-09-30', 'T2022120006', 'saldo awal gondoriyo 8', 'POB-000001', 'SBD-000012', '', 'Ady Lakson', 'Y', '2022-12-01 12:57:20'),
('T2022120007', '2022-09-30', 'T2022120006MDNG', 'SALDO AWAL PUSKESMAS MEDANG', 'POB-000001', 'SBD-000012', '', 'Etika ', 'Y', '2022-12-01 14:31:08'),
('T2022120008', '2022-09-30', 'T2022120008MDNG', 'SALDO AWAL PUSKESMAS MEDANG 3', 'POB-000001', 'SBD-000012', '', 'Etika ', 'Y', '2022-12-01 15:09:36'),
('T2022120009', '2022-09-30', 'T2022120009MDNG', 'SALDO AWAL PUSKESMAS MEDANG 4', 'POB-000001', 'SBD-000012', '', 'Etika ', 'Y', '2022-12-01 15:27:50'),
('T2022120010', '2022-09-30', 'T2022120010', 'Stok Awal Puskesmas Blora', 'POB-000001', 'SBD-000012', '', 'gudang', 'Y', '2022-12-01 19:00:59'),
('T2022120011', '2022-09-30', 'T2022120011', 'Saldo Awal Puskesmas jiken', 'POB-000001', 'SBD-000012', '', 'gudang', 'Y', '2022-12-01 21:23:33'),
('T2022120012', '2022-09-30', 'T2022120012', 'Stok Awal Puskesmas kedungtuban', 'POB-000001', 'SBD-000012', '', 'gudang', 'Y', '2022-12-01 21:34:13'),
('T2022120013', '2022-09-30', 'T2022120013', 'Saldo Awal Puskesmas Kedungtuban', 'POB-000001', 'SBD-000012', '', 'gudang', 'Y', '2022-12-01 21:41:12'),
('T2022120014', '2022-09-30', 'T2022120014', 'Stok Awal Puskesmas Kedungtuban', 'POB-000001', 'SBD-000012', '', 'gudang', 'Y', '2022-12-01 21:43:57'),
('T2022120015', '2022-09-30', 'T2022120015', 'Stok Awal Puskesmas Kedungtuban', 'POB-000001', 'SBD-000012', '', 'gudang', 'Y', '2022-12-01 21:47:21'),
('T2022120016', '2022-12-02', 'T2022120016kpuan', 'SALDO AWAL PUSKESMAS KAPUAN 4', 'POB-000001', 'SBD-000012', '', 'Etika ', 'Y', '2022-12-02 09:15:41'),
('T2022120017', '2022-09-30', 'T2022120017', 'Stok Awal Puskesmas Medang', 'POB-000001', 'SBD-000012', '', 'gudang', 'Y', '2022-12-03 14:44:49'),
('T2022120018', '2022-09-30', 'T2022120018', 'Stok Awal Puskesmas Bogorejo', 'POB-000001', 'SBD-000012', '', 'gudang', 'Y', '2022-12-03 17:32:07'),
('T2022120019', '2022-09-30', 'T2022120019', 'Stok Awal Puskesmas Kunduran 8', 'POB-000001', 'SBD-000012', '', 'gudang', 'Y', '2022-12-03 20:29:21'),
('T2022120020', '2022-09-30', 'T2022120020', 'Stok Awal Puskesmas Kapuan', 'POB-000001', 'SBD-000012', '', 'gudang', 'Y', '2022-12-04 17:58:02'),
('T2022120021', '2022-09-30', 'T2022120021', 'Stok Awal Puskesmas kedungtuban revisi', 'POB-000001', 'SBD-000012', '', 'gudang', 'Y', '2022-12-04 22:40:21'),
('T2022120022', '2022-09-30', 'T2022120022', 'saldo awal tunjungan', 'POB-000001', 'SBD-000012', '', 'Ady Lakson', 'Y', '2022-12-05 09:04:28'),
('T2022120023', '2022-09-30', 'T2022120023', 'saldo awal tunjungan 2', 'POB-000001', 'SBD-000012', '', 'Ady Lakson', 'Y', '2022-12-05 10:01:22'),
('T2022120024', '2022-09-30', 'T2022120023JPH', 'SALDO AWAL PUSKESMAS JAPAH 1', 'POB-000001', 'SBD-000012', '', 'Etika ', 'Y', '2022-12-05 10:44:24'),
('T2022120025', '2022-09-30', 'T2022120024', 'saldo awal tunjungan 3', 'POB-000001', 'SBD-000012', '', 'Ady Lakson', 'Y', '2022-12-05 11:24:19'),
('T2022120026', '2022-09-30', 'T2022120026', 'saldo awal tunjungan 4', 'POB-000001', 'SBD-000012', '', 'Ady Lakson', 'Y', '2022-12-05 13:06:38'),
('T2022120027', '2022-09-30', 'T2022120027', 'saldo awal tunjungan 5', 'POB-000001', 'SBD-000012', '', 'Ady Lakson', 'Y', '2022-12-05 13:09:53'),
('T2022120028', '2022-09-30', 'T2022120025JPH', 'SALDO AWAL PUSKESMAS JAPAH 2', 'POB-000001', 'SBD-000012', '', 'Etika ', 'Y', '2022-12-05 13:46:08'),
('T2022120029', '2022-12-05', 'T2022120029JPH', 'SALDO AWAL PUSKESMAS JAPAH 3', 'POB-000001', 'SBD-000012', '', 'Etika ', 'Y', '2022-12-05 14:28:08'),
('T2022120030', '2022-09-30', 'T2022120030', 'saldo awal bogorejo tambahan', 'POB-000001', 'SBD-000005', '', 'gudang', 'Y', '2022-12-06 23:11:47'),
('T2022120031', '2022-09-30', 'T2022120031', 'Penyesuaian Saldo  japah 4', 'POB-000001', 'SBD-000012', '', 'gudang', 'Y', '2022-12-08 13:08:02'),
('T2022120032', '2022-09-30', 'tw4', 'penyesuaian stok puskesmas kedungtuban', 'POB-000001', 'SBD-000012', '', 'gudang', 'Y', '2022-12-13 18:51:41');

-- --------------------------------------------------------

--
-- Struktur dari tabel `m_menu`
--

CREATE TABLE `m_menu` (
  `idmenu` int(11) NOT NULL,
  `namamenu` varchar(50) DEFAULT NULL,
  `link` varchar(100) DEFAULT NULL,
  `icon` varchar(50) DEFAULT NULL,
  `parentid` varchar(11) DEFAULT NULL,
  `submenu` int(11) DEFAULT NULL,
  `level` varchar(50) DEFAULT NULL,
  `seq` int(11) NOT NULL,
  `aktif` enum('Y','N') DEFAULT 'Y'
) ENGINE=InnoDB DEFAULT CHARSET=utf8mb3 COLLATE=utf8mb3_general_ci ROW_FORMAT=DYNAMIC;

--
-- Dumping data untuk tabel `m_menu`
--

INSERT INTO `m_menu` (`idmenu`, `namamenu`, `link`, `icon`, `parentid`, `submenu`, `level`, `seq`, `aktif`) VALUES
(1, 'Master Data', '#', 'fa fa-folder-open', '#', 0, ';1;3;2;', 1, 'Y'),
(2, 'Kelola User', 'page/master/user', 'fa fa-users', '14', 1, ';2;', 1, 'Y'),
(3, 'Company Profile', 'page/master/perusahaan', 'fas fa-database', '14', 1, ';1;3;2;', 2, 'N'),
(4, 'Menu', 'page/master/menu', 'fas fa-bars', '14', 1, ';2;', 3, 'Y'),
(5, 'Pabrik Obat', 'page/pabrikobat/index', 'fas fa-bars', '1', 1, ';1;2;', 1, 'Y'),
(6, 'Puskesmas', 'page/datapuskesmas/index', 'fas fa-bars', '1', 1, ';1;2;', 2, 'Y'),
(7, 'Pemasok Obat', 'page/pemasok/index', 'fas fa-bars', '1', 1, ';1;2;', 3, 'Y'),
(8, 'Satuan Obat', 'page/satuan/index', 'fas fa-bars', '1', 1, ';1;2;', 4, 'Y'),
(9, 'Program Obat', 'page/program/index', 'fas fa-bars', '1', 1, ';1;2;', 5, 'Y'),
(11, 'Sumber Dana', 'page/sumberdana/index', 'fas fa-bars', '1', 1, ';1;2;', 7, 'Y'),
(12, 'Bio Data Kantor', 'page/biodatakantor/index', 'fas fa-bars', '1', 1, ';1;2;', 8, 'Y'),
(13, 'Pegawai', 'page/pegawai/index', 'fas fa-bars', '1', 1, ';1;2;', 9, 'Y'),
(14, 'Administrator', '#', 'fa fa-folder-open', '#', 0, ';1;3;2;', 3, 'Y'),
(15, 'Obat - Gudang Farmasi', 'page/obatgudang/index', 'fas fa-bars', '1', 1, ';1;2;', 6, 'Y'),
(16, 'Transaksi', '#', 'fa fa-folder-open', '#', 0, ';1;3;2;', 2, 'Y'),
(17, 'Penerimaan Obat', 'page/tterima/index', 'fas fa-bars', '16', 1, ';1;', 1, 'Y'),
(18, 'Pengeluaran Obat', 'page/tkeluar_new/index', 'fas fa-bars', '16', 1, ';1;', 2, 'Y'),
(19, 'Permintaan Obat', 'page/tminta/index', 'fas fa-bars', '16', 1, ';3;', 3, 'Y'),
(20, 'Laporan', '#', 'fa fa-folder-open', '#', 0, ';1;3;2;', 2, 'Y'),
(21, 'Mutasi Obat Puskesmas', 'page/lrekappus/index', 'fas fa-bars', '20', 1, ';1;3;2;4;', 1, 'Y'),
(22, 'Pemakaian Obat', 'page/tpakai/index', 'fas fa-bars', '16', 1, ';3;', 4, 'Y'),
(23, 'Kartu Stok Puskesmas', 'page/lstokpusv2/index', 'fas fa-bars', '20', 1, ';1;3;2;4;', 2, 'Y'),
(24, 'Mutasi Obat Gudang', 'page/lrekapgud/index', 'fas fa-bars', '20', 1, ';1;2;4;', 3, 'Y'),
(25, 'Kartu Stok Gudang', 'page/lstokgudv2/index', 'fas fa-bars', '20', 1, ';1;2;4;', 4, 'Y'),
(26, 'Rekap Mutasi DPPKD', 'page/lrekapdppkd/index', 'fas fa-bars', '20', 1, ';1;3;2;', 5, 'N'),
(27, 'Status Pengiriman', 'page/tkirim/index', 'fas fa-bars', '16', 1, ';1;3;', 5, 'Y'),
(28, 'Stok Akhir', 'page/lstokakhir/index', 'fas fa-bars', '20', 1, ';1;2;', 6, 'N'),
(29, 'Obat Kadaluarsa', 'page/lexpired/index', 'fas fa-bars', '20', 1, ';1;2;4;', 7, 'Y'),
(30, 'Setting Kadaluarsa', 'page/settingexp/index', 'fas fa-bars', '1', 1, ';1;2;', 10, 'Y'),
(31, 'Trans. Permintaan', 'page/lminta/index', 'fas fa-bars', '20', 1, ';1;3;2;4;', 8, 'Y'),
(32, 'Trans. Penerimaan', 'page/lterima/index', 'fas fa-bars', '20', 1, ';1;2;4;', 9, 'Y'),
(33, 'Trans. Pengeluaran', 'page/lkeluar/index', 'fas fa-bars', '20', 1, ';1;2;4;', 10, 'Y'),
(34, 'LPLPO', 'page/llplpo/index', 'fas fa-bars', '20', 1, ';1;3;2;4;', 5, 'Y'),
(35, 'Stok Akhir', 'page/lmintav2/index', 'fas fa-bars', '20', 1, ';1;2;4;', 11, 'Y'),
(36, 'Stok Akhir Puskesmas', 'page/lstokakhirqty/index', 'fas fa-bars', '20', 1, ';1;2;4;3;', 12, 'Y'),
(37, 'Stok Akhir - QTY', 'page/lstokakhirqtygf/index', 'fas fa-bars', '20', 1, ';1;2;4;', 12, 'Y');

-- --------------------------------------------------------

--
-- Struktur dari tabel `m_profil`
--

CREATE TABLE `m_profil` (
  `namapt` varchar(255) DEFAULT NULL,
  `shortname` varchar(200) NOT NULL,
  `alamat` varchar(255) DEFAULT NULL,
  `notelp` varchar(255) DEFAULT NULL,
  `email` varchar(255) DEFAULT NULL,
  `welcome` varchar(255) DEFAULT NULL,
  `title` varchar(255) DEFAULT NULL,
  `url` varchar(255) DEFAULT NULL,
  `fb` varchar(255) DEFAULT NULL,
  `ig` varchar(255) DEFAULT NULL,
  `wa` varchar(255) DEFAULT NULL,
  `twiter` varchar(255) DEFAULT NULL,
  `about` varchar(255) DEFAULT NULL,
  `isactive` enum('0','1') DEFAULT '0',
  `dirut_name` varchar(100) DEFAULT NULL,
  `kota` varchar(100) DEFAULT NULL,
  `idprofil` int(10) NOT NULL
) ENGINE=InnoDB DEFAULT CHARSET=utf8mb3 COLLATE=utf8mb3_general_ci ROW_FORMAT=DYNAMIC;

--
-- Dumping data untuk tabel `m_profil`
--

INSERT INTO `m_profil` (`namapt`, `shortname`, `alamat`, `notelp`, `email`, `welcome`, `title`, `url`, `fb`, `ig`, `wa`, `twiter`, `about`, `isactive`, `dirut_name`, `kota`, `idprofil`) VALUES
('Aplikasi SIMOB', 'SIMPOB', 'Kaliwungu', '+62 857 400 522 84', 'mentarimultitrada@gmail.com', 'We are team of motivated person with lot of ideas', ':: Kabupaten Blora ::', 'blora', '', '', '+62 857 400 522 84', '', 'Kami adalah group perusahaan  ( Holding Company ). Di bangun dengan semangat pertumbuhan, untuk memberikan nilai terbaik pada semua elemen yang berada di lingkungan kami.', '1', 'M. SAIFUL HIDAYAT, S. Kom', 'Kendal', 1);

-- --------------------------------------------------------

--
-- Struktur dari tabel `m_user_level`
--

CREATE TABLE `m_user_level` (
  `levelid` int(11) NOT NULL,
  `name` varchar(100) NOT NULL
) ENGINE=InnoDB DEFAULT CHARSET=latin1 COLLATE=latin1_swedish_ci ROW_FORMAT=DYNAMIC;

--
-- Dumping data untuk tabel `m_user_level`
--

INSERT INTO `m_user_level` (`levelid`, `name`) VALUES
(1, 'GUDANG FARMASI'),
(2, 'DINKES'),
(3, 'PUSKESMAS'),
(4, 'KAUPTD');

-- --------------------------------------------------------

--
-- Struktur dari tabel `prm_kabupaten`
--

CREATE TABLE `prm_kabupaten` (
  `kd_kab` varchar(4) NOT NULL,
  `nm_kab` varchar(30) DEFAULT NULL
) ENGINE=InnoDB DEFAULT CHARSET=latin1 COLLATE=latin1_swedish_ci;

--
-- Dumping data untuk tabel `prm_kabupaten`
--

INSERT INTO `prm_kabupaten` (`kd_kab`, `nm_kab`) VALUES
('3316', 'Blora');

-- --------------------------------------------------------

--
-- Struktur dari tabel `prm_obat`
--

CREATE TABLE `prm_obat` (
  `kd_obat` varchar(10) NOT NULL DEFAULT '',
  `nm_obat` varchar(255) DEFAULT NULL,
  `kel_terapi` varchar(5) DEFAULT NULL,
  `Vol` varchar(15) DEFAULT NULL,
  `jml_awal` decimal(10,0) DEFAULT NULL,
  `harga` decimal(10,2) DEFAULT NULL,
  `kd_satuan` varchar(10) DEFAULT NULL,
  `kd_program` varchar(10) DEFAULT NULL,
  `kd_sumberdanav2` varchar(10) DEFAULT NULL,
  `batch` varchar(200) DEFAULT NULL,
  `aktif` varchar(1) DEFAULT NULL,
  `nearexpday` int(11) NOT NULL,
  `dtexp` date NOT NULL,
  `createdate` datetime NOT NULL DEFAULT current_timestamp(),
  `updatedate` datetime NOT NULL DEFAULT current_timestamp()
) ENGINE=InnoDB DEFAULT CHARSET=latin1 COLLATE=latin1_swedish_ci;

--
-- Dumping data untuk tabel `prm_obat`
--

INSERT INTO `prm_obat` (`kd_obat`, `nm_obat`, `kel_terapi`, `Vol`, `jml_awal`, `harga`, `kd_satuan`, `kd_program`, `kd_sumberdanav2`, `batch`, `aktif`, `nearexpday`, `dtexp`, `createdate`, `updatedate`) VALUES
('OBT-000001', 'Alat Suntik 10 ml', 'k', '', NULL, 1287.00, 'STA-000015', 'PRG-000001', NULL, 'JPH02', 'Y', 20, '2023-04-30', '2022-09-12 23:25:05', '2022-09-12 23:25:05'),
('OBT-000002', 'Alat Suntik 1ml', 'x', '', NULL, 924.15, 'STA-000015', 'PRG-000001', NULL, 'JPH03', 'Y', 20, '2023-04-30', '2022-09-12 23:25:05', '2022-09-12 23:25:05'),
('OBT-000003', 'Alat Suntik 3 ml', '', '', NULL, 880.00, 'STA-000015', 'PRG-000001', NULL, 'tun3', 'Y', 20, '2023-04-30', '2022-09-12 23:25:05', '2022-09-12 23:25:05'),
('OBT-000004', 'Alat Suntik 5ml', '', '', NULL, 765.00, 'STA-000015', 'PRG-000001', NULL, 'tun4', 'Y', 20, '2023-04-30', '2022-09-12 23:25:05', '2022-09-12 23:25:05'),
('OBT-000005', 'Albendazol 400mg tab', '', '', NULL, 288.00, 'STA-000003', 'PRG-000001', NULL, 'NGROTO04', 'Y', 20, '2023-04-30', '2022-09-12 23:25:05', '2022-09-12 23:25:05'),
('OBT-000006', 'Alkohol Swab', '', '', NULL, 120.00, 'STA-000002', 'PRG-000001', NULL, 'JPH04', 'Y', 20, '2023-04-30', '2022-09-12 23:25:05', '2022-09-12 23:25:05'),
('OBT-000007', 'Alopurinol 300 mg', '', '', NULL, 550.00, 'STA-000003', 'PRG-000001', NULL, 'JPH05', 'Y', 20, '2023-04-30', '2022-09-12 23:25:05', '2022-09-12 23:25:05'),
('OBT-000008', 'Alprazolam 0,5 mg', '', '', NULL, 78.00, 'STA-000003', 'PRG-000001', NULL, 'JPH06', 'Y', 20, '2023-04-30', '2022-09-12 23:25:05', '2022-09-12 23:25:05'),
('OBT-000009', 'Ambroxol tab', '', '', NULL, 150.00, 'STA-000003', 'PRG-000001', NULL, '01112022', 'Y', 20, '2023-04-30', '2022-09-12 23:25:05', '2022-09-12 23:25:05'),
('OBT-000010', 'Aminofilin tab 200 mg', '', '', NULL, 95.00, 'STA-000003', 'PRG-000001', NULL, 'mndnxx', 'Y', 20, '2023-04-30', '2022-09-12 23:25:05', '2022-09-12 23:25:05'),
('OBT-000011', 'Aminophylline 24mg/ml inj', '', '', NULL, 2604.00, 'STA-000004', 'PRG-000001', NULL, 'kun11', 'Y', 20, '2023-04-30', '2022-09-12 23:25:05', '2022-09-12 23:25:05'),
('OBT-000012', 'Amitriptyline 25 mg tab', '', '', NULL, 176.59, 'STA-000003', 'PRG-000001', NULL, 'JPH08', 'Y', 20, '2023-04-30', '2022-09-12 23:25:05', '2022-09-12 23:25:05'),
('OBT-000013', 'Amlodipin 10 mg', '', '', NULL, 70.00, 'STA-000003', 'PRG-000001', NULL, 'JPH09', 'Y', 20, '2023-04-30', '2022-09-12 23:25:05', '2022-09-12 23:25:05'),
('OBT-000014', 'Amlodipin 5 mg', '', '', NULL, 53.00, 'STA-000003', 'PRG-000001', NULL, 'JPH10', 'Y', 20, '2023-04-30', '2022-09-12 23:25:05', '2022-09-12 23:25:05'),
('OBT-000015', 'Amoksisilin 250 mg/5 ml sirup kering', '', '', NULL, 3498.00, 'STA-000001', 'PRG-000001', NULL, 'JPH11', 'Y', 20, '2023-04-30', '2022-09-12 23:25:05', '2022-09-12 23:25:05'),
('OBT-000016', 'Amoksisilin kapl 500 mg', '', '', NULL, 201.00, 'STA-000003', 'PRG-000001', NULL, '01112022', 'Y', 20, '2023-04-30', '2022-09-12 23:25:05', '2022-09-12 23:25:05'),
('OBT-000017', 'Ampisilin serbuk 1000mg/ml', '', '', NULL, 8591.00, 'STA-000012', 'PRG-000001', NULL, 'JPH13', 'Y', 20, '2023-04-30', '2022-09-12 23:25:05', '2022-09-12 23:25:05'),
('OBT-000018', 'Antasida DOEN susp', '', '', NULL, 1679.00, 'STA-000001', 'PRG-000001', NULL, 'JPH14', 'Y', 20, '2023-04-30', '2022-09-12 23:25:05', '2022-09-12 23:25:05'),
('OBT-000019', 'Antasida DOEN tab', '', '', NULL, 58.00, 'STA-000003', 'PRG-000001', NULL, 'JPH15', 'Y', 20, '2023-04-30', '2022-09-12 23:25:05', '2022-09-12 23:25:05'),
('OBT-000020', 'Antifungi salep komb', '', '', NULL, 4496.00, 'STA-000017', 'PRG-000001', NULL, 'JPH16', 'Y', 20, '2023-04-30', '2022-09-12 23:25:05', '2022-09-12 23:25:05'),
('OBT-000021', 'Antihemoroid DOEN', '', '', NULL, 3250.00, 'STA-000014', 'PRG-000001', NULL, 'JPH17', 'Y', 20, '2023-04-30', '2022-09-12 23:25:05', '2022-09-12 23:25:05'),
('OBT-000022', 'Antimigrain ( Ergotamin )', '', '', NULL, 173.00, 'STA-000003', 'PRG-000001', NULL, 'tun22', 'Y', 20, '2023-04-30', '2022-09-12 23:25:05', '2022-09-12 23:25:05'),
('OBT-000023', 'Aqua PI 20 ml', '', '', NULL, 8047.50, 'STA-000005', 'PRG-000001', NULL, 'JPH18', 'Y', 20, '2023-04-30', '2022-09-12 23:25:05', '2022-09-12 23:25:05'),
('OBT-000024', 'Asam Askorbat ( Vit.C ) 500mg', '', '', NULL, 225.00, 'STA-000003', 'PRG-000001', NULL, 'T08058BA', 'Y', 20, '2023-04-30', '2022-09-12 23:25:05', '2022-09-12 23:25:05'),
('OBT-000025', 'Asam Folat 0,4 mg', '', '', NULL, 42.00, 'STA-000003', 'PRG-000001', NULL, 'JPH20', 'Y', 20, '2023-04-30', '2022-09-12 23:25:05', '2022-09-12 23:25:05'),
('OBT-000026', 'Asam Folat 1 mg', '', '', NULL, 75.00, 'STA-000003', 'PRG-000001', NULL, 'NGROTO15', 'Y', 20, '2023-04-30', '2022-09-12 23:25:05', '2022-09-12 23:25:05'),
('OBT-000027', 'Asam Mefenamat 500 mg', '', '', NULL, 111.00, 'STA-000003', 'PRG-000001', NULL, 'JPH21', 'Y', 20, '2023-04-30', '2022-09-12 23:25:05', '2022-09-12 23:25:05'),
('OBT-000028', 'Asetil Sistein', '', '', NULL, 89.10, 'STA-000003', 'PRG-000001', NULL, 'JPH23', 'Y', 20, '2023-04-30', '2022-09-12 23:25:05', '2022-09-12 23:25:05'),
('OBT-000029', 'Asetosal 80 mg (Miniaspi tab)', '', '', NULL, 105.00, 'STA-000003', 'PRG-000001', NULL, 'JPH24', 'Y', 20, '2023-04-30', '2022-09-12 23:25:05', '2022-09-12 23:25:05'),
('OBT-000030', 'Asiklovir 400 mg tab', '', '', NULL, 297.71, 'STA-000003', 'PRG-000001', NULL, 'JPH25', 'Y', 20, '2023-04-30', '2022-09-12 23:25:05', '2022-09-12 23:25:05'),
('OBT-000031', 'Asiklovir cr', '', '', NULL, 4550.00, 'STA-000005', 'PRG-000001', NULL, '01112022', 'Y', 20, '2023-04-30', '2022-09-12 23:25:05', '2022-09-12 23:25:05'),
('OBT-000032', 'Atropin inj 0.25mg', '', '', NULL, 1718.00, 'STA-000006', 'PRG-000001', NULL, 'tun32', 'Y', 20, '2023-04-30', '2022-09-12 23:25:05', '2022-09-12 23:25:05'),
('OBT-000033', 'Autoclick Lancing Device Onemed ', '', '', NULL, 17416.00, 'STA-000015', 'PRG-000001', NULL, 'tun33', 'Y', 20, '2023-04-30', '2022-09-12 23:25:05', '2022-09-12 23:25:05'),
('OBT-000034', 'Betahistine 6 mg tab', '', '', NULL, 88.00, 'STA-000003', 'PRG-000001', NULL, 'JPH27', 'Y', 20, '2023-04-30', '2022-09-12 23:25:05', '2022-09-12 23:25:05'),
('OBT-000035', 'Betametason cr', '', '', NULL, 14957.00, 'STA-000005', 'PRG-000001', NULL, 'JPH28', 'Y', 20, '2023-04-30', '2022-09-12 23:25:05', '2022-09-12 23:25:05'),
('OBT-000036', 'Borax Gliserin', '', '', NULL, 4279.81, 'STA-000017', 'PRG-000001', NULL, 'JPH30', 'Y', 20, '2023-04-30', '2022-09-12 23:25:05', '2022-09-12 23:25:05'),
('OBT-000037', 'Bracket', '', '', NULL, 22000.00, 'STA-000015', 'PRG-000001', NULL, 'JPH31', 'Y', 20, '2023-04-30', '2022-09-12 23:25:05', '2022-09-12 23:25:05'),
('OBT-000038', 'Canula Anak', '', '', NULL, 5199.70, 'STA-000015', 'PRG-000001', NULL, 'NGROTO23', 'Y', 20, '2023-04-30', '2022-09-12 23:25:05', '2022-09-12 23:25:05'),
('OBT-000039', 'Canule O2 Anak', '', '', NULL, 5100.00, 'STA-000015', 'PRG-000001', NULL, 'tun39', 'Y', 20, '2023-04-30', '2022-09-12 23:25:05', '2022-09-12 23:25:05'),
('OBT-000040', 'Canule O2 Bayi', '', '', NULL, 5200.00, 'STA-000009', 'PRG-000001', NULL, 'tun40', 'Y', 20, '2023-04-30', '2022-09-12 23:25:05', '2022-09-12 23:25:05'),
('OBT-000041', 'Canule O2 dewasa', '', '', NULL, 5100.00, 'STA-000009', 'PRG-000001', NULL, 'tun41', 'Y', 20, '2023-04-30', '2022-09-12 23:25:05', '2022-09-12 23:25:05'),
('OBT-000042', 'Catgut cromic 2/0', '', '', NULL, 9125.00, 'STA-000015', 'PRG-000001', NULL, 'JPH32', 'Y', 20, '2023-04-30', '2022-09-12 23:25:05', '2022-09-12 23:25:05'),
('OBT-000043', 'Catgut cromic 3/0', '', '', NULL, 8193.27, 'STA-000015', 'PRG-000001', NULL, 'JPH33', 'Y', 20, '2023-04-30', '2022-09-12 23:25:05', '2022-09-12 23:25:05'),
('OBT-000044', 'Catgut plain 2/0', '', '', NULL, 8094.70, 'STA-000015', 'PRG-000001', NULL, 'JPH34', 'Y', 20, '2023-04-30', '2022-09-12 23:25:05', '2022-09-12 23:25:05'),
('OBT-000045', 'Catgut plain 3/0', '', '', NULL, 8625.00, 'STA-000015', 'PRG-000001', NULL, 'MDNG36', 'Y', 20, '2023-04-30', '2022-09-12 23:25:05', '2022-09-12 23:25:05'),
('OBT-000046', 'Catried TCM', '', '', NULL, 253022.23, 'STA-000033', 'PRG-000001', NULL, '100060633', 'Y', 20, '2023-04-30', '2022-09-12 23:25:05', '2022-09-12 23:25:05'),
('OBT-000047', 'Cefadroxil syrup 125 mg/5ml', '', '', NULL, 3800.00, 'STA-000001', 'PRG-000001', NULL, 'JPH35', 'Y', 20, '2023-04-30', '2022-09-12 23:25:05', '2022-09-12 23:25:05'),
('OBT-000048', 'Ciprofloxacin 500 mg ', '', '', NULL, 248.00, 'STA-000003', 'PRG-000001', NULL, 'jph036', 'Y', 20, '2023-04-30', '2022-09-12 23:25:05', '2022-09-12 23:25:05'),
('OBT-000049', 'Deksametason 0.5 mg tab', '', '', NULL, 34.00, 'STA-000003', 'PRG-000001', NULL, 'JPH36', 'Y', 20, '2023-04-30', '2022-09-12 23:25:05', '2022-09-12 23:25:05'),
('OBT-000050', 'Deksametason Inj 5 mg/ml', '', '', NULL, 924.00, 'STA-000007', 'PRG-000001', NULL, 'tun283', 'Y', 20, '2023-04-30', '2022-09-12 23:25:05', '2022-09-12 23:25:05'),
('OBT-000051', 'Diazepam 5 mg Tab', '', '', NULL, 108.00, 'STA-000003', 'PRG-000001', NULL, 'JPH38', 'Y', 20, '2023-04-30', '2022-09-12 23:25:05', '2022-09-12 23:25:05'),
('OBT-000052', 'DIAZEPAM INJ', '', '', NULL, 1545.00, 'STA-000008', 'PRG-000001', NULL, 'tun52', 'Y', 20, '2023-04-30', '2022-09-12 23:25:05', '2022-09-12 23:25:05'),
('OBT-000053', 'Diazepam rektal 10 mg/2,5 ml', '', '', NULL, 18279.00, 'STA-000014', 'PRG-000001', NULL, 'tun53', 'Y', 20, '2023-04-30', '2022-09-12 23:25:05', '2022-09-12 23:25:05'),
('OBT-000054', 'Diazepam rektal 5 mg/2,5 ml', '', '', NULL, 12573.00, 'STA-000014', 'PRG-000001', NULL, 'tun54', 'Y', 20, '2023-04-30', '2022-09-12 23:25:05', '2022-09-12 23:25:05'),
('OBT-000055', 'Digoksin tablet 0,25 mg', '', '', NULL, 114.40, 'STA-000003', 'PRG-000001', NULL, 'JPH39', 'Y', 20, '2023-04-30', '2022-09-12 23:25:05', '2022-09-12 23:25:05'),
('OBT-000056', 'Dimenhidrinate 50mg', '', '', NULL, 108.00, 'STA-000003', 'PRG-000001', NULL, 'JPH40', 'Y', 20, '2023-04-30', '2022-09-12 23:25:05', '2022-09-12 23:25:05'),
('OBT-000057', 'Epinephrine 1mg inj', '', '', NULL, 1515.00, 'STA-000009', 'PRG-000001', NULL, 'JPH41', 'Y', 20, '2023-04-30', '2022-09-12 23:25:05', '2022-09-12 23:25:05'),
('OBT-000058', 'Etanol 70 % 100 ml', '', '', NULL, 2790.00, 'STA-000001', 'PRG-000001', NULL, 'JPH42', 'Y', 20, '2023-04-30', '2022-09-12 23:25:05', '2022-09-12 23:25:05'),
('OBT-000059', 'Etanol 70 % 1L', '', '', NULL, 56000.00, 'STA-000001', 'PRG-000001', NULL, 'tun59', 'Y', 20, '2023-04-30', '2022-09-12 23:25:05', '2022-09-12 23:25:05'),
('OBT-000060', 'Etil Klorida', '', '', NULL, 221000.00, 'STA-000001', 'PRG-000001', NULL, 'JPH43', 'Y', 20, '2023-04-30', '2022-09-12 23:25:05', '2022-09-12 23:25:05'),
('OBT-000061', 'Eugenol', '', '', NULL, 20150.00, 'STA-000001', 'PRG-000001', NULL, 'kun61', 'Y', 20, '2023-04-30', '2022-09-12 23:25:05', '2022-09-12 23:25:05'),
('OBT-000062', 'FDC Kategori 1', '', '', NULL, 416696.00, 'STA-000023', 'PRG-000001', NULL, '01112022', 'Y', 20, '2023-04-30', '2022-09-12 23:25:05', '2022-09-12 23:25:05'),
('OBT-000063', 'FDC Kategori 1 harian', '', '', NULL, 359985.00, 'STA-000023', 'PRG-000001', NULL, 'cep63', 'Y', 20, '2023-04-30', '2022-09-12 23:25:05', '2022-09-12 23:25:05'),
('OBT-000064', 'FDC Kategori 1 Kombipak', '', '', NULL, 288199.00, 'STA-000023', 'PRG-000001', NULL, 'xxxx', 'Y', 20, '2023-04-30', '2022-09-12 23:25:05', '2022-09-12 23:25:05'),
('OBT-000065', 'FDC Kategori Anak', '', '', NULL, 248310.00, 'STA-000023', 'PRG-000001', NULL, 'kutknxx', 'Y', 20, '2023-04-30', '2022-09-12 23:25:05', '2022-09-12 23:25:05'),
('OBT-000066', 'Fenitoin 100 mg', '', '', NULL, 598.20, 'STA-000008', 'PRG-000001', NULL, 'cep66', 'Y', 20, '2023-04-30', '2022-09-12 23:25:05', '2022-09-12 23:25:05'),
('OBT-000067', 'Fenitoin inj', '', '', NULL, 1.00, 'STA-000010', 'PRG-000001', NULL, 'FOF615', 'Y', 20, '2023-04-30', '2022-09-12 23:25:05', '2022-09-12 23:25:05'),
('OBT-000068', 'Fenobarbital 30 mg', '', '', NULL, 170.99, 'STA-000003', 'PRG-000001', NULL, 'mndenxx', 'Y', 20, '2023-04-30', '2022-09-12 23:25:05', '2022-09-12 23:25:05'),
('OBT-000069', 'Fenol gliserol TT 10%', '', '', NULL, 3300.00, 'STA-000001', 'PRG-000001', NULL, 'JPH45', 'Y', 20, '2023-04-30', '2022-09-12 23:25:05', '2022-09-12 23:25:05'),
('OBT-000070', 'Fitomenadion inj 2 mg/ml', '', '', NULL, 1386.00, 'STA-000011', 'PRG-000001', NULL, 'JPH47', 'Y', 20, '2023-04-30', '2022-09-12 23:25:05', '2022-09-12 23:25:05'),
('OBT-000071', 'Fluphenazine/Sikzonoate 25 inj', '', '', NULL, 63500.00, 'STA-000012', 'PRG-000001', NULL, 'MDNG54', 'Y', 20, '2023-04-30', '2022-09-12 23:25:05', '2022-09-12 23:25:05'),
('OBT-000072', 'Folley Cath No.16', '', '', NULL, 10200.00, 'STA-000015', 'PRG-000001', NULL, 'JPH48', 'Y', 20, '2023-04-30', '2022-09-12 23:25:05', '2022-09-12 23:25:05'),
('OBT-000073', 'Folley Cath No.18', '', '', NULL, 10200.00, 'STA-000015', 'PRG-000001', NULL, 'JPH49', 'Y', 20, '2023-04-30', '2022-09-12 23:25:05', '2022-09-12 23:25:05'),
('OBT-000074', 'Furosemid tab', '', '', NULL, 219.48, 'STA-000003', 'PRG-000001', NULL, 'JPH50', 'Y', 20, '2023-04-30', '2022-09-12 23:25:05', '2022-09-12 23:25:05'),
('OBT-000075', 'Garam oralit', '', '', NULL, 280.00, 'STA-000006', 'PRG-000001', NULL, '01112022', 'Y', 20, '2023-04-30', '2022-09-12 23:25:05', '2022-09-12 23:25:05'),
('OBT-000076', 'Gemfibrozil', '', '', NULL, 300.00, 'STA-000003', 'PRG-000001', NULL, 'JPH52', 'Y', 20, '2023-04-30', '2022-09-12 23:25:05', '2022-09-12 23:25:05'),
('OBT-000077', 'Gentamisin Injeksi', '', '', NULL, 3355.00, 'STA-000013', 'PRG-000001', NULL, 'tun77', 'Y', 20, '2023-04-30', '2022-09-12 23:25:05', '2022-09-12 23:25:05'),
('OBT-000078', 'Gentian Violet 1% 10ml', '', '', NULL, 4218.00, 'STA-000017', 'PRG-000001', NULL, 'JPH54', 'Y', 20, '2023-04-30', '2022-09-12 23:25:05', '2022-09-12 23:25:05'),
('OBT-000079', 'Glass Ionomer FX', '', '', NULL, 985740.00, 'STA-000009', 'PRG-000001', NULL, 'kun79', 'Y', 20, '2023-04-30', '2022-09-12 23:25:05', '2022-09-12 23:25:05'),
('OBT-000080', 'Glibenklamid 5 mg', '', '', NULL, 83.00, 'STA-000003', 'PRG-000001', NULL, 'JPH55', 'Y', 20, '2023-04-30', '2022-09-12 23:25:05', '2022-09-12 23:25:05'),
('OBT-000081', 'Glimepiride 1 mg', '', '', NULL, 371.80, 'STA-000003', 'PRG-000001', NULL, 'JPH56', 'Y', 20, '2023-04-30', '2022-09-12 23:25:05', '2022-09-12 23:25:05'),
('OBT-000082', 'Glimepiride 2 mg tab', '', '', NULL, 123.00, 'STA-000003', 'PRG-000001', NULL, 'JPH57', 'Y', 20, '2023-04-30', '2022-09-12 23:25:05', '2022-09-12 23:25:05'),
('OBT-000083', 'Gliseril Guaikiolat ( GG )', '', '', NULL, 89.10, 'STA-000003', 'PRG-000001', NULL, 'JPH58', 'Y', 20, '2023-04-30', '2022-09-12 23:25:05', '2022-09-12 23:25:05'),
('OBT-000084', 'Glukosa 40%', '', '', NULL, 7000.00, 'STA-000001', 'PRG-000001', NULL, 'bltxxx', 'Y', 20, '2023-04-30', '2022-09-12 23:25:05', '2022-09-12 23:25:05'),
('OBT-000085', 'Glukosa infus 5%', '', '', NULL, 6627.00, 'STA-000001', 'PRG-000001', NULL, 'JPH59', 'Y', 20, '2023-04-30', '2022-09-12 23:25:05', '2022-09-12 23:25:05'),
('OBT-000086', 'Griseofulvin 125 mg tab', '', '', NULL, 210.00, 'STA-000003', 'PRG-000001', NULL, 'JPH60', 'Y', 20, '2023-04-30', '2022-09-12 23:25:05', '2022-09-12 23:25:05'),
('OBT-000087', 'Hair Cup/Tutup Kepala', '', '', NULL, 690.00, 'STA-000015', 'PRG-000001', NULL, '113004001', 'Y', 20, '2023-04-30', '2022-09-12 23:25:05', '2022-09-12 23:25:05'),
('OBT-000088', 'Haldol Decanoas 50 mg inj', '', '', NULL, 109000.00, 'STA-000014', 'PRG-000001', NULL, 'NGROTO52', 'Y', 20, '2023-04-30', '2022-09-12 23:25:05', '2022-09-12 23:25:05'),
('OBT-000089', 'Haloperidol 1.5mg tab', '', '', NULL, 51.00, 'STA-000003', 'PRG-000001', NULL, 'MDNG62', 'Y', 20, '2023-04-30', '2022-09-12 23:25:05', '2022-09-12 23:25:05'),
('OBT-000090', 'Haloperidol 5 mg tab', '', '', NULL, 54.00, 'STA-000003', 'PRG-000001', NULL, 'MDNG63', 'Y', 20, '2023-04-30', '2022-09-12 23:25:05', '2022-09-12 23:25:05'),
('OBT-000091', 'Haloperidol tablet 5 mg', '', '', NULL, 69.00, 'STA-000003', 'PRG-000001', NULL, 'tun91', 'Y', 20, '2023-04-30', '2022-09-12 23:25:05', '2022-09-12 23:25:05'),
('OBT-000092', 'Hand Sanitizer (Aseptic gel VIOREX)', '', '', NULL, 65340.00, 'STA-000030', 'PRG-000001', NULL, '21202', 'Y', 20, '2023-04-30', '2022-09-12 23:25:05', '2022-09-12 23:25:05'),
('OBT-000093', 'Hand Sanitizer (Aseptic gel)', '', '', NULL, 26500.00, 'STA-000023', 'PRG-000001', NULL, 'JPH61', 'Y', 20, '2023-04-30', '2022-09-12 23:25:05', '2022-09-12 23:25:05'),
('OBT-000094', 'Handsanitizer 500ml', '', '', NULL, 74250.00, 'STA-000001', 'PRG-000001', NULL, NULL, 'Y', 20, '2023-04-30', '2022-09-12 23:25:05', '2022-09-12 23:25:05'),
('OBT-000095', 'Handscoen Panjang Gynaecological', '', '', NULL, 42900.00, 'STA-000016', 'PRG-000001', NULL, 'AKD11603112C025', 'Y', 20, '2023-04-30', '2022-09-12 23:25:05', '2022-09-12 23:25:05'),
('OBT-000096', 'Handscoon non steril L', '', '', NULL, 1815.00, 'STA-000016', 'PRG-000001', NULL, 'NGROTO55', 'Y', 20, '2023-04-30', '2022-09-12 23:25:05', '2022-09-12 23:25:05'),
('OBT-000097', 'Handscoon non steril M', '', '', NULL, 1991.00, 'STA-000016', 'PRG-000001', NULL, 'tun97', 'Y', 20, '2023-04-30', '2022-09-12 23:25:05', '2022-09-12 23:25:05'),
('OBT-000098', 'Handscoon non steril S', '', '', NULL, 1487.40, 'STA-000015', 'PRG-000001', NULL, '01112022', 'Y', 20, '2023-04-30', '2022-09-12 23:25:05', '2022-09-12 23:25:05'),
('OBT-000099', 'Handscoon Steril No 7', '', '', NULL, 5600.00, 'STA-000015', 'PRG-000001', NULL, 'JPH62', 'Y', 20, '2023-04-30', '2022-09-12 23:25:05', '2022-09-12 23:25:05'),
('OBT-000100', 'Handscoon Steril No 7.5', '', '', NULL, 5668.46, 'STA-000016', 'PRG-000001', NULL, 'JPH63', 'Y', 20, '2023-04-30', '2022-09-12 23:25:05', '2022-09-12 23:25:05'),
('OBT-000101', 'Herbakof', '', '', NULL, 14273.00, 'STA-000001', 'PRG-000001', NULL, '4611153A', 'Y', 20, '2023-04-30', '2022-09-12 23:25:05', '2022-09-12 23:25:05'),
('OBT-000102', 'Hidroklorotiazid (HCT) 25mg', '', '', NULL, 148.00, 'STA-000003', 'PRG-000001', NULL, 'JPH64', 'Y', 20, '2023-04-30', '2022-09-12 23:25:05', '2022-09-12 23:25:05'),
('OBT-000103', 'Hidrokortison salep', '', '', NULL, 2325.00, 'STA-000005', 'PRG-000001', NULL, 'JPH65', 'Y', 20, '2023-04-30', '2022-09-12 23:25:05', '2022-09-12 23:25:05'),
('OBT-000104', 'Hypafix', '', '', NULL, 78310.00, 'STA-000007', 'PRG-000001', NULL, 'JPH67', 'Y', 20, '2023-04-30', '2022-09-12 23:25:05', '2022-09-12 23:25:05'),
('OBT-000105', 'Ibuprofen 400 mg', '', '', NULL, 369.00, 'STA-000003', 'PRG-000001', NULL, 'JPH68', 'Y', 20, '2023-04-30', '2022-09-12 23:25:05', '2022-09-12 23:25:05'),
('OBT-000106', 'Ibuprofen syrup 100mg/5ml', '', '', NULL, 2236.00, 'STA-000001', 'PRG-000001', NULL, 'KPUAN66', 'Y', 20, '2023-04-30', '2022-09-12 23:25:05', '2022-09-12 23:25:05'),
('OBT-000107', 'Ichtyol Salep', '', '', NULL, 7063.64, 'STA-000017', 'PRG-000001', NULL, 'JPH70', 'Y', 20, '2023-04-30', '2022-09-12 23:25:05', '2022-09-12 23:25:05'),
('OBT-000108', 'Infuse Set Dewasa', '', '', NULL, 5790.00, 'STA-000002', 'PRG-000001', NULL, 'mndenxx', 'Y', 20, '2023-04-30', '2022-09-12 23:25:05', '2022-09-12 23:25:05'),
('OBT-000109', 'Isosorbide Dinitrate tab', '', '', NULL, 86.00, 'STA-000003', 'PRG-000001', NULL, 'JPH72', 'Y', 20, '2023-04-30', '2022-09-12 23:25:05', '2022-09-12 23:25:05'),
('OBT-000110', 'IV Catheter No 18 NOUSHED', '', '', NULL, 5995.00, 'STA-000015', 'PRG-000001', NULL, 'tun110', 'Y', 20, '2023-04-30', '2022-09-12 23:25:05', '2022-09-12 23:25:05'),
('OBT-000111', 'IV Catheter No 20 ', '', '', NULL, 6000.00, 'STA-000015', 'PRG-000001', NULL, 'cep111', 'Y', 20, '2023-04-30', '2022-09-12 23:25:05', '2022-09-12 23:25:05'),
('OBT-000112', 'IV Catheter No 20 NOUSHED', '', '', NULL, 5995.00, 'STA-000015', 'PRG-000001', NULL, 'tun112', 'Y', 20, '2023-04-30', '2022-09-12 23:25:05', '2022-09-12 23:25:05'),
('OBT-000113', 'IV Catheter No 22', '', '', NULL, 4861.00, 'STA-000015', 'PRG-000001', NULL, 'tun113', 'Y', 20, '2023-04-30', '2022-09-12 23:25:05', '2022-09-12 23:25:05'),
('OBT-000114', 'IV Catheter No 22 NOUSHED', '', '', NULL, 5995.00, 'STA-000015', 'PRG-000001', NULL, 'JPH74', 'Y', 20, '2023-04-30', '2022-09-12 23:25:05', '2022-09-12 23:25:05'),
('OBT-000115', 'IV Catheter No 24', '', '', NULL, 4861.00, 'STA-000015', 'PRG-000001', NULL, 'MDNG78', 'Y', 20, '2023-04-30', '2022-09-12 23:25:05', '2022-09-12 23:25:05'),
('OBT-000116', 'Kalsium Glukonat Inj 10%', '', '', NULL, 10351.00, 'STA-000015', 'PRG-000001', NULL, 'JPH75', 'Y', 20, '2023-04-30', '2022-09-12 23:25:05', '2022-09-12 23:25:05'),
('OBT-000117', 'Kalsium Laktat', '', '', NULL, 63.00, 'STA-000003', 'PRG-000001', NULL, 'JPH76', 'Y', 20, '2023-04-30', '2022-09-12 23:25:05', '2022-09-12 23:25:05'),
('OBT-000118', 'Kapas absorben 250 gr', '', '', NULL, 26036.00, 'STA-000015', 'PRG-000001', NULL, 'JPH77', 'Y', 20, '2023-04-30', '2022-09-12 23:25:05', '2022-09-12 23:25:05'),
('OBT-000119', 'Kaptopril 12,5 mg tab', '', '', NULL, 65.00, 'STA-000003', 'PRG-000001', NULL, 'JPH78', 'Y', 20, '2023-04-30', '2022-09-12 23:25:05', '2022-09-12 23:25:05'),
('OBT-000120', 'Kaptopril 25 mg', '', '', NULL, 75.00, 'STA-000003', 'PRG-000001', NULL, 'JPH79', 'Y', 20, '2023-04-30', '2022-09-12 23:25:05', '2022-09-12 23:25:05'),
('OBT-000121', 'Karbamazepin 200 mg', '', '', NULL, 230.00, 'STA-000003', 'PRG-000001', NULL, 'tun121', 'Y', 20, '2023-04-30', '2022-09-12 23:25:05', '2022-09-12 23:25:05'),
('OBT-000122', 'Kartu Golongan Darah', '', '', NULL, 350.00, 'STA-000007', 'PRG-000001', NULL, 'tun122', 'Y', 20, '2023-04-30', '2022-09-12 23:25:05', '2022-09-12 23:25:05'),
('OBT-000123', 'Kasa hydrophyl 16x16', '', '', NULL, 440.63, 'STA-000015', 'PRG-000001', NULL, 'JPH80', 'Y', 20, '2023-04-30', '2022-09-12 23:25:05', '2022-09-12 23:25:05'),
('OBT-000124', 'Kasa hydrophyl 18x22', '', '', NULL, 625.00, 'STA-000015', 'PRG-000001', NULL, 'JPH81', 'Y', 20, '2023-04-30', '2022-09-12 23:25:05', '2022-09-12 23:25:05'),
('OBT-000125', 'Kassa 2 x 80', '', '', NULL, 10358.00, 'STA-000015', 'PRG-000001', NULL, 'JPH82', 'Y', 20, '2023-04-30', '2022-09-12 23:25:05', '2022-09-12 23:25:05'),
('OBT-000126', 'Kassa 4 x 3', '', '', NULL, 759.00, 'STA-000015', 'PRG-000001', NULL, 'tun126', 'Y', 20, '2023-04-30', '2022-09-12 23:25:05', '2022-09-12 23:25:05'),
('OBT-000127', 'Kassa 40 x 40', '', '', NULL, 1600.00, 'STA-000007', 'PRG-000001', NULL, 'tun127', 'Y', 20, '2023-04-30', '2022-09-12 23:25:05', '2022-09-12 23:25:05'),
('OBT-000128', 'Kassa Pembalut Hidrofil  4 x 15', '', '', NULL, 3967.00, 'STA-000015', 'PRG-000001', NULL, 'MDNG87', 'Y', 20, '2023-04-30', '2022-09-12 23:25:05', '2022-09-12 23:25:05'),
('OBT-000129', 'Ketokonazol 200 mg tab', '', '', NULL, 252.00, 'STA-000003', 'PRG-000001', NULL, 'JPH85', 'Y', 20, '2023-04-30', '2022-09-12 23:25:05', '2022-09-12 23:25:05'),
('OBT-000130', 'Ketokonazol krim 2%', '', '', NULL, 5230.00, 'STA-000005', 'PRG-000001', NULL, '01112022', 'Y', 20, '2023-04-30', '2022-09-12 23:25:05', '2022-09-12 23:25:05'),
('OBT-000131', 'Klem umbilical', '', '', NULL, 1800.00, 'STA-000015', 'PRG-000001', NULL, 'JPH86', 'Y', 20, '2023-04-30', '2022-09-12 23:25:05', '2022-09-12 23:25:05'),
('OBT-000132', 'Kloramfenikol 500mg kapsul', '', '', NULL, 1185.00, 'STA-000008', 'PRG-000001', NULL, 'JPH87', 'Y', 20, '2023-04-30', '2022-09-12 23:25:05', '2022-09-12 23:25:05'),
('OBT-000133', 'Kloramfenikol salep mata', '', '', NULL, 9574.00, 'STA-000005', 'PRG-000001', NULL, 'JPH88', 'Y', 20, '2023-04-30', '2022-09-12 23:25:05', '2022-09-12 23:25:05'),
('OBT-000134', 'Kloramfenikol syrup', '', '', NULL, 11318.00, 'STA-000001', 'PRG-000001', NULL, 'JPH89', 'Y', 20, '2023-04-30', '2022-09-12 23:25:05', '2022-09-12 23:25:05'),
('OBT-000135', 'Kloramfenikol TT 3%', '', '', NULL, 9574.00, 'STA-000001', 'PRG-000001', NULL, 'JPH90', 'Y', 20, '2023-04-30', '2022-09-12 23:25:05', '2022-09-12 23:25:05'),
('OBT-000136', 'Klorfeniramin (CTM) 4 mg', '', '', NULL, 23.00, 'STA-000003', 'PRG-000001', NULL, 'JPH92', 'Y', 20, '2023-04-30', '2022-09-12 23:25:05', '2022-09-12 23:25:05'),
('OBT-000137', 'Klorfeniramin 4 mg (Orphen Kaplet)', '', '', NULL, 92.40, 'STA-000003', 'PRG-000001', NULL, 'TEV72', 'Y', 20, '2023-04-30', '2022-09-12 23:25:05', '2022-09-12 23:25:05'),
('OBT-000138', 'Klorpromazin 100 mg', '', '', NULL, 395.00, 'STA-000003', 'PRG-000001', NULL, '01102022', 'Y', 20, '2023-04-30', '2022-09-12 23:25:05', '2022-09-12 23:25:05'),
('OBT-000139', 'Kotrimoksasol suspensi', '', '', NULL, 2190.00, 'STA-000001', 'PRG-000001', NULL, 'JPH95', 'Y', 20, '2023-04-30', '2022-09-12 23:25:05', '2022-09-12 23:25:05'),
('OBT-000140', 'Kotrimoksasol suspensi 240mg', '', '', NULL, 2190.00, 'STA-000001', 'PRG-000001', NULL, 'kun140', 'Y', 20, '2023-04-30', '2022-09-12 23:25:05', '2022-09-12 23:25:05'),
('OBT-000141', 'KOTRIMOKSAZOL 480 MG TAB', '', '', NULL, 133.00, 'STA-000003', 'PRG-000001', NULL, '01112022', 'Y', 20, '2023-04-30', '2022-09-12 23:25:05', '2022-09-12 23:25:05'),
('OBT-000142', 'Levofloksasin', '', '', NULL, 494.00, 'STA-000008', 'PRG-000001', NULL, 'JPH97', 'Y', 20, '2023-04-30', '2022-09-12 23:25:05', '2022-09-12 23:25:05'),
('OBT-000143', 'Levoftirosin 100 mcg', '', '', NULL, 890.00, 'STA-000003', 'PRG-000001', NULL, 'kun143', 'Y', 20, '2023-04-30', '2022-09-12 23:25:05', '2022-09-12 23:25:05'),
('OBT-000144', 'Lidocain injeksi 2% + Epineprin 1:80.000', '', '', NULL, 1229.00, 'STA-000016', 'PRG-000001', NULL, 'JPH98', 'Y', 20, '2023-04-30', '2022-09-12 23:25:05', '2022-09-12 23:25:05'),
('OBT-000145', 'Lidocain komp injeksi', '', '', NULL, 803.00, 'STA-000017', 'PRG-000001', NULL, 'tun145', 'Y', 20, '2023-04-30', '2022-09-12 23:25:05', '2022-09-12 23:25:05'),
('OBT-000146', 'Magnesium Sulfat 40%', '', '', NULL, 4090.00, 'STA-000012', 'PRG-000001', NULL, '01102022', 'Y', 20, '2023-04-30', '2022-09-12 23:25:05', '2022-09-12 23:25:05'),
('OBT-000147', 'Masker', '', '', NULL, 550.00, 'STA-000015', 'PRG-000001', NULL, 'tun147', 'Y', 20, '2023-04-30', '2022-09-12 23:25:05', '2022-09-12 23:25:05'),
('OBT-000148', 'Masker Altamed', '', '', NULL, 1650.00, 'STA-000009', 'PRG-000001', NULL, '1012001', 'Y', 20, '2023-04-30', '2022-09-12 23:25:05', '2022-09-12 23:25:05'),
('OBT-000149', 'Masker Bedah Hijab', '', '', NULL, 1050.00, 'STA-000015', 'PRG-000001', NULL, '20210102', 'Y', 20, '2023-04-30', '2022-09-12 23:25:05', '2022-09-12 23:25:05'),
('OBT-000150', 'Masker Earloop', '', '', NULL, 2290.00, 'STA-000015', 'PRG-000001', NULL, 'XXX', 'Y', 20, '2023-04-30', '2022-09-12 23:25:05', '2022-09-12 23:25:05'),
('OBT-000151', 'masker earloop (non hijab)', '', '', NULL, 480.00, 'STA-000015', 'PRG-000001', NULL, '113003001', 'Y', 20, '2023-04-30', '2022-09-12 23:25:05', '2022-09-12 23:25:05'),
('OBT-000152', 'Masker Headloop', '', '', NULL, 706.36, 'STA-000015', 'PRG-000001', NULL, '02H22', 'Y', 20, '2023-04-30', '2022-09-12 23:25:05', '2022-09-12 23:25:05'),
('OBT-000153', 'masker headloop (hijab)', '', '', NULL, 539.00, 'STA-000015', 'PRG-000001', NULL, '113005001', 'Y', 20, '2023-04-30', '2022-09-12 23:25:05', '2022-09-12 23:25:05'),
('OBT-000154', 'Masker N95', '', '', NULL, 19900.00, 'STA-000015', 'PRG-000001', NULL, 'MF01L', 'Y', 20, '2023-04-30', '2022-09-12 23:25:05', '2022-09-12 23:25:05'),
('OBT-000155', 'Masterzym', '', '', NULL, 1.00, 'STA-000001', 'PRG-000001', NULL, 'tun155', 'Y', 20, '2023-04-30', '2022-09-12 23:25:05', '2022-09-12 23:25:05'),
('OBT-000156', 'MDT Kusta MB Anak', '', '', NULL, 25354.00, 'STA-000029', 'PRG-000001', NULL, '01112022', 'Y', 20, '2023-04-30', '2022-09-12 23:25:05', '2022-09-12 23:25:05'),
('OBT-000157', 'MDT Kusta MB Dewasa', '', '', NULL, 40128.00, 'STA-000023', 'PRG-000001', NULL, 'BKM9662', 'Y', 20, '2023-04-30', '2022-09-12 23:25:05', '2022-09-12 23:25:05'),
('OBT-000158', 'Metampiron', '', '', NULL, 359.70, 'STA-000003', 'PRG-000001', NULL, 'JPH100', 'Y', 20, '2023-04-30', '2022-09-12 23:25:05', '2022-09-12 23:25:05'),
('OBT-000159', 'Metformin 200 mg tab', '', '', NULL, 77.00, 'STA-000003', 'PRG-000001', NULL, 'JPH101', 'Y', 20, '2023-04-30', '2022-09-12 23:25:05', '2022-09-12 23:25:05'),
('OBT-000160', 'Metoklopramid 10 mg', '', '', NULL, 66.00, 'STA-000003', 'PRG-000001', NULL, 'tun160', 'Y', 20, '2023-04-30', '2022-09-12 23:25:05', '2022-09-12 23:25:05'),
('OBT-000161', 'Metoklopramid 5 mg', '', '', NULL, 117.00, 'STA-000003', 'PRG-000001', NULL, 'JPH106', 'Y', 20, '2023-04-30', '2022-09-12 23:25:05', '2022-09-12 23:25:05'),
('OBT-000162', 'Metronidazol 125 mg/5ml susp', '', '', NULL, 3765.00, 'STA-000001', 'PRG-000001', NULL, 'JPH107', 'Y', 20, '2023-04-30', '2022-09-12 23:25:05', '2022-09-12 23:25:05'),
('OBT-000163', 'Metronidazole Ovula (Vagizol Ovula)', '', '', NULL, 3810.00, 'STA-000014', 'PRG-000001', NULL, 'Kd. Tuban', 'Y', 20, '2023-04-30', '2022-09-12 23:25:05', '2022-09-12 23:25:05'),
('OBT-000164', 'Mikonazol 2% krim', '', '', NULL, 1900.00, 'STA-000005', 'PRG-000001', NULL, 'JPH109', 'Y', 20, '2023-04-30', '2022-09-12 23:25:05', '2022-09-12 23:25:05'),
('OBT-000165', 'Mikropipet tips', '', '', NULL, 87800.00, 'STA-000023', 'PRG-000001', NULL, 'XXXX', 'Y', 20, '2023-04-30', '2022-09-12 23:25:05', '2022-09-12 23:25:05'),
('OBT-000166', 'Mineral Mix', '', '', NULL, 2981.00, 'STA-000006', 'PRG-000001', NULL, '', 'Y', 20, '2023-04-30', '2022-09-12 23:25:05', '2022-09-12 23:25:05'),
('OBT-000167', 'Multivitamin/Becefort', '', '', NULL, 1037.85, 'STA-000003', 'PRG-000001', NULL, '01112022', 'Y', 20, '2023-04-30', '2022-09-12 23:25:05', '2022-09-12 23:25:05'),
('OBT-000168', 'Multivitamin/Casavit 500mg tab', '', '', NULL, 6438.00, 'STA-000003', 'PRG-000001', NULL, 'T171AAV', 'Y', 20, '2023-04-30', '2022-09-12 23:25:05', '2022-09-12 23:25:05'),
('OBT-000169', 'Natrium Chlorida infus 0,9%', '', '', NULL, 6800.00, 'STA-000001', 'PRG-000001', NULL, 'JPH111', 'Y', 20, '2023-04-30', '2022-09-12 23:25:05', '2022-09-12 23:25:05'),
('OBT-000170', 'Natrium Diklofenak 50 mg', '', '', NULL, 123.00, 'STA-000003', 'PRG-000001', NULL, 'JPH112', 'Y', 20, '2023-04-30', '2022-09-12 23:25:05', '2022-09-12 23:25:05'),
('OBT-000171', 'Neo Kaominal', '', '', NULL, 7405.20, 'STA-000001', 'PRG-000001', NULL, 'JPH113', 'Y', 20, '2023-04-30', '2022-09-12 23:25:05', '2022-09-12 23:25:05'),
('OBT-000172', 'Neocenta / Bioplacenton krim', '', '', NULL, 16460.00, 'STA-000005', 'PRG-000001', NULL, '01112022', 'Y', 20, '2023-04-30', '2022-09-12 23:25:05', '2022-09-12 23:25:05'),
('OBT-000173', 'New Antides', '', '', NULL, 235.66, 'STA-000003', 'PRG-000001', NULL, 'mndenxx', 'Y', 20, '2023-04-30', '2022-09-12 23:25:05', '2022-09-12 23:25:05'),
('OBT-000174', 'Nipro Premier Blood Glucose Monitoring System', '', '', NULL, 1.00, 'STA-000034', 'PRG-000001', NULL, 'XXXX', 'Y', 20, '2023-04-30', '2022-09-12 23:25:05', '2022-09-12 23:25:05'),
('OBT-000175', 'Nipro Premier Blood Glucose Test Strip', '', '', NULL, 123210.00, 'STA-000031', 'PRG-000001', NULL, 'XXXX', 'Y', 20, '2023-04-30', '2022-09-12 23:25:05', '2022-09-12 23:25:05'),
('OBT-000176', 'Nistatin Drop', '', '', NULL, 25300.00, 'STA-000001', 'PRG-000001', NULL, '01112022', 'Y', 20, '2023-04-30', '2022-09-12 23:25:05', '2022-09-12 23:25:05'),
('OBT-000177', 'OB Herbal Sirup', '', '', NULL, 7700.00, 'STA-000001', 'PRG-000001', NULL, 'JPH117', 'Y', 20, '2023-04-30', '2022-09-12 23:25:05', '2022-09-12 23:25:05'),
('OBT-000178', 'Object Glass ', '', '', NULL, 77690.00, 'STA-000009', 'PRG-000001', NULL, 'tun178', 'Y', 20, '2023-04-30', '2022-09-12 23:25:05', '2022-09-12 23:25:05'),
('OBT-000179', 'Oksigen Regulator', '', '', NULL, 398750.00, 'STA-000009', 'PRG-000001', NULL, 'tun179', 'Y', 20, '2023-04-30', '2022-09-12 23:25:05', '2022-09-12 23:25:05'),
('OBT-000180', 'Oksitetrasiklin SM 1%', '', '', NULL, 3500.00, 'STA-000005', 'PRG-000001', NULL, 'JPH119', 'Y', 20, '2023-04-30', '2022-09-12 23:25:05', '2022-09-12 23:25:05'),
('OBT-000181', 'Oksitosin inj', '', '', NULL, 1126.00, 'STA-000018', 'PRG-000001', NULL, 'JPH120', 'Y', 20, '2023-04-30', '2022-09-12 23:25:05', '2022-09-12 23:25:05'),
('OBT-000182', 'Ostela Forte', '', '', NULL, 8806.67, 'STA-000003', 'PRG-000001', NULL, '01102022', 'Y', 20, '2023-04-30', '2022-09-12 23:25:05', '2022-09-12 23:25:05'),
('OBT-000183', 'Parasetamol Drop', '', '', NULL, 4976.00, 'STA-000001', 'PRG-000001', NULL, 'JPH123', 'Y', 20, '2023-04-30', '2022-09-12 23:25:05', '2022-09-12 23:25:05'),
('OBT-000184', 'Parasetamol sirup 120 mg/5ml', '', '', NULL, 1181.00, 'STA-000001', 'PRG-000001', NULL, '01112022', 'Y', 20, '2023-04-30', '2022-09-12 23:25:05', '2022-09-12 23:25:05'),
('OBT-000185', 'Pehacain Inj', '', '', NULL, 3141.35, 'STA-000019', 'PRG-000001', NULL, 'JPH125', 'Y', 20, '2023-04-30', '2022-09-12 23:25:05', '2022-09-12 23:25:05'),
('OBT-000186', 'Piridoksin ( Vit B6 ) 10 mg tab', '', '', NULL, 67.00, 'STA-000003', 'PRG-000001', NULL, 'tun186', 'Y', 20, '2023-04-30', '2022-09-12 23:25:05', '2022-09-12 23:25:05'),
('OBT-000187', 'Piroxicam 20 mg', '', '', NULL, 146.32, 'STA-000003', 'PRG-000001', NULL, 'JPH127', 'Y', 20, '2023-04-30', '2022-09-12 23:25:05', '2022-09-12 23:25:05'),
('OBT-000188', 'Plester (Leukoplast 7,5 cm x 4,5 cm)', '', '', NULL, 59500.00, 'STA-000023', 'PRG-000001', NULL, 'JPH128', 'Y', 20, '2023-04-30', '2022-09-12 23:25:05', '2022-09-12 23:25:05'),
('OBT-000189', 'Plesterin bulat', '', '', NULL, 175.00, 'STA-000007', 'PRG-000001', NULL, 'JPH129', 'Y', 20, '2023-04-30', '2022-09-12 23:25:05', '2022-09-12 23:25:05'),
('OBT-000190', 'Pot Sputum', '', '', NULL, 5890.00, 'STA-000017', 'PRG-000001', NULL, 'NGROTO112', 'Y', 20, '2023-04-30', '2022-09-12 23:25:05', '2022-09-12 23:25:05'),
('OBT-000191', 'Povidon Iodida 10 % 30 ml', '', '', NULL, 2800.00, 'STA-000015', 'PRG-000001', NULL, 'JPH130', 'Y', 20, '2023-04-30', '2022-09-12 23:25:05', '2022-09-12 23:25:05'),
('OBT-000192', 'Povidon Iodida 10 % 300 ml', '', '', NULL, 42500.00, 'STA-000001', 'PRG-000001', NULL, 'tun192', 'Y', 20, '2023-04-30', '2022-09-12 23:25:05', '2022-09-12 23:25:05'),
('OBT-000193', 'Povidon Iodida 10 % 60 ml', '', '', NULL, 11300.00, 'STA-000001', 'PRG-000001', NULL, 'kun193', 'Y', 20, '2023-04-30', '2022-09-12 23:25:05', '2022-09-12 23:25:05'),
('OBT-000194', 'Prednison 5 mg', '', '', NULL, 68.00, 'STA-000003', 'PRG-000001', NULL, 'JPH131', 'Y', 20, '2023-04-30', '2022-09-12 23:25:05', '2022-09-12 23:25:05'),
('OBT-000195', 'Propanolol 10 mg tab', '', '', NULL, 56.00, 'STA-000003', 'PRG-000001', NULL, 'JPH132', 'Y', 20, '2023-04-30', '2022-09-12 23:25:05', '2022-09-12 23:25:05'),
('OBT-000196', 'R.Hema OL 2100 Kertas print', '', '', NULL, 40000.00, 'STA-000015', 'PRG-000001', NULL, 'XXXX', 'Y', 20, '2023-04-30', '2022-09-12 23:25:05', '2022-09-12 23:25:05'),
('OBT-000197', 'Ranitidin 150 mg', '', '', NULL, 85.00, 'STA-000003', 'PRG-000001', NULL, '01112022', 'Y', 20, '2023-04-30', '2022-09-12 23:25:05', '2022-09-12 23:25:05'),
('OBT-000198', 'Ranitidin 50 mg/2 ml injeksi', '', '', NULL, 814.00, 'STA-000020', 'PRG-000001', NULL, 'JPH134', 'Y', 20, '2023-04-30', '2022-09-12 23:25:05', '2022-09-12 23:25:05'),
('OBT-000199', 'Rapid Test HIV 1', '', '', NULL, 7879.00, 'STA-000033', 'PRG-000001', NULL, 'MDNG143', 'Y', 20, '2023-04-30', '2022-09-12 23:25:05', '2022-09-12 23:25:05'),
('OBT-000200', 'Rapid Test HIV 2', '', '', NULL, 11500.00, 'STA-000033', 'PRG-000001', NULL, '2109170', 'Y', 20, '2023-04-30', '2022-09-12 23:25:05', '2022-09-12 23:25:05'),
('OBT-000201', 'Rapid Test HIV 3', '', '', NULL, 10500.00, 'STA-000033', 'PRG-000001', NULL, '5352AF1AC', 'Y', 20, '2023-04-30', '2022-09-12 23:25:05', '2022-09-12 23:25:05'),
('OBT-000202', 'Reagen gol darah Pro-D anti A', '', '', NULL, 62233.34, 'STA-000015', 'PRG-000001', NULL, 'tun202', 'Y', 20, '2023-04-30', '2022-09-12 23:25:05', '2022-09-12 23:25:05'),
('OBT-000203', 'Reagen gol darah Pro-D anti B', '', '', NULL, 58300.00, 'STA-000015', 'PRG-000001', NULL, 'tun203', 'Y', 20, '2023-04-30', '2022-09-12 23:25:05', '2022-09-12 23:25:05'),
('OBT-000204', 'Reagent HbsAg tes', '', '', NULL, 1.00, 'STA-000033', 'PRG-000001', NULL, 'tun204', 'Y', 20, '2023-04-30', '2022-09-12 23:25:05', '2022-09-12 23:25:05'),
('OBT-000205', 'Reagent Syphillis', '', '', NULL, 9639.00, 'STA-000033', 'PRG-000001', NULL, '01112022', 'Y', 20, '2023-04-30', '2022-09-12 23:25:05', '2022-09-12 23:25:05'),
('OBT-000206', 'retinol (vit A ) 100000 IU', '', '', NULL, 287.00, 'STA-000008', 'PRG-000001', NULL, 'dop206', 'Y', 20, '2023-04-30', '2022-09-12 23:25:05', '2022-09-12 23:25:05'),
('OBT-000207', 'Ringer Laktat larutan infus', '', '', NULL, 7630.00, 'STA-000001', 'PRG-000001', NULL, 'JPH136', 'Y', 20, '2023-04-30', '2022-09-12 23:25:05', '2022-09-12 23:25:05'),
('OBT-000208', 'Risperidon 2 mg', '', '', NULL, 419.00, 'STA-000003', 'PRG-000001', NULL, '01102022', 'Y', 20, '2023-04-30', '2022-09-12 23:25:05', '2022-09-12 23:25:05'),
('OBT-000209', 'Salbutamol 2mg tab', '', '', NULL, 70.00, 'STA-000003', 'PRG-000001', NULL, 'NGROTO122', 'Y', 20, '2023-04-30', '2022-09-12 23:25:05', '2022-09-12 23:25:05'),
('OBT-000210', 'Salbutamol tablet 4 mg', '', '', NULL, 70.00, 'STA-000003', 'PRG-000001', NULL, 'tun210', 'Y', 20, '2023-04-30', '2022-09-12 23:25:05', '2022-09-12 23:25:05'),
('OBT-000211', 'Salep 2-4 Kombinasi', '', '', NULL, 1410.00, 'STA-000017', 'PRG-000001', NULL, 'JPH140', 'Y', 20, '2023-04-30', '2022-09-12 23:25:05', '2022-09-12 23:25:05'),
('OBT-000212', 'Salisil bedak 2 %', '', '', NULL, 920.00, 'STA-000032', 'PRG-000001', NULL, 'JPH141', 'Y', 20, '2023-04-30', '2022-09-12 23:25:05', '2022-09-12 23:25:05'),
('OBT-000213', 'Scabicid krim/Permetrin krim 5%', '', '', NULL, 23820.60, 'STA-000005', 'PRG-000001', NULL, 'JPH142', 'Y', 20, '2023-04-30', '2022-09-12 23:25:05', '2022-09-12 23:25:05'),
('OBT-000214', 'SD Bioline HIV/Syphillis Duo', '', '', NULL, 17563.84, 'STA-000033', 'PRG-000001', NULL, 'MDNG165', 'Y', 20, '2023-04-30', '2022-09-12 23:25:05', '2022-09-12 23:25:05'),
('OBT-000215', 'Serum ABU', '', '', NULL, 517132.00, 'STA-000012', 'PRG-000001', NULL, 'JPH143', 'Y', 20, '2023-04-30', '2022-09-12 23:25:05', '2022-09-12 23:25:05'),
('OBT-000216', 'Serum ATS', '', '', NULL, 138925.00, 'STA-000021', 'PRG-000001', NULL, 'JPH144', 'Y', 20, '2023-04-30', '2022-09-12 23:25:05', '2022-09-12 23:25:05'),
('OBT-000217', 'Sianokobalamin (vit B12) tab', '', '', NULL, 43.00, 'STA-000003', 'PRG-000001', NULL, 'JPH145', 'Y', 20, '2023-04-30', '2022-09-12 23:25:05', '2022-09-12 23:25:05'),
('OBT-000218', 'Silk 2/0', '', '', NULL, 1547.09, 'STA-000015', 'PRG-000001', NULL, 'MDNG168', 'Y', 20, '2023-04-30', '2022-09-12 23:25:05', '2022-09-12 23:25:05'),
('OBT-000219', 'Silk 3/0', '', '', NULL, 1492.67, 'STA-000015', 'PRG-000001', NULL, 'MDNG169', 'Y', 20, '2023-04-30', '2022-09-12 23:25:05', '2022-09-12 23:25:05'),
('OBT-000220', 'Simvastatin tablet 10 mg', '', '', NULL, 68.00, 'STA-000003', 'PRG-000001', NULL, 'JPH146', 'Y', 20, '2023-04-30', '2022-09-12 23:25:05', '2022-09-12 23:25:05'),
('OBT-000221', 'Spekulum dispo / Vagion M', '', '', NULL, 6500.00, 'STA-000009', 'PRG-000001', NULL, 'kun221', 'Y', 20, '2023-04-30', '2022-09-12 23:25:05', '2022-09-12 23:25:05'),
('OBT-000222', 'Stimuno F', '', '', NULL, 1763.00, 'STA-000008', 'PRG-000001', NULL, 'JPH148', 'Y', 20, '2023-04-30', '2022-09-12 23:25:05', '2022-09-12 23:25:05'),
('OBT-000223', 'Stomach 14', '', '', NULL, 7744.00, 'STA-000015', 'PRG-000001', NULL, 'kun223', 'Y', 20, '2023-04-30', '2022-09-12 23:25:05', '2022-09-12 23:25:05'),
('OBT-000224', 'Stomach 16', '', '', NULL, 7744.00, 'STA-000015', 'PRG-000001', NULL, 'kun224', 'Y', 20, '2023-04-30', '2022-09-12 23:25:05', '2022-09-12 23:25:05'),
('OBT-000225', 'Strip Kolesterol NESCO', '', '', NULL, 23925.00, 'STA-000033', 'PRG-000001', NULL, 'rwbnxx', 'Y', 20, '2023-04-30', '2022-09-12 23:25:05', '2022-09-12 23:25:05'),
('OBT-000226', 'Sukralfat / Ulsafate sirup', '', '', NULL, 4989.00, 'STA-000001', 'PRG-000001', NULL, 'tun226', 'Y', 20, '2023-04-30', '2022-09-12 23:25:05', '2022-09-12 23:25:05'),
('OBT-000227', 'Tablet Tambah Darah', '', '', NULL, 226.00, 'STA-000003', 'PRG-000001', NULL, 'MDNG173', 'Y', 20, '2023-04-30', '2022-09-12 23:25:05', '2022-09-12 23:25:05'),
('OBT-000228', 'Tetrasiklin 500mg kapsul', '', '', NULL, 893.00, 'STA-000008', 'PRG-000001', NULL, 'JPH149', 'Y', 20, '2023-04-30', '2022-09-12 23:25:05', '2022-09-12 23:25:05'),
('OBT-000229', 'Thiamin (Vit B 1) tab 50 mg', '', '', NULL, 156.20, 'STA-000003', 'PRG-000001', NULL, 'JPH157', 'Y', 20, '2023-04-30', '2022-09-12 23:25:05', '2022-09-12 23:25:05'),
('OBT-000230', 'Thiamphenicol /Zecathiam 500 mg', '', '', NULL, 1236.54, 'STA-000008', 'PRG-000001', NULL, 'JPH150', 'Y', 20, '2023-04-30', '2022-09-12 23:25:05', '2022-09-12 23:25:05'),
('OBT-000231', 'Tranfusi Set', '', '', NULL, 17595.00, 'STA-000002', 'PRG-000001', NULL, 'tun231', 'Y', 20, '2023-04-30', '2022-09-12 23:25:05', '2022-09-12 23:25:05'),
('OBT-000232', 'Trifluoperazine 5 mg', '', '', NULL, 287.00, 'STA-000003', 'PRG-000001', NULL, 'JPH151', 'Y', 20, '2023-04-30', '2022-09-12 23:25:05', '2022-09-12 23:25:05'),
('OBT-000233', 'Triheksipenidil 2 mg', '', '', NULL, 63.57, 'STA-000003', 'PRG-000001', NULL, '01102022', 'Y', 20, '2023-04-30', '2022-09-12 23:25:05', '2022-09-12 23:25:05'),
('OBT-000234', 'Ultrasonic gel/USG GEL', '', '', NULL, 13860.00, 'STA-000001', 'PRG-000001', NULL, 'Jiken', 'Y', 20, '2023-04-30', '2022-09-12 23:25:05', '2022-09-12 23:25:05'),
('OBT-000235', 'Urine Bag', '', '', NULL, 5500.00, 'STA-000015', 'PRG-000001', NULL, 'NGROTO134', 'Y', 20, '2023-04-30', '2022-09-12 23:25:05', '2022-09-12 23:25:05'),
('OBT-000236', 'Urine bag(KMP/SCP)', '', '', NULL, 5700.00, 'STA-000015', 'PRG-000001', NULL, 'tun236', 'Y', 20, '2023-04-30', '2022-09-12 23:25:05', '2022-09-12 23:25:05'),
('OBT-000237', 'Vicalcin syrup', '', '', NULL, 6660.00, 'STA-000001', 'PRG-000001', NULL, 'JPH153', 'Y', 20, '2023-04-30', '2022-09-12 23:25:05', '2022-09-12 23:25:05'),
('OBT-000238', 'Vitamin C (Asam Askorbat 50 mg)', '', '', NULL, 42.00, 'STA-000003', 'PRG-000001', NULL, 'JPH154', 'Y', 20, '2023-04-30', '2022-09-12 23:25:05', '2022-09-12 23:25:05'),
('OBT-000239', 'Vitamin D3', '', '', NULL, 634.00, 'STA-000003', 'PRG-000001', NULL, NULL, 'Y', 20, '2023-04-30', '2022-09-12 23:25:05', '2022-09-12 23:25:05'),
('OBT-000240', 'Yellow Tip', '', '', NULL, 35.40, 'STA-000015', 'PRG-000001', NULL, 'tun240', 'Y', 20, '2023-04-30', '2022-09-12 23:25:05', '2022-09-12 23:25:05'),
('OBT-000241', 'Zink 20 mg tab', '', '', NULL, 208.00, 'STA-000003', 'PRG-000001', NULL, 'JPH155', 'Y', 20, '2023-04-30', '2022-09-12 23:25:05', '2022-09-12 23:25:05'),
('OBT-000242', 'Zink sir 20 mg/5 ml', '', '', NULL, 4459.00, 'STA-000001', 'PRG-000001', NULL, 'JPH156', 'Y', 20, '2023-04-30', '2022-09-12 23:25:05', '2022-09-12 23:25:05'),
('OBT-000243', 'Betametason-N cr', 'xx', '336', NULL, 14957.00, 'STA-000005', 'PRG-000001', NULL, '020781W', 'Y', 20, '2025-04-01', '2022-10-23 18:43:34', '2022-10-23 18:43:34'),
('OBT-000244', 'BIO ATP', 'xx', '0', NULL, 2500.00, 'STA-000035', 'PRG-000001', NULL, 'JPH29', 'Y', 20, '2027-01-21', '2022-10-23 18:44:48', '2022-10-23 18:44:48'),
('OBT-000245', 'Alat Suntik 3ml', 'xx', '', NULL, 693.00, 'STA-000015', 'PRG-000001', NULL, 'tun245', 'Y', 20, '2026-09-01', '2022-10-31 07:32:33', '2022-10-31 07:32:33'),
('OBT-000246', 'Coverall/Hazmat Axeel', 'xx', '', NULL, 123000.00, 'STA-000015', 'PRG-000001', NULL, 'XXX', 'Y', 20, '2025-12-01', '2022-10-31 07:37:56', '2022-10-31 07:37:56'),
('OBT-000247', 'Curcuma/Curlysin Syrup', 'xx', '', NULL, 17760.00, 'STA-000001', 'PRG-000001', NULL, '56203020LD', 'Y', 20, '2024-01-07', '2022-10-31 07:46:15', '2022-10-31 07:46:15'),
('OBT-000248', 'Flutamol/Flu kombinasi', 'xx', '', NULL, 664.12, 'STA-000015', 'PRG-000001', NULL, 'IP226', 'Y', 20, '2023-01-09', '2022-10-31 07:56:50', '2022-10-31 07:56:50'),
('OBT-000249', 'Hand Sanitizer', 'xx', '', NULL, 106000.00, 'STA-000030', 'PRG-000001', NULL, 'XXX', 'Y', 20, '2024-07-01', '2022-10-31 08:04:16', '2022-10-31 08:04:16'),
('OBT-000250', 'Handsanitizer 500ml(HECLIN)', 'xx', '', NULL, 74250.00, 'STA-000001', 'PRG-000001', NULL, 'ICLH09151', 'Y', 20, '2024-07-01', '2022-10-31 08:06:04', '2022-10-31 08:06:04'),
('OBT-000251', 'Handscoen Non Steril L', 'xx', '', NULL, 2189.00, 'STA-000016', 'PRG-000001', NULL, 'XXX', 'Y', 20, '2024-07-01', '2022-10-31 08:07:07', '2022-10-31 08:07:07'),
('OBT-000252', 'Handscoen Non Steril M', 'xx', '', NULL, 2189.00, 'STA-000016', 'PRG-000001', NULL, 'XXX', 'Y', 20, '2024-07-01', '2022-10-31 08:08:31', '2022-10-31 08:08:31'),
('OBT-000253', 'Handscoen Non Steril M GC', 'xx', '', NULL, 3000.00, 'STA-000016', 'PRG-000001', NULL, 'XXX', 'Y', 20, '2024-07-01', '2022-10-31 08:09:29', '2022-10-31 08:09:29'),
('OBT-000254', 'Hepagard', 'xx', '', NULL, 2795.10, 'STA-000008', 'PRG-000001', NULL, '56602007', 'Y', 20, '2023-01-10', '2022-10-31 08:11:07', '2022-10-31 08:11:07'),
('OBT-000255', 'Masker Earloop', 'xx', '', NULL, 2290.00, 'STA-000015', 'PRG-000001', NULL, 'XXX', 'Y', 20, '2026-08-01', '2022-10-31 08:12:25', '2022-10-31 08:12:25'),
('OBT-000256', 'Masker Kain', 'xx', '', NULL, 2500.00, 'STA-000015', 'PRG-000001', NULL, 'XXXX', 'Y', 20, '2025-05-01', '2022-10-31 08:13:33', '2022-10-31 08:13:33'),
('OBT-000257', 'Masker KN95', 'xx', '', NULL, 45000.00, 'STA-000015', 'PRG-000001', NULL, '2262620075', 'Y', 20, '2025-05-01', '2022-10-31 08:14:52', '2022-10-31 08:14:52'),
('OBT-000258', 'Masker N95', 'xx', '', NULL, 27500.00, 'STA-000015', 'PRG-000001', NULL, '6211014', 'Y', 20, '2026-01-10', '2022-10-31 08:16:13', '2022-10-31 08:16:13'),
('OBT-000259', 'Masker N95', 'xx', '', NULL, 17750.00, 'STA-000015', 'PRG-000001', NULL, '7220201', 'Y', 20, '2027-01-02', '2022-10-31 08:17:13', '2022-10-31 08:17:13'),
('OBT-000260', 'Metilergometrin 0.125mg tablet', 'xx', '', NULL, 211.00, 'STA-000003', 'PRG-000001', NULL, 'kun260', 'Y', 20, '2025-01-01', '2022-10-31 11:29:23', '2022-10-31 11:29:23'),
('OBT-000261', 'Mikropipet Ukuran 60', 'xx', '', NULL, 179.20, 'STA-000015', 'PRG-000001', NULL, 'xxxx', 'Y', 20, '2025-06-01', '2022-10-31 11:31:14', '2022-10-31 11:31:14'),
('OBT-000262', 'Mikropipet Ukuran 61', 'xx', '', NULL, 230.60, 'STA-000015', 'PRG-000001', NULL, 'xxxx', 'Y', 20, '2025-06-01', '2022-10-31 11:32:16', '2022-10-31 11:32:16'),
('OBT-000263', 'Multivitamin/Becefort Syrup', 'xx', '', NULL, 15787.00, 'STA-000001', 'PRG-000001', NULL, '46004021', 'Y', 20, '2024-01-09', '2022-10-31 11:33:23', '2022-10-31 11:33:23'),
('OBT-000264', 'Multivitamin/Bionicom Zinc', 'xx', '', NULL, 563.00, 'STA-000003', 'PRG-000001', NULL, 'J13311', 'Y', 20, '2025-01-01', '2022-10-31 11:34:36', '2022-10-31 11:34:36'),
('OBT-000265', 'Multivitamin/Pehavral kapsul', 'xx', '', NULL, 895.00, 'STA-000001', 'PRG-000001', NULL, '46185004-3', 'Y', 20, '2023-01-05', '2022-10-31 11:35:39', '2022-10-31 11:35:39'),
('OBT-000266', 'New Antides/Attapulgite', 'xx', '', NULL, 235.66, 'STA-000003', 'PRG-000001', NULL, 'JPH114', 'Y', 20, '2024-09-01', '2022-10-31 11:36:50', '2022-10-31 11:36:50'),
('OBT-000267', 'Parasetamol 500 mg', 'xx', '', NULL, 200.00, 'STA-000003', 'PRG-000001', NULL, '01102022', 'Y', 20, '2026-01-02', '2022-10-31 11:38:31', '2022-10-31 11:38:31'),
('OBT-000268', 'retinol (vit A ) 200000 IU', 'xx', '', NULL, 553.00, 'STA-000008', 'PRG-000001', NULL, 'kun268', 'Y', 20, '2024-09-01', '2022-10-31 13:44:01', '2022-10-31 13:44:01'),
('OBT-000269', 'Salbutamol 2 mg', 'xx', '', NULL, 70.00, 'STA-000003', 'PRG-000001', NULL, 'JPH138', 'Y', 20, '2024-08-01', '2022-10-31 13:45:27', '2022-10-31 13:45:27'),
('OBT-000270', 'THIAMIN (VIT B1) TAB 50 MG', 'xx', '', NULL, 85.00, 'STA-000003', 'PRG-000001', NULL, 'tun270', 'Y', 20, '2023-10-01', '2022-10-31 13:46:48', '2022-10-31 13:46:48'),
('OBT-000271', 'Urine Bag', 'xx', '', NULL, 5700.00, 'STA-000015', 'PRG-000001', NULL, 'Kd. Tuban', 'Y', 20, '2027-02-28', '2022-10-31 13:49:03', '2022-10-31 13:49:03'),
('OBT-000272', 'Vitamin D3/Camivit', 'xx', '', NULL, 634.00, 'STA-000008', 'PRG-000001', NULL, '21KH029', 'Y', 20, '2023-01-08', '2022-10-31 13:50:52', '2022-10-31 13:50:52'),
('OBT-000273', 'Vitamin D3/PEHAVIT D3', 'xx', '', NULL, 2493.32, 'STA-000008', 'PRG-000001', NULL, '46200037LD', 'Y', 20, '2023-01-10', '2022-10-31 13:52:08', '2022-10-31 13:52:08'),
('OBT-000274', 'Desinfektan', 'xx', '', NULL, 65000.00, 'STA-000036', 'PRG-000001', NULL, 'XXXX', 'Y', 20, '2026-06-01', '2022-10-31 14:40:27', '2022-10-31 14:40:27'),
('OBT-000275', 'Akita Tablet', 'xx', '', NULL, 320.10, 'STA-000003', 'PRG-000001', NULL, 'JPH01', 'Y', 20, '2024-11-05', '2022-11-07 16:50:09', '2022-11-07 16:50:09'),
('OBT-000276', 'Allopurinol 100mg tab', 'xx', '', NULL, 87.00, 'STA-000003', 'PRG-000001', NULL, '01112022', 'Y', 20, '2027-06-08', '2022-11-07 17:13:17', '2022-11-07 17:13:17'),
('OBT-000277', 'Alopurinol 100 mg', 'xx', '', NULL, 105.00, 'STA-000003', 'PRG-000001', NULL, '01112022', 'Y', 20, '2028-02-05', '2022-11-07 17:16:52', '2022-11-07 17:16:52'),
('OBT-000278', 'Ambroxol 30 mg tab', 'xx', '', NULL, 115.50, 'STA-000003', 'PRG-000001', NULL, 'JPH07', 'Y', 20, '2028-02-05', '2022-11-07 17:20:36', '2022-11-07 17:20:36'),
('OBT-000279', 'Aseptic gel / Hand Sanitizer', 'xx', '', NULL, 22000.00, 'STA-000001', 'PRG-000001', NULL, 'tun279', 'Y', 20, '2028-02-05', '2022-11-07 17:38:27', '2022-11-07 17:38:27'),
('OBT-000280', 'Asiklovir Krim', 'xx', '', NULL, 5500.00, 'STA-000005', 'PRG-000001', NULL, 'tun280', 'Y', 20, '2028-02-05', '2022-11-07 17:44:19', '2022-11-07 17:44:19'),
('OBT-000281', 'Betahistin Mesilat 6 mg Tab', 'xx', '', NULL, 451.00, 'STA-000003', 'PRG-000001', NULL, 'tun281', 'Y', 20, '2028-10-02', '2022-11-07 17:48:08', '2022-11-07 17:48:08'),
('OBT-000282', 'Daryantulle/Cuticell', 'xx', '', NULL, 5520.00, 'STA-000015', 'PRG-000001', NULL, 'mndenxx', 'Y', 20, '2028-08-05', '2022-11-07 18:05:59', '2022-11-07 18:05:59'),
('OBT-000283', 'Diazepam 5 mg', 'xx', '', NULL, 109.00, 'STA-000003', 'PRG-000001', NULL, 'tun283', 'Y', 20, '2028-02-05', '2022-11-07 18:12:46', '2022-11-07 18:12:46'),
('OBT-000284', 'Diazepam inj 5', 'xx', '', NULL, 1735.00, 'STA-000004', 'PRG-000001', NULL, 'xxxx', 'Y', 20, '2028-02-05', '2022-11-07 18:18:34', '2022-11-07 18:18:34'),
('OBT-000285', 'Domperidon susp', 'xx', '', NULL, 2296.00, 'STA-000001', 'PRG-000001', NULL, 'H59206', 'Y', 20, '2028-02-05', '2022-11-07 18:22:48', '2022-11-07 18:22:48'),
('OBT-000286', 'Domperidon tablet 10 mg', 'xx', '', NULL, 169.00, 'STA-000003', 'PRG-000001', NULL, '01112022', 'Y', 20, '2028-02-05', '2022-11-07 18:24:00', '2022-11-07 18:24:00'),
('OBT-000287', 'Fenobarbital Tab 30 mg', 'xx', '', NULL, 170.99, 'STA-000003', 'PRG-000001', NULL, 'tun287', 'Y', 20, '2028-02-05', '2022-11-07 18:29:10', '2022-11-07 18:29:10');
INSERT INTO `prm_obat` (`kd_obat`, `nm_obat`, `kel_terapi`, `Vol`, `jml_awal`, `harga`, `kd_satuan`, `kd_program`, `kd_sumberdanav2`, `batch`, `aktif`, `nearexpday`, `dtexp`, `createdate`, `updatedate`) VALUES
('OBT-000288', 'Folley Catheter 16', 'xx', '', NULL, 10340.00, 'STA-000007', 'PRG-000001', NULL, 'tun288', 'Y', 20, '2028-02-05', '2022-11-07 18:30:49', '2022-11-07 18:30:49'),
('OBT-000289', 'Gemfibrozil 300 mg', 'xx', '', NULL, 371.00, 'STA-000008', 'PRG-000001', NULL, 'tun289', 'Y', 20, '2028-02-05', '2022-11-07 18:35:21', '2022-11-07 18:35:21'),
('OBT-000290', 'Gent oint / Gentamisin salep mata', 'xx', '', NULL, 2665.00, 'STA-000015', 'PRG-000001', NULL, 'JPH53', 'Y', 20, '2028-06-05', '2022-11-07 18:36:18', '2022-11-07 18:36:18'),
('OBT-000291', 'Glimepiride 2 mg', 'xx', '', NULL, 207.00, 'STA-000003', 'PRG-000001', NULL, 'tun291', 'Y', 20, '2028-02-08', '2022-11-07 18:38:54', '2022-11-07 18:38:54'),
('OBT-000292', 'Gentian violet', 'xx', '', NULL, 3850.00, 'STA-000001', 'PRG-000001', NULL, 'tun292', 'Y', 20, '2028-04-02', '2022-11-07 18:43:54', '2022-11-07 18:43:54'),
('OBT-000293', 'Haloperidol 1,5 mg', 'xx', '', NULL, 59.00, 'STA-000003', 'PRG-000001', NULL, 'tun293', 'Y', 20, '2028-02-26', '2022-11-07 18:47:13', '2022-11-07 18:47:13'),
('OBT-000294', 'Hidrokortison krim 2,5%', 'xx', '', NULL, 2475.00, 'STA-000005', 'PRG-000001', NULL, 'tun294', 'Y', 20, '2028-10-05', '2022-11-07 18:50:39', '2022-11-07 18:50:39'),
('OBT-000295', 'Hyoscine Butylbromide 10mg tab', 'xx', '', NULL, 1050.00, 'STA-000003', 'PRG-000001', NULL, 'JPH66', 'Y', 20, '2028-02-10', '2022-11-07 18:59:05', '2022-11-07 18:59:05'),
('OBT-000296', 'Hyosin inj', 'xx', '', NULL, 9990.00, 'STA-000004', 'PRG-000001', NULL, 'tun296', 'Y', 20, '2028-10-02', '2022-11-07 19:07:59', '2022-11-07 19:07:59'),
('OBT-000297', 'Hysin Inj', 'xx', '', NULL, 5161.82, 'STA-000004', 'PRG-000001', NULL, 'tun297', 'Y', 20, '2028-02-10', '2022-11-07 19:09:27', '2022-11-07 19:09:27'),
('OBT-000298', 'Ibuprofen 200 mg', 'xx', '', NULL, 212.00, 'STA-000003', 'PRG-000001', NULL, 'tun298', 'Y', 20, '2028-10-05', '2022-11-07 19:10:30', '2022-11-07 19:10:30'),
('OBT-000299', 'Ibuprofen suspensi 200 mg/5 ml', 'xx', '', NULL, 3200.00, 'STA-000001', 'PRG-000001', NULL, 'JPH69', 'Y', 20, '2028-02-06', '2022-11-07 19:11:54', '2022-11-07 19:11:54'),
('OBT-000300', 'Ichtyol/Ichtamolum', 'xx', '', NULL, 6050.00, 'STA-000017', 'PRG-000001', NULL, 'tun300', 'Y', 20, '2028-06-05', '2022-11-07 19:13:34', '2022-11-07 19:13:34'),
('OBT-000301', 'Infuset Anak', 'xx', '', NULL, 3500.00, 'STA-000016', 'PRG-000001', NULL, 'tun301', 'Y', 20, '2028-09-05', '2022-11-07 19:14:43', '2022-11-07 19:14:43'),
('OBT-000302', 'Infuset dewasa (PKD 1)', 'xx', '', NULL, 5790.00, 'STA-000015', 'PRG-000001', NULL, 'JPH71', 'Y', 20, '2028-02-06', '2022-11-07 19:15:28', '2022-11-07 19:15:28'),
('OBT-000303', 'IV Catheter 24G MF Cath Pro ', 'xx', '', NULL, 7694.00, 'STA-000015', 'PRG-000001', NULL, 'tun303', 'Y', 20, '2028-02-08', '2022-11-07 19:16:47', '2022-11-07 19:16:47'),
('OBT-000304', 'IV Catheter No 18', 'xx', '', NULL, 6000.00, 'STA-000009', 'PRG-000001', NULL, 'JPH73', 'Y', 20, '2028-03-05', '2022-11-07 19:22:23', '2022-11-07 19:22:23'),
('OBT-000305', 'Kassa 4 x 15', 'xx', '', NULL, 2657.00, 'STA-000015', 'PRG-000001', NULL, 'JPH83', 'Y', 20, '2028-02-10', '2022-11-08 09:10:08', '2022-11-08 09:10:08'),
('OBT-000306', 'Ketoprofen 100 mg/sup', 'xx', '', NULL, 1998.00, 'STA-000014', 'PRG-000001', NULL, 'tun306', 'Y', 20, '2028-02-04', '2022-11-08 09:12:27', '2022-11-08 09:12:27'),
('OBT-000307', 'Kloramphenicol TM/ Reco TM', 'xx', '', NULL, 9560.13, 'STA-000001', 'PRG-000001', NULL, 'JPH91', 'Y', 20, '2028-06-06', '2022-11-08 09:14:23', '2022-11-08 09:14:23'),
('OBT-000308', 'Kodein 10 mg', 'xx', '', NULL, 571.00, 'STA-000003', 'PRG-000001', NULL, 'tun308', 'Y', 20, '2028-04-06', '2022-11-08 09:29:13', '2022-11-08 09:29:13'),
('OBT-000309', 'Lancet', 'xx', '', NULL, 150.00, 'STA-000015', 'PRG-000001', NULL, 'tun309', 'Y', 20, '2028-10-06', '2022-11-08 09:30:27', '2022-11-08 09:30:27'),
('OBT-000310', 'Lanzoprazol', 'xx', '', NULL, 1010.10, 'STA-000003', 'PRG-000001', NULL, 'JPH96', 'Y', 20, '2028-04-02', '2022-11-08 09:31:28', '2022-11-08 09:31:28'),
('OBT-000311', 'Lanzoprazol 30 mg', 'xx', '', NULL, 278.00, 'STA-000008', 'PRG-000001', NULL, 'tun311', 'Y', 20, '2028-02-04', '2022-11-08 09:32:19', '2022-11-08 09:32:19'),
('OBT-000312', 'Metilprednisolon 4 mg tab', 'xx', '', NULL, 102.00, 'STA-000003', 'PRG-000001', NULL, '01112022', 'Y', 20, '2028-02-04', '2022-11-08 09:44:55', '2022-11-08 09:44:55'),
('OBT-000313', 'Metronidazol 500 mg tab', 'xx', '', NULL, 370.00, 'STA-000003', 'PRG-000001', NULL, '01102022', 'Y', 20, '2028-02-04', '2022-11-08 09:45:56', '2022-11-08 09:45:56'),
('OBT-000314', 'Multivitamin/Vinerton', 'xx', '', NULL, 4000.00, 'STA-000003', 'PRG-000001', NULL, 'tun314', 'Y', 20, '0000-00-00', '2022-11-08 09:47:27', '2022-11-08 09:47:27'),
('OBT-000315', 'Natrium Klorida infus 0.9%', 'xx', '', NULL, 6800.00, 'STA-000001', 'PRG-000001', NULL, 'tun315', 'Y', 20, '2028-08-12', '2022-11-08 09:48:35', '2022-11-08 09:48:35'),
('OBT-000316', 'Neocenta krim', 'xx', '', NULL, 22000.00, 'STA-000005', 'PRG-000001', NULL, 'tun316', 'Y', 20, '2028-10-06', '2022-11-08 09:49:40', '2022-11-08 09:49:40'),
('OBT-000317', 'Nifedipin Tab', 'xx', '', NULL, 225.33, 'STA-000003', 'PRG-000001', NULL, 'JPH115', 'Y', 20, '2028-12-07', '2022-11-08 09:50:46', '2022-11-08 09:50:46'),
('OBT-000318', 'Nistatin Vagtab 100.000 IU', 'xx', '', NULL, 560.00, 'STA-000003', 'PRG-000001', NULL, 'JPH116', 'Y', 20, '2028-02-06', '2022-11-08 09:51:29', '2022-11-08 09:51:29'),
('OBT-000319', 'OB Herbal Sirup(OBASA)', 'xx', '', NULL, 7700.00, 'STA-000001', 'PRG-000001', NULL, 'JPH118', 'Y', 20, '2028-10-06', '2022-11-08 09:52:50', '2022-11-08 09:52:50'),
('OBT-000320', 'OBH Molex syrup', 'xx', '', NULL, 5189.25, 'STA-000001', 'PRG-000001', NULL, '01102022', 'Y', 20, '2028-02-10', '2022-11-08 09:53:38', '2022-11-08 09:53:38'),
('OBT-000321', 'Ostela Forte tab', 'xx', '', NULL, 8000.00, 'STA-000003', 'PRG-000001', NULL, 'tun321', 'Y', 20, '2028-10-06', '2022-11-08 10:04:15', '2022-11-08 10:04:15'),
('OBT-000322', 'plester rol kain 7,5cm x 4,5m (Leukoplast)', 'xx', '', NULL, 59500.00, 'STA-000007', 'PRG-000001', NULL, 'tun322', 'Y', 20, '2028-08-06', '2022-11-08 10:06:33', '2022-11-08 10:06:33'),
('OBT-000323', 'Propillitiourasil tablet 100 m', 'xx', '', NULL, 410.00, 'STA-000003', 'PRG-000001', NULL, 'tun323', 'Y', 20, '2028-02-08', '2022-11-08 10:07:51', '2022-11-08 10:07:51'),
('OBT-000324', 'Reagen gol darah Pro-D anti D', 'xx', '', NULL, 165000.00, 'STA-000001', 'PRG-000001', NULL, 'tun324', 'Y', 20, '2028-12-06', '2022-11-08 10:09:22', '2022-11-08 10:09:22'),
('OBT-000325', 'Recovit sirup', 'xx', '', NULL, 9900.00, 'STA-000001', 'PRG-000001', NULL, 'JPH135', 'Y', 20, '2028-08-06', '2022-11-08 10:10:22', '2022-11-08 10:10:22'),
('OBT-000326', 'Salbutamol 4 mg', 'xx', '', NULL, 70.00, 'STA-000003', 'PRG-000001', NULL, 'JPH139', 'Y', 20, '2028-02-06', '2022-11-08 10:11:42', '2022-11-08 10:11:42'),
('OBT-000327', 'Sefadroksil 500 mg', 'xx', '', NULL, 388.00, 'STA-000003', 'PRG-000001', NULL, 'tun327', 'Y', 20, '2028-02-12', '2022-11-08 10:13:04', '2022-11-08 10:13:04'),
('OBT-000328', 'Sefadroksil sirup', 'xx', '', NULL, 4185.00, 'STA-000001', 'PRG-000001', NULL, 'tun328', 'Y', 20, '2028-10-04', '2022-11-08 10:13:46', '2022-11-08 10:13:46'),
('OBT-000329', 'Solvitaz', 'xx', '', NULL, 1.00, 'STA-000003', 'PRG-000001', NULL, 'JPH147', 'Y', 20, '2028-02-06', '2022-11-08 10:15:18', '2022-11-08 10:15:18'),
('OBT-000330', 'Strip Glukosa EASY TOUCH', 'xx', '', NULL, 4930.00, 'STA-000015', 'PRG-000001', NULL, '01112022', 'Y', 20, '2028-02-10', '2022-11-08 10:16:17', '2022-11-08 10:16:17'),
('OBT-000331', 'Tetrasiklin 500 mg', 'xx', '', NULL, 303.00, 'STA-000008', 'PRG-000001', NULL, 'tun331', 'Y', 20, '2028-02-04', '2022-11-08 10:17:25', '2022-11-08 10:17:25'),
('OBT-000332', 'Vitamin B Kompleks', 'xx', '', NULL, 57.00, 'STA-000003', 'PRG-000001', NULL, 'tun332', 'Y', 20, '2028-02-18', '2022-11-08 10:19:18', '2022-11-08 10:19:18'),
('OBT-000333', 'Alat Suntik 5 ml', 'xx', '', NULL, 661.00, 'STA-000015', 'PRG-000001', NULL, 'ttun333', 'Y', 20, '2028-10-06', '2022-11-08 10:40:06', '2022-11-08 10:40:06'),
('OBT-000334', 'Asam Traneksamat 500 mg', 'xx', '', NULL, 2028.31, 'STA-000003', 'PRG-000001', NULL, 'JPH22', 'Y', 20, '2025-02-06', '2022-11-08 17:19:10', '2022-11-08 17:19:10'),
('OBT-000335', 'Cefadroxil 500 mg tab', 'xx', '', NULL, 248.00, 'STA-000003', 'PRG-000001', NULL, 'JPH37', 'Y', 20, '2026-02-06', '2022-11-08 17:22:59', '2022-11-08 17:22:59'),
('OBT-000336', 'Cover glass 18x18mm', 'xx', '', NULL, 125743.20, 'STA-000023', 'PRG-000001', NULL, 'xxxx', 'Y', 20, '2026-02-06', '2022-11-08 17:24:21', '2022-11-08 17:24:21'),
('OBT-000337', 'Elastic verban 3\" (FM Crepe)', 'xx', '', NULL, 19701.00, 'STA-000007', 'PRG-000001', NULL, 'mndenxx', 'Y', 20, '2026-02-06', '2022-11-08 17:27:11', '2022-11-08 17:27:11'),
('OBT-000338', 'Elastic verban 4\" (FM Crepe)', 'xx', '', NULL, 24079.00, 'STA-000007', 'PRG-000001', NULL, 'mndenxx', 'Y', 20, '2026-02-06', '2022-11-08 17:28:08', '2022-11-08 17:28:08'),
('OBT-000339', 'Fitomenadion 10mg tab', 'xx', '', NULL, 748.00, 'STA-000003', 'PRG-000001', NULL, 'JPH46', 'Y', 20, '2027-02-06', '2022-11-08 17:30:40', '2022-11-08 17:30:40'),
('OBT-000340', 'Hidroklorotiazid ( HCT )', 'xx', '', NULL, 148.00, 'STA-000003', 'PRG-000001', NULL, 'ketuwan', 'Y', 20, '2027-10-06', '2022-11-08 17:34:28', '2022-11-08 17:34:28'),
('OBT-000341', 'Infuse Set Anak', 'xx', '', NULL, 3500.00, 'STA-000002', 'PRG-000001', NULL, 'MDNG71', 'Y', 20, '2027-12-04', '2022-11-08 17:36:43', '2022-11-08 17:36:43'),
('OBT-000342', 'Infusion Set Anak', 'xx', '', NULL, 3597.00, 'STA-000015', 'PRG-000001', NULL, ' cep342', 'Y', 20, '2027-02-12', '2022-11-08 17:37:32', '2022-11-08 17:37:32'),
('OBT-000343', 'IV Catheter 18G MF Cath Pro ', 'xx', '', NULL, 7869.00, 'STA-000015', 'PRG-000001', NULL, 'xxxx', 'Y', 20, '2028-02-04', '2022-11-08 17:38:33', '2022-11-08 17:38:33'),
('OBT-000344', 'IV Catheter 22G MF Cath Pro ', 'xx', '', NULL, 7769.00, 'STA-000015', 'PRG-000001', NULL, 'NGROTO67', 'Y', 20, '2028-02-01', '2022-11-08 17:39:43', '2022-11-08 17:39:43'),
('OBT-000345', 'Kalium Diklofenak 50 mg tab', 'xx', '', NULL, 2079.12, 'STA-000003', 'PRG-000001', NULL, '01102022', 'Y', 20, '2027-02-12', '2022-11-08 17:41:09', '2022-11-08 17:41:09'),
('OBT-000346', 'Kloramfenikol salep Kulit', 'xx', '', NULL, 3266.00, 'STA-000005', 'PRG-000001', NULL, 'mndenxx', 'Y', 20, '2027-10-06', '2022-11-08 17:44:56', '2022-11-08 17:44:56'),
('OBT-000347', 'Metronidazol 125mg/5ml susp', 'xx', '', NULL, 3950.00, 'STA-000001', 'PRG-000001', NULL, 'Kd. Tuban', 'Y', 20, '2027-10-06', '2022-11-08 17:48:20', '2022-11-08 17:48:20'),
('OBT-000348', 'Nistatin 100.000 IU tablet', 'xx', '', NULL, 550.00, 'STA-000003', 'PRG-000001', NULL, 'MDNG125', 'Y', 20, '2027-12-07', '2022-11-08 17:50:33', '2022-11-08 17:50:33'),
('OBT-000349', 'PARASETAMOL SIRUP 120 MG / 5 M', 'xx', '', NULL, 1181.00, 'STA-000001', 'PRG-000001', NULL, 'tun349', 'Y', 20, '2028-12-02', '2022-11-08 17:52:42', '2022-11-08 17:52:42'),
('OBT-000350', 'Pehacain', 'xx', '', NULL, 4200.00, 'STA-000004', 'PRG-000001', NULL, 'MDNG135', 'Y', 20, '2027-09-26', '2022-11-08 17:54:07', '2022-11-08 17:54:07'),
('OBT-000351', 'Domperidon tablet', 'xx', '', NULL, 140.30, 'STA-000003', 'PRG-000001', NULL, 'Jiken', 'Y', 20, '2027-02-10', '2022-11-08 18:26:46', '2022-11-08 18:26:46'),
('OBT-000352', 'Propanolol 40 mg tab', 'xx', '', NULL, 79.00, 'STA-000003', 'PRG-000001', NULL, 'NGROTO115', 'Y', 20, '2027-02-06', '2022-11-08 18:33:20', '2022-11-08 18:33:20'),
('OBT-000353', 'Strip Kolesterol EASY TOUCH', 'xx', '', NULL, 23200.00, 'STA-000013', 'PRG-000001', NULL, '01112022', 'Y', 20, '2027-02-10', '2022-11-08 18:37:16', '2022-11-08 18:37:16'),
('OBT-000354', 'Urine Bag with Hanger (PIN)', 'xx', '', NULL, 6968.00, 'STA-000015', 'PRG-000001', NULL, 'xxxx', 'Y', 20, '2027-12-08', '2022-11-08 18:39:11', '2022-11-08 18:39:11'),
('OBT-000355', 'Vitamin B-Compleks(DEF)', 'xx', '', NULL, 71.50, 'STA-000003', 'PRG-000001', NULL, 'mndenxx', 'Y', 20, '2028-02-01', '2022-11-08 18:40:23', '2022-11-08 18:40:23'),
('OBT-000356', 'Zinc sulfat 20 mg', 'xx', '', NULL, 524.00, 'STA-000003', 'PRG-000001', NULL, 'kun357', 'Y', 20, '2027-10-08', '2022-11-08 18:41:44', '2022-11-08 18:41:44'),
('OBT-000357', 'Antasida DOEN', 'xx', '', NULL, 54.00, 'STA-000003', 'PRG-000001', NULL, 'tun375', 'Y', 20, '2027-02-10', '2022-11-09 07:28:40', '2022-11-09 07:28:40'),
('OBT-000358', 'Asam Askorbat ( Vit.C ) 50 mg', 'xx', '', NULL, 105.00, 'STA-000003', 'PRG-000001', NULL, 'JPH19', 'Y', 20, '2028-12-07', '2022-11-09 07:29:42', '2022-11-09 07:29:42'),
('OBT-000359', 'BeneCheck Plus Blood Glucose Test', 'xx', '', NULL, 164900.00, 'STA-000031', 'PRG-000001', NULL, 'ketuwan', 'Y', 20, '2027-10-09', '2022-11-09 07:32:22', '2022-11-09 07:32:22'),
('OBT-000360', 'Daryantulle/Cuticell 10x10', 'xx', '', NULL, 5520.00, 'STA-000015', 'PRG-000001', NULL, 'tun360', 'Y', 20, '2027-02-23', '2022-11-09 07:35:03', '2022-11-09 07:35:03'),
('OBT-000361', 'Dimenhidrinat tab 50 mg', 'xx', '', NULL, 108.00, 'STA-000003', 'PRG-000001', NULL, 'jep361', 'Y', 20, '2027-06-04', '2022-11-09 07:36:57', '2022-11-09 07:36:57'),
('OBT-000362', 'Eugenol cairan', 'xx', '', NULL, 18824.00, 'STA-000001', 'PRG-000001', NULL, 'xxxx', 'Y', 20, '2028-02-07', '2022-11-09 07:38:09', '2022-11-09 07:38:09'),
('OBT-000363', 'Folley Catheter 18', 'xx', '', NULL, 8000.00, 'STA-000015', 'PRG-000001', NULL, 'gon363', 'Y', 20, '2028-03-15', '2022-11-09 07:41:03', '2022-11-09 07:41:03'),
('OBT-000364', 'Infuset dewasa Axeell', 'xx', '', NULL, 6868.00, 'STA-000015', 'PRG-000001', NULL, 'gon364', 'Y', 20, '2028-02-10', '2022-11-09 07:47:12', '2022-11-09 07:47:12'),
('OBT-000365', 'Kalium Permanganat', 'xx', '', NULL, 7953.15, 'STA-000001', 'PRG-000001', NULL, '01102022', 'Y', 20, '2027-02-07', '2022-11-09 07:49:55', '2022-11-09 07:49:55'),
('OBT-000366', 'Piroksikam (lexicam) tablet 20 mg', 'xx', '', NULL, 132.00, 'STA-000003', 'PRG-000001', NULL, 'jep366', 'Y', 20, '2028-02-07', '2022-11-09 07:57:52', '2022-11-09 07:57:52'),
('OBT-000367', 'Povidon Iodida 10 % 300  ml', 'xx', '', NULL, 42500.00, 'STA-000001', 'PRG-000001', NULL, 'kun367', 'Y', 20, '2027-02-07', '2022-11-09 07:59:33', '2022-11-09 07:59:33'),
('OBT-000368', 'POVIDON IODIDA 30 ML', 'xx', '', NULL, 2899.60, 'STA-000001', 'PRG-000001', NULL, 'xxxx', 'Y', 20, '2028-12-07', '2022-11-09 08:00:40', '2022-11-09 08:00:40'),
('OBT-000369', 'Tiamin (Vit B1) 50 mg', 'xx', '', NULL, 253.00, 'STA-000003', 'PRG-000001', NULL, 'BOGOR140', 'Y', 20, '2027-06-10', '2022-11-09 08:04:13', '2022-11-09 08:04:13'),
('OBT-000370', 'Ultrasonic gel', 'xx', '', NULL, 16000.00, 'STA-000015', 'PRG-000001', NULL, 'gon370', 'Y', 20, '2027-12-10', '2022-11-09 16:59:37', '2022-11-09 16:59:37'),
('OBT-000371', 'Amoksisilin 125 mg/5 ml sirup kering', 'xx', '', NULL, 5075.00, 'STA-000001', 'PRG-000001', NULL, '01102022', 'Y', 20, '2027-02-07', '2022-11-09 18:06:43', '2022-11-09 18:06:43'),
('OBT-000372', 'Asering', 'xx', '', NULL, 9646.00, 'STA-000037', 'PRG-000001', NULL, 'pldgxx', 'Y', 20, '2027-10-07', '2022-11-09 18:12:56', '2022-11-09 18:12:56'),
('OBT-000373', 'Atropin Sulfat inj', 'xx', '', NULL, 1718.00, 'STA-000004', 'PRG-000001', NULL, 'MDNG25', 'Y', 20, '2027-02-07', '2022-11-09 18:14:39', '2022-11-09 18:14:39'),
('OBT-000374', 'Diazepam inj 5 mg/ml', 'xx', '', NULL, 1735.00, 'STA-000004', 'PRG-000001', NULL, '', 'Y', 20, '2028-10-07', '2022-11-09 19:24:24', '2022-11-09 19:24:24'),
('OBT-000375', 'Epinefrin Inj  (Adrenalin)0,1%', 'xx', '', NULL, 1408.00, 'STA-000004', 'PRG-000001', NULL, 'NGROTO34', 'Y', 20, '2027-02-26', '2022-11-09 19:26:43', '2022-11-09 19:26:43'),
('OBT-000376', 'Fitomenadion inj 2 mg/ml/Vitka infant', 'xx', '', NULL, 10150.00, 'STA-000004', 'PRG-000001', NULL, 'KPUAN51', 'Y', 20, '2027-02-07', '2022-11-09 19:29:40', '2022-11-09 19:29:40'),
('OBT-000377', 'Griseofulvin 125 mg ( KF )', 'xx', '', NULL, 224.00, 'STA-000003', 'PRG-000001', NULL, 'NGROTO51', 'Y', 20, '2027-02-07', '2022-11-09 19:32:41', '2022-11-09 19:32:41'),
('OBT-000378', 'Isosorbid Dinitrat 5 mg', 'xx', '', NULL, 97.90, 'STA-000003', 'PRG-000001', NULL, 'MDNG74', 'Y', 20, '2027-12-10', '2022-11-09 19:37:39', '2022-11-09 19:37:39'),
('OBT-000379', 'IV Catheter No. 24 G x 1/4 \"', 'xx', '', NULL, 3800.00, 'STA-000015', 'PRG-000001', NULL, 'xxxx', 'Y', 20, '2027-10-05', '2022-11-09 19:40:30', '2022-11-09 19:40:30'),
('OBT-000380', 'Ketokonazol 2% krim', 'xx', '', NULL, 6650.00, 'STA-000005', 'PRG-000001', NULL, 'gon380', 'Y', 20, '2028-02-07', '2022-11-09 19:43:56', '2022-11-09 19:43:56'),
('OBT-000381', 'Metampiron 500 mg (Lexagin)', 'xx', '', NULL, 253.00, 'STA-000003', 'PRG-000001', NULL, 'kun381', 'Y', 20, '2027-10-09', '2022-11-09 19:48:19', '2022-11-09 19:48:19'),
('OBT-000382', 'Mikonazol krim 2%', 'xx', '', NULL, 3414.00, 'STA-000005', 'PRG-000001', NULL, 'NGROTO94', 'Y', 20, '2027-02-10', '2022-11-09 19:50:30', '2022-11-09 19:50:30'),
('OBT-000383', 'Piridoksin (Vit B6) 10 mg', 'xx', '', NULL, 67.00, 'STA-000003', 'PRG-000001', NULL, 'JPH126', 'Y', 20, '2027-02-07', '2022-11-09 20:06:35', '2022-11-09 20:06:35'),
('OBT-000384', 'Propiltiourasil tablet 100 m', 'xx', '', NULL, 410.00, 'STA-000003', 'PRG-000001', NULL, 'xxxx', 'Y', 20, '2027-02-10', '2022-11-09 20:21:15', '2022-11-09 20:21:15'),
('OBT-000385', 'Alopurinol 100mg', 'xx', '', NULL, 87.00, 'STA-000003', 'PRG-000001', NULL, 'tun385', 'Y', 20, '2027-02-08', '2022-11-10 14:07:41', '2022-11-10 14:07:41'),
('OBT-000386', 'Antihemoroid', 'xx', '', NULL, 3167.00, 'STA-000014', 'PRG-000001', NULL, 'xxxx', 'Y', 20, '2027-02-10', '2022-11-10 14:13:47', '2022-11-10 14:13:47'),
('OBT-000387', 'Bracket Wash', 'xx', '', NULL, 17600.00, 'STA-000015', 'PRG-000001', NULL, 'xxxx', 'Y', 20, '2028-08-06', '2022-11-10 14:18:02', '2022-11-10 14:18:02'),
('OBT-000388', 'Difenhidramin HCL inj 10 mg/ml', 'xx', '', NULL, 1095.00, 'STA-000001', 'PRG-000001', NULL, 'MDNG44', 'Y', 20, '2027-10-08', '2022-11-10 14:21:32', '2022-11-10 14:21:32'),
('OBT-000389', 'Domperidon tablet', 'xx', '', NULL, 140.30, 'STA-000003', 'PRG-000001', NULL, 'XXXX', 'Y', 20, '2027-06-10', '2022-11-10 14:28:26', '2022-11-10 14:28:26'),
('OBT-000390', 'Fludane/molexflu/antiza', 'xx', '', NULL, 484.33, 'STA-000003', 'PRG-000001', NULL, '01102022', 'Y', 20, '2027-08-04', '2022-11-10 14:31:03', '2022-11-10 14:31:03'),
('OBT-000391', 'Hidroklorotiazid 25 mg', 'xx', '', NULL, 155.00, 'STA-000003', 'PRG-000001', NULL, 'jep391', 'Y', 20, '2027-02-08', '2022-11-10 15:23:08', '2022-11-10 15:23:08'),
('OBT-000392', 'Kloramfenikol salep kulit 2%', 'xx', '', NULL, 3266.00, 'STA-000005', 'PRG-000001', NULL, 'Jiken', 'Y', 20, '2027-06-10', '2022-11-10 15:29:36', '2022-11-10 15:29:36'),
('OBT-000393', 'Metilergometrin inj', 'xx', '', NULL, 10800.00, 'STA-000004', 'PRG-000001', NULL, 'JPH104', 'Y', 20, '2027-08-16', '2022-11-10 15:35:19', '2022-11-10 15:35:19'),
('OBT-000394', 'Molexflu syrup', 'xx', '', NULL, 6274.00, 'STA-000001', 'PRG-000001', NULL, 'MDNG118', 'Y', 20, '2027-02-04', '2022-11-10 15:36:35', '2022-11-10 15:36:35'),
('OBT-000395', 'Scabicide/Scabimit/Permetrin 5% krim', 'xx', '', NULL, 11466.00, 'STA-000005', 'PRG-000001', NULL, 'Kd. Tuban', 'Y', 20, '2027-02-08', '2022-11-10 15:43:40', '2022-11-10 15:43:40'),
('OBT-000396', 'Sianokobalamin (Vit B12) 50 mcg', 'xx', '', NULL, 49.00, 'STA-000003', 'PRG-000001', NULL, 'kun396', 'Y', 20, '2027-02-08', '2022-11-10 15:45:04', '2022-11-10 15:45:04'),
('OBT-000397', 'Ibuprofen suspensi 100 mg/5 ml', 'xx', '', NULL, 2236.00, 'STA-000001', 'PRG-000001', NULL, 'cep397', 'Y', 20, '2027-02-14', '2022-11-16 09:43:24', '2022-11-16 09:43:24'),
('OBT-000398', 'Blue Tips', 'alkes', '', NULL, 76.50, 'STA-000015', 'PRG-000001', NULL, 'rwbngxx', 'Y', 90, '2026-01-01', '2022-11-21 08:49:29', '2022-11-21 08:49:29'),
('OBT-000399', 'Clozapine 25 mg', 'jiwa', '', NULL, 1121.00, 'STA-000003', 'PRG-000001', NULL, 'BOGOR26', 'Y', 90, '2025-01-01', '2022-11-21 08:52:16', '2022-11-21 08:52:16'),
('OBT-000400', 'Cup Sample', 'alkes', '', NULL, 84.48, 'STA-000009', 'PRG-000003', NULL, '', 'Y', 90, '2025-12-01', '2022-11-21 08:56:12', '2022-11-21 08:56:12'),
('OBT-000401', 'Vaccum Tube Steril', 'alkes', '', NULL, 809.09, 'STA-000015', 'PRG-000003', NULL, 'pldgxx', 'Y', 90, '2025-01-31', '2022-11-21 19:12:59', '2022-11-21 19:12:59'),
('OBT-000402', 'Alprazolam 1 mg tablet', 'jiwa', '', NULL, 120.00, 'STA-000003', 'PRG-000001', NULL, 'NGROTO07', 'Y', 90, '2024-12-31', '2022-11-28 10:45:00', '2022-11-28 10:45:00'),
('OBT-000403', 'Glukosa infus 10%', 'emerg', '', NULL, 7200.00, 'STA-000001', 'PRG-000001', NULL, '01112022', 'Y', 90, '2024-12-31', '2022-11-28 10:46:19', '2022-11-28 10:46:19'),
('OBT-000404', 'Kloramfenikol 250mg kaps', 'antbi', '', NULL, 903.10, 'STA-000008', 'PRG-000001', NULL, 'kun404', 'Y', 90, '2024-12-31', '2022-11-28 10:47:30', '2022-11-28 10:47:30'),
('OBT-000405', 'Jarum Suntik Needle no 27G', 'alkes', '', NULL, 126500.00, 'STA-000010', 'PRG-000001', NULL, 'rwbnxx', 'Y', 90, '2024-12-31', '2022-11-28 10:50:38', '2022-11-28 10:50:38'),
('OBT-000406', 'FDC Kategori 2', 'TB', '', NULL, 1199985.00, 'STA-000023', 'PRG-000001', NULL, '', 'Y', 90, '2025-12-01', '2022-11-28 17:51:50', '2022-11-28 17:51:50'),
('OBT-000407', 'Jarum Suntik berbagai ukuran', 'alkes', '', NULL, 25000.00, 'STA-000006', 'PRG-000004', NULL, 'rwbnxx', 'Y', 90, '2024-03-26', '2022-11-28 17:53:07', '2022-11-28 17:53:07'),
('OBT-000408', 'Larutan Ziehl Nielsen', 'TB', '', NULL, 172527.00, 'STA-000001', 'PRG-000003', NULL, '01102022', 'Y', 90, '2023-11-30', '2022-11-28 17:55:06', '2022-11-28 17:55:06'),
('OBT-000409', 'Minyak Kayu Putih ', 'obat ', '', NULL, 20000.00, 'STA-000001', 'PRG-000001', NULL, '01112022', 'Y', 90, '2025-12-01', '2022-12-01 18:59:42', '2022-12-01 18:59:42'),
('OBT-000410', 'Gentamisin Sulfat TM 0.3%', 'antbi', '', NULL, 4520.00, 'STA-000001', 'PRG-000001', NULL, 'kund85', 'Y', 90, '2024-12-01', '2022-12-01 21:20:03', '2022-12-01 21:20:03'),
('OBT-000411', 'Minyak Telon', 'obat ', '', NULL, 15950.00, 'STA-000001', 'PRG-000001', NULL, 'bogorxxx', 'Y', 90, '2025-12-31', '2022-12-03 17:28:39', '2022-12-03 17:28:39'),
('OBT-000412', 'Underpad', 'alkes', '', NULL, 4785.00, 'STA-000009', 'PRG-000001', NULL, 'kund246', 'Y', 90, '2025-12-31', '2022-12-03 20:25:57', '2022-12-03 20:25:57'),
('OBT-000413', 'Klorpromazin Inj 25 mg/ml', 'jiwa', '', NULL, 1243.00, 'STA-000004', 'PRG-000001', NULL, 'kapuanxxx', 'Y', 90, '2024-10-31', '2022-12-04 17:56:51', '2022-12-04 17:56:51'),
('OBT-000414', 'Elastic verban 6\" (FM Crepe)', 'alkes', '', NULL, 57200.00, 'STA-000009', 'PRG-000001', NULL, 'bgrjxxx', 'Y', 90, '2025-04-30', '2022-12-06 23:10:17', '2022-12-06 23:10:17'),
('OBT-000415', 'Antiza Syrup', 'flu k', '', NULL, 32000.00, 'STA-000001', 'PRG-000002', NULL, '102022', 'Y', 90, '2025-12-01', '2023-02-22 21:24:01', '2023-02-22 21:24:01'),
('OBT-000416', 'Isoniazid 300 mg Tab', 'antib', '', NULL, 150.00, 'STA-000003', 'PRG-000001', NULL, '102022', 'Y', 90, '2023-06-30', '2023-02-22 21:26:43', '2023-02-22 21:26:43'),
('OBT-000417', 'MDT Kusta PB Anak', 'kusta', '', NULL, 12328.00, 'STA-000029', 'PRG-000001', NULL, '102022', 'Y', 90, '2025-12-01', '2023-02-22 21:28:11', '2023-02-22 21:28:11'),
('OBT-000418', 'MDT Kusta PB Dewasa', 'kusta', '', NULL, 15304.00, 'STA-000001', 'PRG-000001', NULL, '102022', 'Y', 90, '2025-12-01', '2023-02-22 21:29:31', '2023-02-22 21:29:31'),
('OBT-000419', 'Metoklopramid 10mg/2ml injeksi', 'antem', '', NULL, 1683.00, 'STA-000004', 'PRG-000001', NULL, '102022', 'Y', 90, '2025-12-01', '2023-02-22 21:31:44', '2023-02-22 21:31:44'),
('OBT-000420', 'RDT DBD Combo Dengue', 'reage', '', NULL, 45366.00, 'STA-000033', 'PRG-000001', NULL, '102022', 'Y', 90, '2025-12-01', '2023-02-22 21:33:31', '2023-02-22 21:33:31'),
('OBT-000421', 'Strip Asam Urat EASY TOUCH', 'Reage', '', NULL, 5220.00, 'STA-000013', 'PRG-000001', NULL, '102022', 'Y', 90, '2025-12-01', '2023-02-22 21:35:00', '2023-02-22 21:35:00'),
('OBT-000422', 'Tensigard', 'tensi', '', NULL, 2126.00, 'STA-000008', 'PRG-000001', NULL, '102022', 'Y', 90, '2025-12-01', '2023-02-22 21:36:11', '2023-02-22 21:36:11'),
('OBT-000423', 'Tuberculin PPD RT 23 SSI', 'reage', '', NULL, 608280.00, 'STA-000012', 'PRG-000001', NULL, '102022', 'Y', 90, '2025-12-01', '2023-02-22 21:37:28', '2023-02-22 21:37:28');

-- --------------------------------------------------------

--
-- Struktur dari tabel `prm_obatexp`
--

CREATE TABLE `prm_obatexp` (
  `id` int(11) NOT NULL,
  `hari` int(11) NOT NULL
) ENGINE=InnoDB DEFAULT CHARSET=latin1 COLLATE=latin1_swedish_ci;

--
-- Dumping data untuk tabel `prm_obatexp`
--

INSERT INTO `prm_obatexp` (`id`, `hari`) VALUES
(1, 100);

-- --------------------------------------------------------

--
-- Struktur dari tabel `prm_pabrikobat`
--

CREATE TABLE `prm_pabrikobat` (
  `kd_pabrik` char(10) NOT NULL,
  `nm_pabrik` varchar(30) DEFAULT NULL,
  `telepon` varchar(15) DEFAULT NULL,
  `fax` varchar(15) DEFAULT NULL,
  `alamat` varchar(50) DEFAULT NULL,
  `kota` varchar(15) DEFAULT NULL
) ENGINE=InnoDB DEFAULT CHARSET=latin1 COLLATE=latin1_swedish_ci;

--
-- Dumping data untuk tabel `prm_pabrikobat`
--

INSERT INTO `prm_pabrikobat` (`kd_pabrik`, `nm_pabrik`, `telepon`, `fax`, `alamat`, `kota`) VALUES
('00001', 'KALBE FARMA', '021-487219', 'ffff', 'JL .AYANI 13 JAKTIM', 'JAKARTA'),
('00002', 'INDO FARMA', '021-729011', '', 'JL. SALEMBA RAYA', 'JAKARTA'),
('00003', 'KIMIA FARMA', '021-729011', '', 'JL. SALEMBA RAYA', 'JAKARTA'),
('00004', 'DEXA MEDICA', '0717-465643', '', 'JL. GAJAH MADA', ''),
('00005', 'PHAROS', '71818', '', 'JL RAYA BOGOR', 'BOGOR');

-- --------------------------------------------------------

--
-- Struktur dari tabel `prm_pegawai`
--

CREATE TABLE `prm_pegawai` (
  `nip` varchar(21) NOT NULL DEFAULT '',
  `nm_pegawai` varchar(40) DEFAULT NULL,
  `pangkat` varchar(30) DEFAULT NULL,
  `aktif` varchar(1) DEFAULT NULL
) ENGINE=InnoDB DEFAULT CHARSET=latin1 COLLATE=latin1_swedish_ci;

--
-- Dumping data untuk tabel `prm_pegawai`
--

INSERT INTO `prm_pegawai` (`nip`, `nm_pegawai`, `pangkat`, `aktif`) VALUES
('19611202 198711 2 002', 'dr. Henny Indriyanti, M.Kes.', 'Pembina Utama Muda', 'Y'),
('196305061987032001', 'Asih Sholikhatin', 'Penata', 'Y'),
('19640118 198603 1 010', 'Suleman', '', 'Y'),
('19670709 201001 1 001', 'Legiman', '', 'Y'),
('19680308 199103 1 012', 'Sumaeri,SE', '', 'Y'),
('19700109 200501 2 010', 'Nikmatul Hudda Ellaily', '', 'Y'),
('19780325 200312 2 008', 'Neny Setyaningrum, S.Si., Apt.', 'Penata Tingkat I', 'Y'),
('19810605 201001 1 004', 'Parji', '', 'N'),
('19821126 200903 2 009', 'Novriesa Puspitasari, S.Farm, Apt.', '', 'N'),
('19840130 201001 1 015', 'Wahyu Ariyanto', '', 'Y'),
('19860312 201101 2 005', 'Mardeny Ayu TM', '', 'Y');

-- --------------------------------------------------------

--
-- Struktur dari tabel `prm_pemasok`
--

CREATE TABLE `prm_pemasok` (
  `kd_pemasok` char(10) NOT NULL,
  `nm_pemasok` varchar(30) DEFAULT NULL,
  `alamat` varchar(50) DEFAULT NULL,
  `kota` varchar(20) DEFAULT NULL,
  `telepon` varchar(15) DEFAULT NULL,
  `fax` varchar(15) DEFAULT NULL
) ENGINE=InnoDB DEFAULT CHARSET=latin1 COLLATE=latin1_swedish_ci;

--
-- Dumping data untuk tabel `prm_pemasok`
--

INSERT INTO `prm_pemasok` (`kd_pemasok`, `nm_pemasok`, `alamat`, `kota`, `telepon`, `fax`) VALUES
('POB-000001', 'KIMIA FARMA', 'Jl.xx', '', '', ''),
('POB-000002', 'INDO FARMA', '', '', '', ''),
('POB-000003', 'KALBE FARMA', '', '', '', ''),
('POB-000004', 'wweweq', 'aasdasd', 'sdfsdf', '234234', '2234234'),
('POB-000005', 'asdasdas', 'asdasd', 'asdasd', '021-12839', '021-123123');

-- --------------------------------------------------------

--
-- Struktur dari tabel `prm_perusahaan`
--

CREATE TABLE `prm_perusahaan` (
  `id_usaha` char(5) DEFAULT NULL,
  `nm_usaha` varchar(50) DEFAULT NULL,
  `alamat` varchar(50) DEFAULT NULL,
  `kota` varchar(20) DEFAULT NULL,
  `telepon1` varchar(15) DEFAULT NULL,
  `telepon2` varchar(15) DEFAULT NULL,
  `fax` varchar(15) DEFAULT NULL,
  `email` varchar(20) DEFAULT NULL,
  `web` varchar(20) DEFAULT NULL
) ENGINE=InnoDB DEFAULT CHARSET=latin1 COLLATE=latin1_swedish_ci;

--
-- Dumping data untuk tabel `prm_perusahaan`
--

INSERT INTO `prm_perusahaan` (`id_usaha`, `nm_usaha`, `alamat`, `kota`, `telepon1`, `telepon2`, `fax`, `email`, `web`) VALUES
('12345', 'UPT GUDANG FARMASI', 'Jl. Reksodiputro No. 14', 'Blora', '0296-531985', '5689', '098', 'dfgf@mail.com', '');

-- --------------------------------------------------------

--
-- Struktur dari tabel `prm_program`
--

CREATE TABLE `prm_program` (
  `kd_program` varchar(10) NOT NULL,
  `nm_program` varchar(30) DEFAULT NULL,
  `aktif` varchar(1) DEFAULT NULL
) ENGINE=InnoDB DEFAULT CHARSET=latin1 COLLATE=latin1_swedish_ci;

--
-- Dumping data untuk tabel `prm_program`
--

INSERT INTO `prm_program` (`kd_program`, `nm_program`, `aktif`) VALUES
('PRG-000001', 'Obat Program', 'Y'),
('PRG-000002', 'Obat PKD', 'Y'),
('PRG-000003', 'Obat Indikator', 'Y'),
('PRG-000004', 'Lain-Lain', 'Y');

-- --------------------------------------------------------

--
-- Struktur dari tabel `prm_propinsi`
--

CREATE TABLE `prm_propinsi` (
  `kd_prop` varchar(2) NOT NULL,
  `nm_prop` varchar(20) DEFAULT NULL
) ENGINE=InnoDB DEFAULT CHARSET=latin1 COLLATE=latin1_swedish_ci;

--
-- Dumping data untuk tabel `prm_propinsi`
--

INSERT INTO `prm_propinsi` (`kd_prop`, `nm_prop`) VALUES
('33', 'Jawa Tengah');

-- --------------------------------------------------------

--
-- Struktur dari tabel `prm_puskesmas`
--

CREATE TABLE `prm_puskesmas` (
  `kd_puskesmas` varchar(10) NOT NULL,
  `nm_puskesmas` varchar(30) DEFAULT NULL,
  `alamat` varchar(50) DEFAULT NULL,
  `telepon` varchar(15) DEFAULT NULL,
  `fax` varchar(15) DEFAULT NULL,
  `email` varchar(30) DEFAULT NULL
) ENGINE=InnoDB DEFAULT CHARSET=latin1 COLLATE=latin1_swedish_ci;

--
-- Dumping data untuk tabel `prm_puskesmas`
--

INSERT INTO `prm_puskesmas` (`kd_puskesmas`, `nm_puskesmas`, `alamat`, `telepon`, `fax`, `email`) VALUES
('PKS00001', 'Bogorejo', 'alamat', '897676554', '', ''),
('PKS00002', 'Banjarejo', 'jl banjarejo', '3748374', '38242384', 'puskesmas@blorakab.go.id'),
('PKS00003', 'Blora', 'Jl. xx', '123123', '99', 'xx@yahoo.co.id'),
('PKS00004', 'Cepu', '', '', '', ''),
('PKS00005', 'Doplang', '', '', '', ''),
('PKS00006', 'Gondoriyo', '', '', '', ''),
('PKS00007', 'Jiken', '', '', '', ''),
('PKS00008', 'Japah', '', '', '', ''),
('PKS00009', 'Jepon', '', '', '', ''),
('PKS00010', 'Kunduran', '', '', '', ''),
('PKS00011', 'Kapuan', '', '', '', ''),
('PKS00012', 'Kedungtuban', '', '', '', ''),
('PKS00013', 'Kutukan', '', '', '', ''),
('PKS00014', 'Ketuan', '', '', '', ''),
('PKS00015', 'Medang', '', '', '', ''),
('PKS00016', 'Menden', '', '', '', ''),
('PKS00017', 'Ngroto', '', '', '', ''),
('PKS00018', 'Ngawen', '', '', '', ''),
('PKS00019', 'Puledagel', '', '', '', ''),
('PKS00020', 'Randublatung', '', '', '', ''),
('PKS00021', 'Randulawang', '', '', '', ''),
('PKS00022', 'Rowobungkul', '', '', '', ''),
('PKS00023', 'Sonokidul', '', '', '', ''),
('PKS00024', 'Sambong', '', '', '', ''),
('PKS00025', 'Todanan', '', '', '', ''),
('PKS00026', 'Tunjungan', '', '', '', ''),
('PKS00027', 'Lain Lain', 'x', 'x', 'x', 'x'),
('PKS00028', 'by agt', 'aaaasasa', '08976', '', ''),
('PKS00029', 'coba 123', 'gfhgg', '567856', '567', 'dsf@gdg.com');

-- --------------------------------------------------------

--
-- Struktur dari tabel `prm_satuan`
--

CREATE TABLE `prm_satuan` (
  `kd_satuan` varchar(10) NOT NULL,
  `nm_satuan` varchar(12) DEFAULT NULL,
  `aktif` char(1) DEFAULT NULL
) ENGINE=InnoDB DEFAULT CHARSET=latin1 COLLATE=latin1_swedish_ci;

--
-- Dumping data untuk tabel `prm_satuan`
--

INSERT INTO `prm_satuan` (`kd_satuan`, `nm_satuan`, `aktif`) VALUES
('STA-000001', 'Botol', 'Y'),
('STA-000002', 'Set', 'Y'),
('STA-000003', 'Tablet', 'Y'),
('STA-000004', 'Ampul', 'Y'),
('STA-000005', 'Tube', 'Y'),
('STA-000006', 'Sachet', 'Y'),
('STA-000007', 'Rol', 'Y'),
('STA-000008', 'Kapsul', 'Y'),
('STA-000009', 'Buah', 'Y'),
('STA-000010', 'Kotak', 'Y'),
('STA-000011', 'Lusin', 'Y'),
('STA-000012', 'Vial', 'Y'),
('STA-000013', 'Tes', 'Y'),
('STA-000014', 'Suppositoria', 'Y'),
('STA-000015', 'Pcs', 'Y'),
('STA-000016', 'Pasang', 'Y'),
('STA-000017', 'Pot', 'Y'),
('STA-000018', 'Galon', 'Y'),
('STA-000019', 'Meter', 'Y'),
('STA-000020', 'Strip', 'Y'),
('STA-000021', 'can', 'Y'),
('STA-000022', 'Lembar', 'Y'),
('STA-000023', 'Paket', 'Y'),
('STA-000024', 'Kartu', 'Y'),
('STA-000025', 'Ukuran', 'Y'),
('STA-000026', 'ml', 'Y'),
('STA-000027', 'bayu', 'N'),
('STA-000028', 'bayu', 'N'),
('STA-000029', 'Blister', 'Y'),
('STA-000030', 'botol 500ml', 'Y'),
('STA-000031', 'Box', 'Y'),
('STA-000032', 'Dus', 'Y'),
('STA-000033', 'Test', 'Y'),
('STA-000034', 'Unit', 'Y'),
('STA-000035', 'Kaplet', 'Y'),
('STA-000036', 'jerigen 5L', 'Y'),
('STA-000037', 'Softbag', 'Y');

-- --------------------------------------------------------

--
-- Struktur dari tabel `prm_sumberdana`
--

CREATE TABLE `prm_sumberdana` (
  `kd_sumberdana` varchar(10) NOT NULL,
  `nm_sumberdana` varchar(20) DEFAULT NULL,
  `dasar_dok` varchar(20) DEFAULT NULL,
  `aktif` char(1) DEFAULT NULL
) ENGINE=InnoDB DEFAULT CHARSET=latin1 COLLATE=latin1_swedish_ci;

--
-- Dumping data untuk tabel `prm_sumberdana`
--

INSERT INTO `prm_sumberdana` (`kd_sumberdana`, `nm_sumberdana`, `dasar_dok`, `aktif`) VALUES
('SBD-000000', 'UMUM', 'LPLPO / BBK', 'N'),
('SBD-000001', 'APBN', 'LPLPO', 'Y'),
('SBD-000002', 'APBD I', 'LPLPO,BBK', 'Y'),
('SBD-000003', 'APBD II', 'LPLPO', 'Y'),
('SBD-000004', 'DAK 10', 'LPLPO', 'Y'),
('SBD-000005', 'DAK 11', 'DOK.LELANG/LPLPO', 'Y'),
('SBD-000006', 'VAKSIN', 'LPLPO/BBK', 'Y'),
('SBD-000007', 'DAK 21', 'LPLPO', 'Y'),
('SBD-000008', 'UMUM', 'PLPO', 'N'),
('SBD-000009', 'Lain-Lain', 'x', 'Y'),
('SBD-000010', 'Semua', 'x', 'Y'),
('SBD-000012', 'DAK', 'x', 'Y');

-- --------------------------------------------------------

--
-- Struktur dari tabel `tb_storage_pengeluaran`
--

CREATE TABLE `tb_storage_pengeluaran` (
  `id_storage` int(11) NOT NULL,
  `kd_permintaan` varchar(100) DEFAULT NULL,
  `kd_obat` varchar(100) DEFAULT NULL,
  `no_dok` varchar(100) DEFAULT NULL,
  `qty` varchar(100) DEFAULT NULL,
  `sumber_dana` varchar(100) DEFAULT NULL,
  `harga` varchar(100) DEFAULT NULL,
  `tgl_expired` date DEFAULT NULL,
  `id_terima` int(12) NOT NULL,
  `id_user` varchar(100) DEFAULT NULL
) ENGINE=InnoDB DEFAULT CHARSET=utf8mb4 COLLATE=utf8mb4_general_ci;

--
-- Dumping data untuk tabel `tb_storage_pengeluaran`
--

INSERT INTO `tb_storage_pengeluaran` (`id_storage`, `kd_permintaan`, `kd_obat`, `no_dok`, `qty`, `sumber_dana`, `harga`, `tgl_expired`, `id_terima`, `id_user`) VALUES
(1324, 'JKNM2023030003', 'OBT-000241', 'T2022110074', '555', 'SBD-000012', '208.0000', '2024-12-31', 3457, 'gudang');

-- --------------------------------------------------------

--
-- Struktur dari tabel `tmprpt`
--

CREATE TABLE `tmprpt` (
  `ProdHcy_L1` varchar(255) DEFAULT NULL,
  `ProdHcy_L2` varchar(255) DEFAULT NULL,
  `ProdHcy_L3` varchar(255) DEFAULT NULL,
  `ProdHcy_L4` varchar(255) DEFAULT NULL,
  `ProdHcy_L5` varchar(255) DEFAULT NULL,
  `QTy_A` double DEFAULT NULL,
  `QTy_AN` double DEFAULT NULL,
  `QTy_B` double DEFAULT NULL,
  `QTy_C` double DEFAULT NULL,
  `QTy_ML` double DEFAULT NULL,
  `QTy_Total` double DEFAULT NULL,
  `StockTm` double DEFAULT NULL
) ENGINE=InnoDB DEFAULT CHARSET=latin1 COLLATE=latin1_swedish_ci;

--
-- Dumping data untuk tabel `tmprpt`
--

INSERT INTO `tmprpt` (`ProdHcy_L1`, `ProdHcy_L2`, `ProdHcy_L3`, `ProdHcy_L4`, `ProdHcy_L5`, `QTy_A`, `QTy_AN`, `QTy_B`, `QTy_C`, `QTy_ML`, `QTy_Total`, `StockTm`) VALUES
('ya', '666', NULL, NULL, NULL, NULL, NULL, NULL, NULL, NULL, NULL, NULL),
('ya', '095656', NULL, NULL, NULL, NULL, NULL, NULL, NULL, NULL, NULL, NULL),
('bukan', 'jjjj', NULL, NULL, NULL, NULL, NULL, NULL, NULL, NULL, NULL, NULL);

-- --------------------------------------------------------

--
-- Struktur dari tabel `ttelog`
--

CREATE TABLE `ttelog` (
  `idlog` int(11) NOT NULL,
  `uidBlangkoHDR` int(11) NOT NULL,
  `msg` text NOT NULL,
  `crtdt` datetime NOT NULL DEFAULT current_timestamp()
) ENGINE=InnoDB DEFAULT CHARSET=latin1 COLLATE=latin1_swedish_ci;

-- --------------------------------------------------------

--
-- Stand-in struktur untuk tampilan `view_cetakfakturobatkeluar`
-- (Lihat di bawah untuk tampilan aktual)
--
CREATE TABLE `view_cetakfakturobatkeluar` (
`no_dok` varchar(14)
,`tgl_dok` date
,`kd_obat` varchar(10)
,`qty` double
,`harga` decimal(20,4)
,`kd_puskesmas` varchar(10)
,`nm_puskesmas` varchar(30)
,`kd_sumberdana` varchar(10)
,`nm_sumberdana` varchar(20)
,`nm_satuan` varchar(12)
,`nm_obat` varchar(255)
);

-- --------------------------------------------------------

--
-- Stand-in struktur untuk tampilan `view_cetakfakturpakaiobatpks`
-- (Lihat di bawah untuk tampilan aktual)
--
CREATE TABLE `view_cetakfakturpakaiobatpks` (
`no_dok` varchar(14)
,`tgl_dok` date
,`kd_puskesmas` varchar(10)
,`nm_puskesmas` varchar(30)
,`kd_sumberdana` varchar(10)
,`nm_sumberdana` varchar(20)
,`kd_obat` varchar(10)
,`nm_obat` varchar(255)
,`qty` double
,`harga` decimal(20,4)
,`kd_satuan` varchar(10)
,`nm_satuan` varchar(12)
);

-- --------------------------------------------------------

--
-- Stand-in struktur untuk tampilan `view_cetakpenerimaanobat`
-- (Lihat di bawah untuk tampilan aktual)
--
CREATE TABLE `view_cetakpenerimaanobat` (
`no_dok` varchar(14)
,`tgl_dok` date
,`kd_pemasok` char(10)
,`nm_pemasok` varchar(30)
,`kd_obat` varchar(10)
,`nm_obat` varchar(255)
,`qty` int(11)
,`harga` decimal(20,4)
,`nm_sumberdana` varchar(20)
,`dasar_dok` varchar(20)
,`kd_sumberdana` varchar(10)
,`kd_satuan` varchar(10)
,`nm_satuan` varchar(12)
,`ref` varchar(50)
,`ket` varchar(50)
);

-- --------------------------------------------------------

--
-- Stand-in struktur untuk tampilan `view_detailpakaipuskesmas`
-- (Lihat di bawah untuk tampilan aktual)
--
CREATE TABLE `view_detailpakaipuskesmas` (
`kd_sumberdana` char(10)
,`tgl_dok` date
,`kd_obat` varchar(10)
,`qty` double
,`harga` decimal(10,2)
,`jml_rupiah` double
);

-- --------------------------------------------------------

--
-- Stand-in struktur untuk tampilan `view_detaturmenu`
-- (Lihat di bawah untuk tampilan aktual)
--
CREATE TABLE `view_detaturmenu` (
`id_user` varchar(10)
,`menu_name` varchar(30)
,`menu_caption` varchar(50)
,`menu_induk_id` int(11)
,`id` int(11)
);

-- --------------------------------------------------------

--
-- Stand-in struktur untuk tampilan `view_petugasgudang`
-- (Lihat di bawah untuk tampilan aktual)
--
CREATE TABLE `view_petugasgudang` (
`kd_sumberdana` varchar(2)
,`bulan` tinyint(4)
,`tahun` double(4,0)
,`nip` varchar(21)
,`kode_smb` varchar(10)
,`nm_pegawai` varchar(40)
,`aktif` varchar(1)
);

-- --------------------------------------------------------

--
-- Stand-in struktur untuk tampilan `view_saldoawalobat`
-- (Lihat di bawah untuk tampilan aktual)
--
CREATE TABLE `view_saldoawalobat` (
`QTY` decimal(32,0)
,`kd_obat` varchar(10)
,`tgl_dok` date
,`kd_sumberdana` varchar(10)
);

-- --------------------------------------------------------

--
-- Stand-in struktur untuk tampilan `view_saldofarmasiterima`
-- (Lihat di bawah untuk tampilan aktual)
--
CREATE TABLE `view_saldofarmasiterima` (
`kd_sumberdana` varchar(10)
,`tgl_dok` date
,`jumlah` decimal(20,2)
);

-- --------------------------------------------------------

--
-- Stand-in struktur untuk tampilan `vw_keluar`
-- (Lihat di bawah untuk tampilan aktual)
--
CREATE TABLE `vw_keluar` (
`id_terima` int(11)
,`no_dok` varchar(14)
,`tgl_setuju` date
,`kd_obat` varchar(10)
,`kd_sumberdana` varchar(100)
,`qty` double
,`harga` decimal(20,4)
,`shp` float
);

-- --------------------------------------------------------

--
-- Stand-in struktur untuk tampilan `zvw_keluar`
-- (Lihat di bawah untuk tampilan aktual)
--
CREATE TABLE `zvw_keluar` (
`no_dok` varchar(14)
,`tgl_dok` date
,`kd_obat` varchar(10)
,`kd_sumberdana` varchar(100)
,`kd_puskesmas` varchar(10)
,`qty` double
);

-- --------------------------------------------------------

--
-- Stand-in struktur untuk tampilan `zvw_keluarmasuk`
-- (Lihat di bawah untuk tampilan aktual)
--
CREATE TABLE `zvw_keluarmasuk` (
`no_dok` varchar(14)
,`tgl_dok` date
,`kd_obat` varchar(10)
,`kd_sumberdana` varchar(10)
,`kd_puskesmas` varchar(10)
,`qty` double
,`act` varchar(5)
);

-- --------------------------------------------------------

--
-- Stand-in struktur untuk tampilan `zvw_masuk`
-- (Lihat di bawah untuk tampilan aktual)
--
CREATE TABLE `zvw_masuk` (
`no_dok` varchar(14)
,`tgl_dok` date
,`kd_obat` varchar(10)
,`kd_sumberdana` varchar(10)
,`kd_puskesmas` varchar(10)
,`qty` double
);

-- --------------------------------------------------------

--
-- Stand-in struktur untuk tampilan `zvw_pus_stockpakai`
-- (Lihat di bawah untuk tampilan aktual)
--
CREATE TABLE `zvw_pus_stockpakai` (
`kd_puskesmas` char(10)
,`kd_obat` varchar(10)
,`qty` double
);

-- --------------------------------------------------------

--
-- Stand-in struktur untuk tampilan `zvw_pus_stockterima`
-- (Lihat di bawah untuk tampilan aktual)
--
CREATE TABLE `zvw_pus_stockterima` (
`kd_puskesmas` varchar(10)
,`kd_obat` varchar(10)
,`qty` double
);

-- --------------------------------------------------------

--
-- Stand-in struktur untuk tampilan `zvw_stockgudang`
-- (Lihat di bawah untuk tampilan aktual)
--
CREATE TABLE `zvw_stockgudang` (
`kd_obat` varchar(10)
,`nm_obat` varchar(255)
,`kel_terapi` varchar(5)
,`Vol` varchar(15)
,`jml_awal` decimal(10,0)
,`harga` decimal(10,2)
,`kd_satuan` varchar(10)
,`kd_program` varchar(10)
,`aktif` varchar(1)
,`qtyfisik` double
);

-- --------------------------------------------------------

--
-- Stand-in struktur untuk tampilan `zvw_stockgudang_v2`
-- (Lihat di bawah untuk tampilan aktual)
--
CREATE TABLE `zvw_stockgudang_v2` (
`qty_terima` decimal(54,0)
,`qty_keluar` double
,`qty_sisa` double
,`kd_obat` varchar(10)
,`kd_sumberdana` varchar(100)
);

-- --------------------------------------------------------

--
-- Stand-in struktur untuk tampilan `zvw_stockkeluar`
-- (Lihat di bawah untuk tampilan aktual)
--
CREATE TABLE `zvw_stockkeluar` (
`kd_obat` varchar(10)
,`kd_sumberdana` varchar(100)
,`qty` double
);

-- --------------------------------------------------------

--
-- Stand-in struktur untuk tampilan `zvw_stockterima`
-- (Lihat di bawah untuk tampilan aktual)
--
CREATE TABLE `zvw_stockterima` (
`kd_obat` varchar(10)
,`kd_sumberdana` varchar(100)
,`qty` decimal(32,0)
);

-- --------------------------------------------------------

--
-- Stand-in struktur untuk tampilan `zvw_transaksi`
-- (Lihat di bawah untuk tampilan aktual)
--
CREATE TABLE `zvw_transaksi` (
`no_dok` varchar(14)
,`tgl_dok` date
,`kd_obat` varchar(10)
,`kd_sumberdana` varchar(10)
,`kd_puskesmas` varchar(10)
,`kd_pemasok` char(0)
,`qty` double
,`act` varchar(6)
);

-- --------------------------------------------------------

--
-- Struktur untuk view `view_cetakfakturobatkeluar`
--

CREATE ALGORITHM=UNDEFINED DEFINER=`mbek1154`@`localhost` SQL SECURITY DEFINER VIEW `view_cetakfakturobatkeluar`  AS SELECT `a`.`no_dok` AS `no_dok`, `a`.`tgl_dok` AS `tgl_dok`, `a`.`kd_obat` AS `kd_obat`, `a`.`qty` AS `qty`, `a`.`harga` AS `harga`, `b`.`kd_puskesmas` AS `kd_puskesmas`, `f`.`nm_puskesmas` AS `nm_puskesmas`, `b`.`kd_sumberdana` AS `kd_sumberdana`, `e`.`nm_sumberdana` AS `nm_sumberdana`, `d`.`nm_satuan` AS `nm_satuan`, `c`.`nm_obat` AS `nm_obat` FROM (((((`det_obatkeluar` `a` left join `mst_obatkeluar` `b` on(`a`.`no_dok` = `b`.`no_dok` and `a`.`tgl_dok` = `b`.`tgl_dok`)) left join `prm_obat` `c` on(`c`.`kd_obat` = `a`.`kd_obat`)) left join `prm_satuan` `d` on(`d`.`kd_satuan` = `c`.`kd_satuan`)) left join `prm_sumberdana` `e` on(`e`.`kd_sumberdana` = `b`.`kd_sumberdana`)) left join `prm_puskesmas` `f` on(`f`.`kd_puskesmas` = `b`.`kd_puskesmas`)) ;

-- --------------------------------------------------------

--
-- Struktur untuk view `view_cetakfakturpakaiobatpks`
--

CREATE ALGORITHM=UNDEFINED DEFINER=`mbek1154`@`localhost` SQL SECURITY DEFINER VIEW `view_cetakfakturpakaiobatpks`  AS SELECT `b`.`no_dok` AS `no_dok`, `b`.`tgl_dok` AS `tgl_dok`, `a`.`kd_puskesmas` AS `kd_puskesmas`, `c`.`nm_puskesmas` AS `nm_puskesmas`, `a`.`kd_sumberdana` AS `kd_sumberdana`, `d`.`nm_sumberdana` AS `nm_sumberdana`, `b`.`kd_obat` AS `kd_obat`, `e`.`nm_obat` AS `nm_obat`, `b`.`qty` AS `qty`, `b`.`harga` AS `harga`, `e`.`kd_satuan` AS `kd_satuan`, `f`.`nm_satuan` AS `nm_satuan` FROM (((((`det_obatkeluar` `b` left join `mst_obatkeluar` `a` on(`b`.`no_dok` = `a`.`no_dok` and `b`.`tgl_dok` = `a`.`tgl_dok`)) left join `prm_puskesmas` `c` on(`c`.`kd_puskesmas` = `a`.`kd_puskesmas`)) left join `prm_sumberdana` `d` on(`d`.`kd_sumberdana` = `a`.`kd_sumberdana`)) left join `prm_obat` `e` on(`e`.`kd_obat` = `b`.`kd_obat`)) left join `prm_satuan` `f` on(`f`.`kd_satuan` = `e`.`kd_satuan`)) ;

-- --------------------------------------------------------

--
-- Struktur untuk view `view_cetakpenerimaanobat`
--

CREATE ALGORITHM=UNDEFINED DEFINER=`mbek1154`@`localhost` SQL SECURITY DEFINER VIEW `view_cetakpenerimaanobat`  AS SELECT `b`.`no_dok` AS `no_dok`, `b`.`tgl_dok` AS `tgl_dok`, `a`.`kd_pemasok` AS `kd_pemasok`, `c`.`nm_pemasok` AS `nm_pemasok`, `b`.`kd_obat` AS `kd_obat`, `d`.`nm_obat` AS `nm_obat`, `b`.`qty` AS `qty`, `b`.`harga` AS `harga`, `f`.`nm_sumberdana` AS `nm_sumberdana`, `f`.`dasar_dok` AS `dasar_dok`, `a`.`kd_sumberdana` AS `kd_sumberdana`, `d`.`kd_satuan` AS `kd_satuan`, `g`.`nm_satuan` AS `nm_satuan`, `a`.`ref` AS `ref`, `a`.`ket` AS `ket` FROM (((((`det_terimaobat` `b` left join `mst_terimaobat` `a` on(`a`.`no_dok` = `b`.`no_dok` and `a`.`tgl_dok` = `b`.`tgl_dok`)) left join `prm_pemasok` `c` on(`c`.`kd_pemasok` = `a`.`kd_pemasok`)) left join `prm_obat` `d` on(`d`.`kd_obat` = `b`.`kd_obat`)) left join `prm_sumberdana` `f` on(`f`.`kd_sumberdana` = `a`.`kd_sumberdana`)) left join `prm_satuan` `g` on(`g`.`kd_satuan` = `d`.`kd_satuan`)) ;

-- --------------------------------------------------------

--
-- Struktur untuk view `view_detailpakaipuskesmas`
--

CREATE ALGORITHM=UNDEFINED DEFINER=`mbek1154`@`localhost` SQL SECURITY DEFINER VIEW `view_detailpakaipuskesmas`  AS SELECT `b`.`kd_sumberdana` AS `kd_sumberdana`, `a`.`tgl_dok` AS `tgl_dok`, `a`.`kd_obat` AS `kd_obat`, `a`.`qty` AS `qty`, `c`.`harga` AS `harga`, `a`.`qty`* `c`.`harga` AS `jml_rupiah` FROM ((`det_pakaiobat` `a` left join `mst_pakaiobat` `b` on(`b`.`no_dok` = `a`.`no_dok` and `b`.`tgl_dok` = `a`.`tgl_dok`)) left join `prm_obat` `c` on(`c`.`kd_obat` = `a`.`kd_obat`)) ;

-- --------------------------------------------------------

--
-- Struktur untuk view `view_detaturmenu`
--

CREATE ALGORITHM=UNDEFINED DEFINER=`mbek1154`@`localhost` SQL SECURITY DEFINER VIEW `view_detaturmenu`  AS SELECT `a`.`id_user` AS `id_user`, `b`.`menu_name` AS `menu_name`, `b`.`menu_caption` AS `menu_caption`, `a`.`menu_induk_id` AS `menu_induk_id`, `a`.`id` AS `id` FROM (`det_menuuser` `a` left join `menu_anak` `b` on(`b`.`id` = `a`.`id`)) ORDER BY `a`.`id` ASC ;

-- --------------------------------------------------------

--
-- Struktur untuk view `view_petugasgudang`
--

CREATE ALGORITHM=UNDEFINED DEFINER=`mbek1154`@`localhost` SQL SECURITY DEFINER VIEW `view_petugasgudang`  AS SELECT `det_petugasgudang`.`kd_sumberdana` AS `kd_sumberdana`, `det_petugasgudang`.`bulan` AS `bulan`, `det_petugasgudang`.`tahun` AS `tahun`, `det_petugasgudang`.`nip` AS `nip`, `det_petugasgudang`.`kode_smb` AS `kode_smb`, `prm_pegawai`.`nm_pegawai` AS `nm_pegawai`, `prm_pegawai`.`aktif` AS `aktif` FROM (`det_petugasgudang` left join `prm_pegawai` on(`prm_pegawai`.`nip` = `det_petugasgudang`.`nip`)) ;

-- --------------------------------------------------------

--
-- Struktur untuk view `view_saldoawalobat`
--

-- --------------------------------------------------------

--
-- Struktur untuk view `view_saldofarmasiterima`
--

CREATE ALGORITHM=UNDEFINED DEFINER=`mbek1154`@`localhost` SQL SECURITY DEFINER VIEW `view_saldofarmasiterima`  AS SELECT `b`.`kd_sumberdana` AS `kd_sumberdana`, `a`.`tgl_dok` AS `tgl_dok`, `a`.`qty`* `c`.`harga` AS `jumlah` FROM ((`det_terimaobat` `a` left join `mst_terimaobat` `b` on(`b`.`no_dok` = `a`.`no_dok` and `b`.`tgl_dok` = `a`.`tgl_dok`)) left join `prm_obat` `c` on(`c`.`kd_obat` = `a`.`kd_obat`)) ;

-- --------------------------------------------------------

--
-- Struktur untuk view `vw_keluar`
--

CREATE ALGORITHM=UNDEFINED DEFINER=`mbek1154`@`localhost` SQL SECURITY DEFINER VIEW `vw_keluar`  AS SELECT `b`.`id_terima` AS `id_terima`, `b`.`no_dok` AS `no_dok`, `b`.`tgl_setuju` AS `tgl_setuju`, `b`.`kd_obat` AS `kd_obat`, `b`.`kd_sumberdana` AS `kd_sumberdana`, `b`.`qty` AS `qty`, `b`.`harga` AS `harga`, `a`.`shp` AS `shp` FROM (`mst_obatkeluar` `a` join `det_obatkeluar` `b` on(`a`.`no_dok` = `b`.`no_dok`)) ;

-- --------------------------------------------------------

--
-- Struktur untuk view `zvw_keluar`
--

CREATE ALGORITHM=UNDEFINED DEFINER=`mbek1154`@`localhost` SQL SECURITY DEFINER VIEW `zvw_keluar`  AS SELECT `a`.`no_dok` AS `no_dok`, `a`.`tgl_dok` AS `tgl_dok`, `b`.`kd_obat` AS `kd_obat`, `b`.`kd_sumberdana` AS `kd_sumberdana`, `a`.`kd_puskesmas` AS `kd_puskesmas`, ifnull(sum(`b`.`qty`),0) AS `qty` FROM (`mst_obatkeluar` `a` join `det_obatkeluar` `b` on(`a`.`no_dok` = `b`.`no_dok`)) GROUP BY `a`.`no_dok`, `a`.`tgl_dok`, `b`.`kd_obat`, `b`.`kd_sumberdana`, `a`.`kd_puskesmas` ;

-- --------------------------------------------------------

--
-- Struktur untuk view `zvw_keluarmasuk`
--

CREATE ALGORITHM=UNDEFINED DEFINER=`mbek1154`@`localhost` SQL SECURITY DEFINER VIEW `zvw_keluarmasuk`  AS SELECT `a`.`no_dok` AS `no_dok`, `a`.`tgl_dok` AS `tgl_dok`, `b`.`kd_obat` AS `kd_obat`, `a`.`kd_sumberdana` AS `kd_sumberdana`, `a`.`kd_puskesmas` AS `kd_puskesmas`, ifnull(sum(`b`.`qty`),0) AS `qty`, 'masuk' AS `act` FROM ((`mst_obatkeluar` `a` join `det_obatkeluar` `b` on(`a`.`no_dok` = `b`.`no_dok`)) join `prm_obat` `d` on(`b`.`kd_obat` = `d`.`kd_obat`)) GROUP BY `a`.`no_dok`, `a`.`tgl_dok`, `b`.`kd_obat`, `a`.`kd_sumberdana`, `a`.`kd_puskesmas` ;

-- --------------------------------------------------------

--
-- Struktur untuk view `zvw_masuk`
--

CREATE ALGORITHM=UNDEFINED DEFINER=`mbek1154`@`localhost` SQL SECURITY DEFINER VIEW `zvw_masuk`  AS SELECT `a`.`no_dok` AS `no_dok`, `a`.`tgl_dok` AS `tgl_dok`, `b`.`kd_obat` AS `kd_obat`, `a`.`kd_sumberdana` AS `kd_sumberdana`, `a`.`kd_puskesmas` AS `kd_puskesmas`, ifnull(sum(`b`.`qty`),0) AS `qty` FROM (`mst_obatkeluar` `a` join `det_obatkeluar` `b` on(`a`.`no_dok` = `b`.`no_dok`)) GROUP BY `a`.`no_dok`, `a`.`tgl_dok`, `b`.`kd_obat`, `a`.`kd_sumberdana`, `a`.`kd_puskesmas` ;

-- --------------------------------------------------------

--
-- Struktur untuk view `zvw_pus_stockpakai`
--

CREATE ALGORITHM=UNDEFINED DEFINER=`mbek1154`@`localhost` SQL SECURITY DEFINER VIEW `zvw_pus_stockpakai`  AS SELECT `aa`.`kd_puskesmas` AS `kd_puskesmas`, `bb`.`kd_obat` AS `kd_obat`, ifnull(sum(`bb`.`qty`),0) AS `qty` FROM ((`mst_pakaiobat` `aa` join `det_pakaiobat` `bb` on(`aa`.`no_dok` = `bb`.`no_dok`)) join `prm_puskesmas` `cc` on(`cc`.`kd_puskesmas` = `aa`.`kd_puskesmas`)) GROUP BY `aa`.`kd_puskesmas`, `bb`.`kd_obat` ;

-- --------------------------------------------------------

--
-- Struktur untuk view `zvw_pus_stockterima`
--

CREATE ALGORITHM=UNDEFINED DEFINER=`mbek1154`@`localhost` SQL SECURITY DEFINER VIEW `zvw_pus_stockterima`  AS SELECT `aa`.`kd_puskesmas` AS `kd_puskesmas`, `bb`.`kd_obat` AS `kd_obat`, ifnull(sum(`bb`.`qty`),0) AS `qty` FROM ((`mst_obatkeluar` `aa` join `det_obatkeluar` `bb` on(`aa`.`no_dok` = `bb`.`no_dok`)) join `prm_puskesmas` `cc` on(`cc`.`kd_puskesmas` = `aa`.`kd_puskesmas`)) WHERE `aa`.`shp` = 2 GROUP BY `aa`.`kd_puskesmas`, `bb`.`kd_obat` ;

-- --------------------------------------------------------

--
-- Struktur untuk view `zvw_stockgudang`
--

CREATE ALGORITHM=UNDEFINED DEFINER=`mbek1154`@`localhost` SQL SECURITY DEFINER VIEW `zvw_stockgudang`  AS SELECT `x`.`kd_obat` AS `kd_obat`, `x`.`nm_obat` AS `nm_obat`, `x`.`kel_terapi` AS `kel_terapi`, `x`.`Vol` AS `Vol`, `x`.`jml_awal` AS `jml_awal`, `x`.`harga` AS `harga`, `x`.`kd_satuan` AS `kd_satuan`, `x`.`kd_program` AS `kd_program`, `x`.`aktif` AS `aktif`, ifnull((select `a`.`qty` from `zvw_stockterima` `a` where `a`.`kd_obat` = `x`.`kd_obat`),0) - ifnull((select `a`.`qty` from `zvw_stockkeluar` `a` where `a`.`kd_obat` = `x`.`kd_obat`),0) AS `qtyfisik` FROM `prm_obat` AS `x` ;

-- --------------------------------------------------------

--
-- Struktur untuk view `zvw_stockgudang_v2`
--

-- --------------------------------------------------------

--
-- Struktur untuk view `zvw_stockkeluar`
--

CREATE ALGORITHM=UNDEFINED DEFINER=`mbek1154`@`localhost` SQL SECURITY DEFINER VIEW `zvw_stockkeluar`  AS SELECT `b`.`kd_obat` AS `kd_obat`, `b`.`kd_sumberdana` AS `kd_sumberdana`, ifnull(sum(`b`.`qty`),0) AS `qty` FROM ((`mst_obatkeluar` `a` join `det_obatkeluar` `b` on(`a`.`no_dok` = `b`.`no_dok`)) join `prm_obat` `d` on(`b`.`kd_obat` = `d`.`kd_obat`)) GROUP BY `d`.`nm_obat`, `b`.`kd_sumberdana`, `b`.`kd_obat` ;

-- --------------------------------------------------------

--
-- Struktur untuk view `zvw_stockterima`
--

CREATE ALGORITHM=UNDEFINED DEFINER=`mbek1154`@`localhost` SQL SECURITY DEFINER VIEW `zvw_stockterima`  AS SELECT `b`.`kd_obat` AS `kd_obat`, `b`.`kd_sumberdana` AS `kd_sumberdana`, ifnull(sum(`b`.`qty`),0) AS `qty` FROM (((`mst_terimaobat` `a` join `det_terimaobat` `b` on(`a`.`no_dok` = `b`.`no_dok`)) join `prm_pemasok` `c` on(`a`.`kd_pemasok` = `c`.`kd_pemasok`)) join `prm_obat` `d` on(`b`.`kd_obat` = `d`.`kd_obat`)) GROUP BY `d`.`nm_obat`, `b`.`kd_sumberdana`, `b`.`kd_obat` ;

-- --------------------------------------------------------

--
-- Struktur untuk view `zvw_transaksi`
--

CREATE ALGORITHM=UNDEFINED DEFINER=`mbek1154`@`localhost` SQL SECURITY DEFINER VIEW `zvw_transaksi`  AS SELECT `a`.`no_dok` AS `no_dok`, `a`.`tgl_dok` AS `tgl_dok`, `b`.`kd_obat` AS `kd_obat`, `a`.`kd_sumberdana` AS `kd_sumberdana`, `a`.`kd_puskesmas` AS `kd_puskesmas`, '' AS `kd_pemasok`, ifnull(sum(`b`.`qty`),0) AS `qty`, 'keluar' AS `act` FROM ((`mst_obatkeluar` `a` join `det_obatkeluar` `b` on(`a`.`no_dok` = `b`.`no_dok`)) join `prm_obat` `d` on(`b`.`kd_obat` = `d`.`kd_obat`)) GROUP BY `a`.`no_dok`, `a`.`tgl_dok`, `b`.`kd_obat`, `a`.`kd_sumberdana`, `a`.`kd_puskesmas` ;

--
-- Indexes for dumped tables
--

--
-- Indeks untuk tabel `ci_session`
--
ALTER TABLE `ci_session`
  ADD PRIMARY KEY (`id`),
  ADD KEY `ci_sessions_timestamp` (`timestamp`);

--
-- Indeks untuk tabel `det_konfigurcetak`
--
ALTER TABLE `det_konfigurcetak`
  ADD PRIMARY KEY (`id_kadinas`,`nip`);

--
-- Indeks untuk tabel `det_menuuser`
--
ALTER TABLE `det_menuuser`
  ADD PRIMARY KEY (`id_user`,`id`,`menu_induk_id`);

--
-- Indeks untuk tabel `det_mintaobat`
--
ALTER TABLE `det_mintaobat`
  ADD PRIMARY KEY (`no_dok`,`tgl_dok`,`kd_obat`);

--
-- Indeks untuk tabel `det_obatkeluar`
--
ALTER TABLE `det_obatkeluar`
  ADD PRIMARY KEY (`id_terima`,`no_dok`,`kd_obat`,`tgl_dok`);

--
-- Indeks untuk tabel `det_pakaiobat`
--
ALTER TABLE `det_pakaiobat`
  ADD PRIMARY KEY (`no_dok`,`tgl_dok`,`kd_obat`);

--
-- Indeks untuk tabel `det_petugasgudang`
--
ALTER TABLE `det_petugasgudang`
  ADD PRIMARY KEY (`kd_sumberdana`,`bulan`,`tahun`,`nip`);

--
-- Indeks untuk tabel `det_stokopname`
--
ALTER TABLE `det_stokopname`
  ADD PRIMARY KEY (`kd_sumberdana`,`bulan`,`tahun`,`kd_obat`);

--
-- Indeks untuk tabel `det_terimaobat`
--
ALTER TABLE `det_terimaobat`
  ADD PRIMARY KEY (`no_dok`,`tgl_dok`,`kd_obat`),
  ADD UNIQUE KEY `id_dtl` (`id_terima`);

--
-- Indeks untuk tabel `menu_anak`
--
ALTER TABLE `menu_anak`
  ADD PRIMARY KEY (`id`,`menu_induk_id`);

--
-- Indeks untuk tabel `menu_induk`
--
ALTER TABLE `menu_induk`
  ADD PRIMARY KEY (`id`);

--
-- Indeks untuk tabel `mst_mintaobat`
--
ALTER TABLE `mst_mintaobat`
  ADD PRIMARY KEY (`no_dok`,`tgl_dok`);

--
-- Indeks untuk tabel `mst_obatkeluar`
--
ALTER TABLE `mst_obatkeluar`
  ADD PRIMARY KEY (`no_dok`,`tgl_dok`);

--
-- Indeks untuk tabel `mst_pakaiobat`
--
ALTER TABLE `mst_pakaiobat`
  ADD PRIMARY KEY (`no_dok`,`tgl_dok`);

--
-- Indeks untuk tabel `mst_terimaobat`
--
ALTER TABLE `mst_terimaobat`
  ADD PRIMARY KEY (`no_dok`,`tgl_dok`);

--
-- Indeks untuk tabel `m_menu`
--
ALTER TABLE `m_menu`
  ADD PRIMARY KEY (`idmenu`) USING BTREE;

--
-- Indeks untuk tabel `m_profil`
--
ALTER TABLE `m_profil`
  ADD PRIMARY KEY (`idprofil`);

--
-- Indeks untuk tabel `m_user_level`
--
ALTER TABLE `m_user_level`
  ADD PRIMARY KEY (`levelid`) USING BTREE;

--
-- Indeks untuk tabel `prm_kabupaten`
--
ALTER TABLE `prm_kabupaten`
  ADD PRIMARY KEY (`kd_kab`);

--
-- Indeks untuk tabel `prm_obat`
--
ALTER TABLE `prm_obat`
  ADD PRIMARY KEY (`kd_obat`);

--
-- Indeks untuk tabel `prm_obatexp`
--
ALTER TABLE `prm_obatexp`
  ADD PRIMARY KEY (`id`);

--
-- Indeks untuk tabel `prm_pabrikobat`
--
ALTER TABLE `prm_pabrikobat`
  ADD PRIMARY KEY (`kd_pabrik`);

--
-- Indeks untuk tabel `prm_pegawai`
--
ALTER TABLE `prm_pegawai`
  ADD PRIMARY KEY (`nip`);

--
-- Indeks untuk tabel `prm_pemasok`
--
ALTER TABLE `prm_pemasok`
  ADD PRIMARY KEY (`kd_pemasok`);

--
-- Indeks untuk tabel `prm_program`
--
ALTER TABLE `prm_program`
  ADD PRIMARY KEY (`kd_program`);

--
-- Indeks untuk tabel `prm_propinsi`
--
ALTER TABLE `prm_propinsi`
  ADD PRIMARY KEY (`kd_prop`);

--
-- Indeks untuk tabel `prm_puskesmas`
--
ALTER TABLE `prm_puskesmas`
  ADD PRIMARY KEY (`kd_puskesmas`);

--
-- Indeks untuk tabel `prm_satuan`
--
ALTER TABLE `prm_satuan`
  ADD PRIMARY KEY (`kd_satuan`);

--
-- Indeks untuk tabel `prm_sumberdana`
--
ALTER TABLE `prm_sumberdana`
  ADD PRIMARY KEY (`kd_sumberdana`);

--
-- Indeks untuk tabel `tb_storage_pengeluaran`
--
ALTER TABLE `tb_storage_pengeluaran`
  ADD PRIMARY KEY (`id_storage`);

--
-- Indeks untuk tabel `ttelog`
--
ALTER TABLE `ttelog`
  ADD PRIMARY KEY (`idlog`);

--
-- AUTO_INCREMENT untuk tabel yang dibuang
--

--
-- AUTO_INCREMENT untuk tabel `det_terimaobat`
--
ALTER TABLE `det_terimaobat`
  MODIFY `id_terima` int(11) NOT NULL AUTO_INCREMENT, AUTO_INCREMENT=5248;

--
-- AUTO_INCREMENT untuk tabel `m_menu`
--
ALTER TABLE `m_menu`
  MODIFY `idmenu` int(11) NOT NULL AUTO_INCREMENT, AUTO_INCREMENT=38;

--
-- AUTO_INCREMENT untuk tabel `prm_obatexp`
--
ALTER TABLE `prm_obatexp`
  MODIFY `id` int(11) NOT NULL AUTO_INCREMENT, AUTO_INCREMENT=2;

--
-- AUTO_INCREMENT untuk tabel `tb_storage_pengeluaran`
--
ALTER TABLE `tb_storage_pengeluaran`
  MODIFY `id_storage` int(11) NOT NULL AUTO_INCREMENT, AUTO_INCREMENT=2945;

--
-- AUTO_INCREMENT untuk tabel `ttelog`
--
ALTER TABLE `ttelog`
  MODIFY `idlog` int(11) NOT NULL AUTO_INCREMENT;
COMMIT;

