-- https://www.phpmyadmin.net/
--
-- Waktu pembuatan: 24 Jun 2024 pada 18.49
-- Versi server: 10.6.18-MariaDB-cll-lve
-- Versi PHP: 8.1.28

START TRANSACTION;



-- --------------------------------------------------------

--
-- Struktur dari tabel `ref_desa`
--

CREATE TABLE `ref_desa` (
  `Kd_Kec` varchar(30) NOT NULL,
  `Kd_Desa` varchar(30) NOT NULL,
  `Nama_Desa` varchar(50) NOT NULL
) ENGINE=InnoDB DEFAULT CHARSET=utf8mb4 COLLATE=utf8mb4_general_ci;

--
-- Dumping data untuk tabel `ref_desa`
--

INSERT INTO `ref_desa` (`Kd_Kec`, `Kd_Desa`, `Nama_Desa`) VALUES
('01', '01.2001', 'PEMERINTAH DESA BANGKLEYAN'),
('01', '01.2002', 'PEMERINTAH DESA GEMPOL'),
('01', '01.2003', 'PEMERINTAH DESA KEPOH'),
('01', '01.2004', 'PEMERINTAH DESA PELEM'),
('01', '01.2005', 'PEMERINTAH DESA JEGONG'),
('01', '01.2006', 'PEMERINTAH DESA JATI'),
('01', '01.2007', 'PEMERINTAH DESA SINGGET'),
('01', '01.2008', 'PEMERINTAH DESA GABUSAN'),
('01', '01.2009', 'PEMERINTAH DESA DOPLANG'),
('01', '01.2010', 'PEMERINTAH DESA RANDULAWANG'),
('01', '01.2011', 'PEMERINTAH DESA TOBO'),
('01', '01.2012', 'PEMERINTAH DESA PENGKOL JAGONG'),
('02', '02.2001', 'PEMERINTAH DESA TLOGOTUWUNG'),
('02', '02.2002', 'PEMERINTAH DESA BODEH'),
('02', '02.2003', 'PEMERINTAH DESA GEMBYUNGAN'),
('02', '02.2004', 'PEMERINTAH DESA SAMBONGWANGAN'),
('02', '02.2006', 'PEMERINTAH DESA PILANG'),
('02', '02.2007', 'PEMERINTAH DESA TEMULUS'),
('02', '02.2008', 'PEMERINTAH DESA SUMBEREJO'),
('02', '02.2009', 'PEMERINTAH DESA KUTUKAN'),
('02', '02.2010', 'PEMERINTAH DESA KEDIREN'),
('02', '02.2012', 'PEMERINTAH DESA KADENGAN'),
('02', '02.2013', 'PEMERINTAH DESA BEKUTUK'),
('02', '02.2014', 'PEMERINTAH DESA PLOSOREJO'),
('02', '02.2015', 'PEMERINTAH DESA JERUK'),
('02', '02.2016', 'PEMERINTAH DESA TANGGEL'),
('02', '02.2017', 'PEMERINTAH DESA KALISARI'),
('02', '02.2018', 'PEMERINTAH DESA NGLIRON'),
('03', '03.2001', 'PEMERINTAH DESA MEGERI'),
('03', '03.2002', 'PEMERINTAH DESA NGLEBAK'),
('03', '03.2003', 'PEMERINTAH DESA GETAS'),
('03', '03.2004', 'PEMERINTAH DESA NGINGGIL'),
('03', '03.2005', 'PEMERINTAH DESA NGRAWOH'),
('03', '03.2006', 'PEMERINTAH DESA MENDENREJO'),
('03', '03.2007', 'PEMERINTAH DESA SUMBER'),
('03', '03.2008', 'PEMERINTAH DESA MOJOREMBUN'),
('03', '03.2009', 'PEMERINTAH DESA NGLUNGGER'),
('03', '03.2010', 'PEMERINTAH DESA MEDALEM'),
('04', '04.2001', 'PEMERINTAH DESA GONDEL'),
('04', '04.2002', 'PEMERINTAH DESA KETUWAN'),
('04', '04.2003', 'PEMERINTAH DESA JIMBUNG'),
('04', '04.2004', 'PEMERINTAH DESA PANOLAN'),
('04', '04.2005', 'PEMERINTAH DESA KLAGEN'),
('04', '04.2006', 'PEMERINTAH DESA KEMANTREN'),
('04', '04.2007', 'PEMERINTAH DESA SIDOREJO'),
('04', '04.2008', 'PEMERINTAH DESA WADO'),
('04', '04.2009', 'PEMERINTAH DESA PULO'),
('04', '04.2010', 'PEMERINTAH DESA TANJUNG'),
('04', '04.2011', 'PEMERINTAH DESA SOGO'),
('04', '04.2012', 'PEMERINTAH DESA BAJO'),
('04', '04.2013', 'PEMERINTAH DESA NGLANDEYAN'),
('04', '04.2014', 'PEMERINTAH DESA KALEN'),
('04', '04.2015', 'PEMERINTAH DESA NGRAHO'),
('04', '04.2016', 'PEMERINTAH DESA KEDUNGTUBAN'),
('04', '04.2017', 'PEMERINTAH DESA GALUK'),
('05', '05.2001', 'PEMERINTAH DESA GADON'),
('05', '05.2002', 'PEMERINTAH DESA NGLORAM'),
('05', '05.2003', 'PEMERINTAH DESA CABEAN'),
('05', '05.2004', 'PEMERINTAH DESA KAPUAN'),
('05', '05.2005', 'PEMERINTAH DESA JIPANG'),
('05', '05.2006', 'PEMERINTAH DESA GETAS'),
('05', '05.2007', 'PEMERINTAH DESA SUMBERPITU'),
('05', '05.2008', 'PEMERINTAH DESA KENTONG'),
('05', '05.2009', 'PEMERINTAH DESA MERNUNG'),
('05', '05.2010', 'PEMERINTAH DESA MULYOREJO'),
('05', '05.2012', 'PEMERINTAH DESA NGLANJUK'),
('06', '06.2001', 'PEMERINTAH DESA TEMENGENG'),
('06', '06.2002', 'PEMERINTAH DESA SAMBONGREJO'),
('06', '06.2003', 'PEMERINTAH DESA GADU'),
('06', '06.2004', 'PEMERINTAH DESA SAMBONG'),
('06', '06.2005', 'PEMERINTAH DESA POJOKWATU'),
('06', '06.2006', 'PEMERINTAH DESA GAGAKAN'),
('06', '06.2007', 'PEMERINTAH DESA BITING'),
('06', '06.2008', 'PEMERINTAH DESA BRABOWAN'),
('06', '06.2009', 'PEMERINTAH DESA LEDOK'),
('06', '06.2010', 'PEMERINTAH DESA GIYANTI'),
('07', '07.2001', 'PEMERINTAH DESA NGLOBO'),
('07', '07.2002', 'PEMERINTAH DESA CABAK'),
('07', '07.2003', 'PEMERINTAH DESA NGLEBUR'),
('07', '07.2004', 'PEMERINTAH DESA JANJANG'),
('07', '07.2005', 'PEMERINTAH DESA BLEBOH'),
('07', '07.2006', 'PEMERINTAH DESA KETRINGAN'),
('07', '07.2007', 'PEMERINTAH DESA SINGONEGORO'),
('07', '07.2008', 'PEMERINTAH DESA JIKEN'),
('07', '07.2009', 'PEMERINTAH DESA GENJAHAN'),
('07', '07.2010', 'PEMERINTAH DESA JIWOREJO'),
('07', '07.2011', 'PEMERINTAH DESA BANGKLEYAN'),
('07', '07.2012', 'PEMERINTAH DESA  BANGOWAN'),
('08', '08.2001', 'PEMERINTAH DESA BLUNGUN'),
('08', '08.2002', 'PEMERINTAH DESA SEMANGGI'),
('08', '08.2003', 'PEMERINTAH DESA NGAMPON'),
('08', '08.2004', 'PEMERINTAH DESA JOMBLANG'),
('08', '08.2005', 'PEMERINTAH DESA PALON'),
('08', '08.2006', 'PEMERINTAH DESA BANGSRI'),
('08', '08.2007', 'PEMERINTAH DESA SUMURBOTO'),
('08', '08.2008', 'PEMERINTAH DESA BRUMBUNG'),
('08', '08.2009', 'PEMERINTAH DESA TURIREJO'),
('08', '08.2010', 'PEMERINTAH DESA SEMAMPIR'),
('08', '08.2011', 'PEMERINTAH DESA KEMIRI'),
('08', '08.2012', 'PEMERINTAH DESA TEMPELLEMAHBANG'),
('08', '08.2014', 'PEMERINTAH DESA SESO'),
('08', '08.2015', 'PEMERINTAH DESA BALONG'),
('08', '08.2016', 'PEMERINTAH DESA GENENG'),
('08', '08.2017', 'PEMERINTAH DESA NGLAROHGUNUNG'),
('08', '08.2018', 'PEMERINTAH DESA KAWENGA'),
('08', '08.2019', 'PEMERINTAH DESA GERSI'),
('08', '08.2020', 'PEMERINTAH DESA GEDANGDOWO'),
('08', '08.2021', 'PEMERINTAH DESA PULEDAGEL'),
('08', '08.2022', 'PEMERINTAH DESA BACEM'),
('08', '08.2023', 'PEMERINTAH DESA JATIREJO'),
('08', '08.2024', 'PEMERINTAH DESA SOKO'),
('08', '08.2025', 'PEMERINTAH DESA WARU'),
('09', '09.2001', 'PEMERINTAH DESA JEPANGREJO'),
('09', '09.2002', 'PEMERINTAH DESA KAMOLAN'),
('09', '09.2003', 'PEMERINTAH DESA PELEM'),
('09', '09.2004', 'PEMERINTAH DESA PURWOREJO'),
('09', '09.2005', 'PEMERINTAH DESA ANDONGREJO'),
('09', '09.2007', 'PEMERINTAH DESA JEJERUK'),
('09', '09.2019', 'PEMERINTAH DESA TEMUREJO'),
('09', '09.2020', 'PEMERINTAH DESA TEMPUREJO'),
('09', '09.2021', 'PEMERINTAH DESA PATALAN'),
('09', '09.2022', 'PEMERINTAH DESA TAMBAKSARI'),
('09', '09.2023', 'PEMERINTAH DESA PURWOSARI'),
('09', '09.2024', 'PEMERINTAH DESA NGADIPURWO'),
('09', '09.2025', 'PEMERINTAH DESA SENDANGHARJO'),
('09', '09.2026', 'PEMERINTAH DESA TEMPURAN'),
('09', '09.2027', 'PEMERINTAH DESA PLANTUNGAN'),
('09', '09.2028', 'PEMERINTAH DESA NGAMPEL'),
('10', '10.2001', 'PEMERINTAH DESA TAWANGREJO'),
('10', '10.2002', 'PEMERINTAH DESA KEDUNGRINGIN'),
('10', '10.2003', 'PEMERINTAH DESA ADIREJO'),
('10', '10.2004', 'PEMERINTAH DESA TAMANREJO'),
('10', '10.2005', 'PEMERINTAH DESA TUTUP'),
('10', '10.2006', 'PEMERINTAH DESA SUKOREJO'),
('10', '10.2007', 'PEMERINTAH DESA TAMBAHREJO'),
('10', '10.2008', 'PEMERINTAH DESA KALANGAN'),
('10', '10.2009', 'PEMERINTAH DESA SAMBONGREJO'),
('10', '10.2010', 'PEMERINTAH DESA TUNJUNGAN'),
('10', '10.2011', 'PEMERINTAH DESA KEDUNGREJO'),
('10', '10.2012', 'PEMERINTAH DESA GEMPOLREJO'),
('10', '10.2013', 'PEMERINTAH DESA NGLANGITAN'),
('10', '10.2014', 'PEMERINTAH DESA KESER'),
('10', '10.2015', 'PEMERINTAH DESA SITIREJO'),
('11', '11.2001', 'PEMERINTAH DESA JATISARI'),
('11', '11.2002', 'PEMERINTAH DESA JATIKLAMPOK'),
('11', '11.2003', 'PEMERINTAH DESA KLOPODUWUR'),
('11', '11.2004', 'PEMERINTAH DESA SIDOMULYO'),
('11', '11.2005', 'PEMERINTAH DESA BALONGSARI'),
('11', '11.2006', 'PEMERINTAH DESA BACEM'),
('11', '11.2007', 'PEMERINTAH DESA WONOSEMI'),
('11', '11.2008', 'PEMERINTAH DESA SENDANGGAYAM'),
('11', '11.2009', 'PEMERINTAH DESA BANJAREJO'),
('11', '11.2010', 'PEMERINTAH DESA MOJOWETAN'),
('11', '11.2011', 'PEMERINTAH DESA SUMBERAGUNG'),
('11', '11.2012', 'PEMERINTAH DESA GEDONGSARI'),
('11', '11.2013', 'PEMERINTAH DESA SENDANGWUNGU'),
('11', '11.2014', 'PEMERINTAH DESA BALONGREJO'),
('11', '11.2015', 'PEMERINTAH DESA KARANGTALUN'),
('11', '11.2016', 'PEMERINTAH DESA KEBONREJO'),
('11', '11.2017', 'PEMERINTAH DESA KEMBANG'),
('11', '11.2018', 'PEMERINTAH DESA SEMBONGIN'),
('11', '11.2019', 'PEMERINTAH DESA PLOSOREJO'),
('11', '11.2020', 'PEMERINTAH DESA BULUROTO'),
('12', '12.2001', 'PEMERINTAH DESA ROWOBUNGKUL'),
('12', '12.2002', 'PEMERINTAH DESA GEDEBEG'),
('12', '12.2003', 'PEMERINTAH DESA SAMBONGANYAR'),
('12', '12.2004', 'PEMERINTAH DESA KENDAYAAN'),
('12', '12.2005', 'PEMERINTAH DESA PLUMBON'),
('12', '12.2006', 'PEMERINTAH DESA BERGOLO'),
('12', '12.2007', 'PEMERINTAH DESA BANDUNGROJO'),
('12', '12.2008', 'PEMERINTAH DESA KEDUNGSATRIYAN'),
('12', '12.2009', 'PEMERINTAH DESA KARANGTENGAH'),
('12', '12.2010', 'PEMERINTAH DESA JETAKWANGER'),
('12', '12.2011', 'PEMERINTAH DESA SUMBEREJO'),
('12', '12.2012', 'PEMERINTAH DESA SENDANGAGUNG'),
('12', '12.2013', 'PEMERINTAH DESA TALOKWOHMOJO'),
('12', '12.2014', 'PEMERINTAH DESA TREMBULREJO'),
('12', '12.2016', 'PEMERINTAH DESA GONDANG'),
('12', '12.2017', 'PEMERINTAH DESA SENDANGREJO'),
('12', '12.2019', 'PEMERINTAH DESA SEMAWUR'),
('12', '12.2020', 'PEMERINTAH DESA BRADAG'),
('12', '12.2021', 'PEMERINTAH DESA GOTPUTUK'),
('12', '12.2022', 'PEMERINTAH DESA BERBAK'),
('12', '12.2023', 'PEMERINTAH DESA SARIMULYO'),
('12', '12.2024', 'PEMERINTAH DESA SENDANGMULYO'),
('12', '12.2025', 'PEMERINTAH DESA WANTILGUNG'),
('12', '12.2026', 'PEMERINTAH DESA BOGOWANTI'),
('12', '12.2027', 'PEMERINTAH DESA SAMBONGREJO'),
('12', '12.2028', 'PEMERINTAH DESA SRIGADING'),
('12', '12.2029', 'PEMERINTAH DESA KARANGJONG'),
('13', '13.2001', 'PEMERINTAH DESA BOTORECO'),
('13', '13.2002', 'PEMERINTAH DESA BULOH'),
('13', '13.2003', 'PEMERINTAH DESA KEMIRI'),
('13', '13.2004', 'PEMERINTAH DESA KODOKAN'),
('13', '13.2005', 'PEMERINTAH DESA SONOKIDUL'),
('13', '13.2006', 'PEMERINTAH DESA SEMPU'),
('13', '13.2007', 'PEMERINTAH DESA CUNGKUP'),
('13', '13.2008', 'PEMERINTAH DESA PLOSOREJO'),
('13', '13.2009', 'PEMERINTAH DESA NGILEN'),
('13', '13.2010', 'PEMERINTAH DESA BAKAH'),
('13', '13.2011', 'PEMERINTAH DESA KALANGREJO'),
('13', '13.2012', 'PEMERINTAH DESA BLUMBANGREJO'),
('13', '13.2013', 'PEMERINTAH DESA TAWANGREJO'),
('13', '13.2014', 'PEMERINTAH DESA KLOKAH'),
('13', '13.2015', 'PEMERINTAH DESA MURAHARJO'),
('13', '13.2016', 'PEMERINTAH DESA JAGONG'),
('13', '13.2018', 'PEMERINTAH DESA GAGAAN'),
('13', '13.2019', 'PEMERINTAH DESA SAMBIROTO'),
('13', '13.2020', 'PEMERINTAH DESA BEJIREJO'),
('13', '13.2021', 'PEMERINTAH DESA JETAK'),
('13', '13.2022', 'PEMERINTAH DESA KARANGGENENG'),
('13', '13.2023', 'PEMERINTAH DESA BALONG'),
('13', '13.2024', 'PEMERINTAH DESA NGAWENOMBO'),
('13', '13.2025', 'PEMERINTAH DESA SENDANGWATES'),
('13', '13.2026', 'PEMERINTAH DESA KEDUNGWARU'),
('14', '14.2001', 'PEMERINTAH DESA TINAPAN'),
('14', '14.2002', 'PEMERINTAH DESA SAMBENG'),
('14', '14.2003', 'PEMERINTAH DESA PRIGI'),
('14', '14.2004', 'PEMERINTAH DESA PELEMSENGIR'),
('14', '14.2005', 'PEMERINTAH DESA KACANGAN'),
('14', '14.2006', 'PEMERINTAH DESA SONOKULON'),
('14', '14.2007', 'PEMERINTAH DESA KEDUNGWUNGU'),
('14', '14.2008', 'PEMERINTAH DESA GUNUNGAN'),
('14', '14.2009', 'PEMERINTAH DESA KAJENGAN'),
('14', '14.2010', 'PEMERINTAH DESA DRINGO'),
('14', '14.2011', 'PEMERINTAH DESA COKROWATI'),
('14', '14.2012', 'PEMERINTAH DESA KETILENG'),
('14', '14.2013', 'PEMERINTAH DESA TODANAN'),
('14', '14.2014', 'PEMERINTAH DESA NGUMBUL'),
('14', '14.2015', 'PEMERINTAH DESA WUKIRSARI'),
('14', '14.2016', 'PEMERINTAH DESA BICAK'),
('14', '14.2017', 'PEMERINTAH DESA SENDANG'),
('14', '14.2018', 'PEMERINTAH DESA KARANGANYAR'),
('14', '14.2019', 'PEMERINTAH DESA DALANGAN'),
('14', '14.2020', 'PEMERINTAH DESA CANDI'),
('14', '14.2021', 'PEMERINTAH DESA NDORIYO'),
('14', '14.2022', 'PEMERINTAH DESA KEMBANG'),
('14', '14.2023', 'PEMERINTAH DESA BEDINGIN'),
('14', '14.2024', 'PEMERINTAH DESA LEDOK'),
('14', '14.2025', 'PEMERINTAH DESA KEDUNGBACI'),
('15', '15.2001', 'PEMERINTAH DESA BOGOREJO'),
('15', '15.2002', 'PEMERINTAH DESA SARIREJO'),
('15', '15.2003', 'PEMERINTAH DESA KARANGANYAR'),
('15', '15.2004', 'PEMERINTAH DESA KARANG'),
('15', '15.2005', 'PEMERINTAH DESA PRANTAAN'),
('15', '15.2006', 'PEMERINTAH DESA JERUK'),
('15', '15.2007', 'PEMERINTAH DESA GOMBANG'),
('15', '15.2008', 'PEMERINTAH DESA GEMBOL'),
('15', '15.2009', 'PEMERINTAH DESA TEMPUREJO'),
('15', '15.2010', 'PEMERINTAH DESA GAYAM'),
('15', '15.2011', 'PEMERINTAH DESA SENDANGREJO'),
('15', '15.2012', 'PEMERINTAH DESA GANDU'),
('15', '15.2013', 'PEMERINTAH DESA NGLENGKIR'),
('15', '15.2014', 'PEMERINTAH DESA JURANGJERO'),
('16', '16.2001', 'PEMERINTAH DESA HARJOWINANGUN'),
('16', '16.2002', 'PEMERINTAH DESA TENGGER'),
('16', '16.2003', 'PEMERINTAH DESA KROCOK'),
('16', '16.2004', 'PEMERINTAH DESA NGAPUS'),
('16', '16.2005', 'PEMERINTAH DESA DOLOGAN'),
('16', '16.2006', 'PEMERINTAH DESA TLOGOWUNGU'),
('16', '16.2007', 'PEMERINTAH DESA JAPAH'),
('16', '16.2008', 'PEMERINTAH DESA BEGANJING'),
('16', '16.2009', 'PEMERINTAH DESA NGRAMBITAN'),
('16', '16.2010', 'PEMERINTAH DESA PENGKOLREJO'),
('16', '16.2011', 'PEMERINTAH DESA BOGOREJO'),
('16', '16.2012', 'PEMERINTAH DESA WOTBAKAH'),
('16', '16.2013', 'PEMERINTAH DESA PADAAN'),
('16', '16.2014', 'PEMERINTAH DESA BOGEM'),
('16', '16.2015', 'PEMERINTAH DESA SUMBEREJO'),
('16', '16.2016', 'PEMERINTAH DESA NGIYONO'),
('16', '16.2017', 'PEMERINTAH DESA GAPLOKAN'),
('16', '16.2018', 'PEMERINTAH DESA KALINANAS');

-- --------------------------------------------------------

--
-- Struktur dari tabel `ref_kecamatan`
--

CREATE TABLE `ref_kecamatan` (
  `Kd_Kec` varchar(20) NOT NULL,
  `Nama_Kecamatan` varchar(25) NOT NULL
) ENGINE=InnoDB DEFAULT CHARSET=utf8mb4 COLLATE=utf8mb4_general_ci;

--
-- Dumping data untuk tabel `ref_kecamatan`
--

INSERT INTO `ref_kecamatan` (`Kd_Kec`, `Nama_Kecamatan`) VALUES
('01', 'KECAMATAN JATI'),
('02', 'KECAMATAN RANDUBLATUNG'),
('03', 'KECAMATAN KRADENAN'),
('04', 'KECAMATAN KEDUNGTUBAN'),
('05', 'KECAMATAN CEPU'),
('06', 'KECAMATAN SAMBONG'),
('07', 'KECAMATAN JIKEN'),
('08', 'KECAMATAN JEPON'),
('09', 'KECAMATAN BLORA'),
('10', 'KECAMATAN TUNJUNGAN'),
('11', 'KECAMATAN BANJAREJO'),
('12', 'KECAMATAN NGAWEN'),
('13', 'KECAMATAN KUNDURAN'),
('14', 'KECAMATAN TODANAN'),
('15', 'KECAMATAN BOGOREJO'),
('16', 'KECAMATAN JAPAH');

-- --------------------------------------------------------

--
-- Struktur dari tabel `tb_alasan_penolakan`
--

CREATE TABLE `tb_alasan_penolakan` (
  `id_alasan` int(11) NOT NULL,
  `id_ormas` int(11) NOT NULL,
  `alasan` text NOT NULL,
  `is_validasi` int(11) NOT NULL DEFAULT 0
) ENGINE=InnoDB DEFAULT CHARSET=latin1 COLLATE=latin1_swedish_ci;

--
-- Dumping data untuk tabel `tb_alasan_penolakan`
--

INSERT INTO `tb_alasan_penolakan` (`id_alasan`, `id_ormas`, `alasan`, `is_validasi`) VALUES
(1, 11, '12', 0);

-- --------------------------------------------------------

--
-- Struktur dari tabel `tb_bidang_ormas`
--

CREATE TABLE `tb_bidang_ormas` (
  `id_bidang` int(12) NOT NULL,
  `nama_bidang` text NOT NULL,
  `id_user` int(11) NOT NULL,
  `inserted` timestamp NOT NULL DEFAULT current_timestamp() ON UPDATE current_timestamp(),
  `deleted` int(11) NOT NULL DEFAULT 0
) ENGINE=InnoDB DEFAULT CHARSET=latin1 COLLATE=latin1_swedish_ci;

--
-- Dumping data untuk tabel `tb_bidang_ormas`
--

INSERT INTO `tb_bidang_ormas` (`id_bidang`, `nama_bidang`, `id_user`, `inserted`, `deleted`) VALUES
(1, 'Sosial Kemasyarakatan', 3, '2024-04-23 03:05:54', 0),
(2, 'Pekumpulan', 3, '2024-04-24 06:16:59', 0);

-- --------------------------------------------------------

--
-- Struktur dari tabel `tb_jabatan_kepengurusan`
--

CREATE TABLE `tb_jabatan_kepengurusan` (
  `id_jabatan` int(11) NOT NULL,
  `nama_jabatan` varchar(100) NOT NULL,
  `id_user` int(11) NOT NULL,
  `inserted` timestamp NOT NULL DEFAULT current_timestamp() ON UPDATE current_timestamp(),
  `deleted` int(11) NOT NULL DEFAULT 0
) ENGINE=InnoDB DEFAULT CHARSET=latin1 COLLATE=latin1_swedish_ci;

--
-- Dumping data untuk tabel `tb_jabatan_kepengurusan`
--

INSERT INTO `tb_jabatan_kepengurusan` (`id_jabatan`, `nama_jabatan`, `id_user`, `inserted`, `deleted`) VALUES
(1, 'Bendahara', 3, '2024-04-23 03:23:29', 1),
(2, 'Bendahara', 3, '2024-04-23 03:23:42', 0),
(3, 'Sekretaris', 3, '2024-04-24 00:37:18', 0),
(4, 'Ketua', 3, '2024-04-24 00:37:28', 0);

-- --------------------------------------------------------

--
-- Struktur dari tabel `tb_kategori_bantuan`
--

CREATE TABLE `tb_kategori_bantuan` (
  `id_kategori_bantuan` int(11) NOT NULL,
  `nama_kategori` varchar(100) NOT NULL,
  `inserted` timestamp NOT NULL DEFAULT current_timestamp() ON UPDATE current_timestamp(),
  `deleted` int(11) NOT NULL DEFAULT 0
) ENGINE=InnoDB DEFAULT CHARSET=latin1 COLLATE=latin1_swedish_ci;

--
-- Dumping data untuk tabel `tb_kategori_bantuan`
--

INSERT INTO `tb_kategori_bantuan` (`id_kategori_bantuan`, `nama_kategori`, `inserted`, `deleted`) VALUES
(1, 'Hibah', '2024-05-10 07:53:13', 0),
(2, 'Fasilitas Kegiatan', '2024-05-10 07:53:40', 0);

-- --------------------------------------------------------

--
-- Struktur dari tabel `tb_kategori_ormas`
--

CREATE TABLE `tb_kategori_ormas` (
  `id_kategori` int(12) NOT NULL,
  `nama_kategori` varchar(100) NOT NULL,
  `id_user` int(11) NOT NULL,
  `inserted` timestamp NOT NULL DEFAULT current_timestamp() ON UPDATE current_timestamp(),
  `deleted` int(11) NOT NULL DEFAULT 0
) ENGINE=InnoDB DEFAULT CHARSET=latin1 COLLATE=latin1_swedish_ci;

--
-- Dumping data untuk tabel `tb_kategori_ormas`
--

INSERT INTO `tb_kategori_ormas` (`id_kategori`, `nama_kategori`, `id_user`, `inserted`, `deleted`) VALUES
(1, 'ORMAS', 3, '2024-04-23 01:28:50', 0),
(2, 'YAYASAN', 3, '2024-04-23 01:29:08', 0),
(3, 'LSM', 3, '2024-04-23 01:40:08', 0);

-- --------------------------------------------------------

--
-- Struktur dari tabel `tb_master_agama`
--

CREATE TABLE `tb_master_agama` (
  `id_agama` int(12) NOT NULL,
  `agama` varchar(50) NOT NULL
) ENGINE=InnoDB DEFAULT CHARSET=utf8mb4 COLLATE=utf8mb4_general_ci;

--
-- Dumping data untuk tabel `tb_master_agama`
--

INSERT INTO `tb_master_agama` (`id_agama`, `agama`) VALUES
(1, 'Islam'),
(2, 'Kristen'),
(3, 'Katholik'),
(4, 'Hindu'),
(5, 'Buddha'),
(6, 'Konghucu');

-- --------------------------------------------------------

--
-- Struktur dari tabel `tb_master_dukuh`
--

CREATE TABLE `tb_master_dukuh` (
  `id_dukuh` int(12) NOT NULL,
  `nama_dukuh` varchar(50) NOT NULL,
  `id_desa` varchar(20) NOT NULL,
  `id_user` int(11) NOT NULL,
  `deleted` int(11) NOT NULL DEFAULT 0
) ENGINE=InnoDB DEFAULT CHARSET=utf8mb4 COLLATE=utf8mb4_general_ci;

--
-- Dumping data untuk tabel `tb_master_dukuh`
--

INSERT INTO `tb_master_dukuh` (`id_dukuh`, `nama_dukuh`, `id_desa`, `id_user`, `deleted`) VALUES
(1, 'Dukuh Sampel 2', '01.2002', 3, 0),
(2, 'DUKUH CANDI', '14.2020', 153, 0),
(3, 'DUKUH NGAMPEL', '14.2020', 153, 0),
(4, 'PECAREN', '12.2019', 310, 0),
(5, 'BORAK', '12.2019', 310, 0),
(6, 'KEDAWUNG', '12.2019', 310, 0),
(7, 'SEMAWUR', '12.2019', 310, 0),
(8, 'Sonokidul', '13.2005', 113, 1),
(9, 'Gadon', '05.2001', 262, 1),
(10, 'Gadon', '05.2001', 262, 0),
(11, 'Dukuh xyyy', '01.2002', 63, 1),
(12, 'DUKUH COKROWATI', '14.2011', 144, 0),
(13, 'DUKUH SURUHAN', '14.2011', 144, 0),
(14, 'DUKUH DOGLIG', '14.2011', 144, 0),
(15, 'BOGOWANTI', '12.2026', 317, 0),
(16, 'NGLEBUR', '07.2003', 172, 0),
(17, 'PENGKOK', '07.2003', 172, 0),
(18, 'GUWO', '07.2003', 172, 0),
(19, 'TAMBI', '07.2003', 172, 0),
(20, 'KETILENG', '14.2012', 145, 0),
(21, 'PATIHAN', '14.2012', 145, 0),
(22, 'GENDANG', '14.2012', 145, 0),
(23, 'JAMBANGAN', '14.2012', 145, 0),
(24, 'KUTUKAN', '14.2012', 145, 0),
(25, 'GONDORIYO', '14.2021', 154, 0),
(26, 'JATISEMI', '14.2021', 154, 0),
(27, 'JAMBE', '14.2021', 154, 0),
(28, 'Dusun Brumbung', '08.2008', 188, 0),
(29, 'Dusun Cangkringan', '08.2008', 188, 0),
(30, 'Dusun Ngrayung', '08.2008', 188, 0),
(31, 'Dukuh Nglego', '09.2004', 210, 0),
(32, 'Dukuh Betet', '09.2004', 210, 0),
(33, 'Dukuh Korowulung', '09.2004', 210, 0),
(34, 'Dukuh Ngampel', '09.2028', 222, 0),
(35, 'Dukuh Tambakselo', '09.2028', 222, 0),
(36, 'Dukuh Plosorjo', '09.2028', 222, 0),
(37, 'DUKUH GENDO', '08.2005', 185, 0),
(38, 'Dukuh Tempel', '08.2012', 192, 0),
(39, 'TURIREJO', '08.2009', 189, 0),
(40, 'JATIREJO', '08.2023', 204, 0),
(41, 'DUKUH NGAMPON', '08.2003', 183, 0),
(42, 'MLAHAR', '08.2009', 189, 0),
(43, 'KEDALON', '08.2023', 204, 0),
(44, 'Dukuh Tengger', '08.2012', 192, 0),
(45, 'DUKUH JLUBANG', '08.2003', 183, 0),
(46, 'KALIREJO', '08.2009', 189, 0),
(47, 'Dukuh Lemahbang', '08.2012', 192, 0),
(48, 'SAMBONGANYAR', '08.2009', 189, 0),
(49, 'Dukuh Jegong', '08.2012', 192, 0),
(50, 'Lemahbang', '11.2018', 290, 0),
(51, 'Pesantren', '11.2018', 290, 0),
(52, 'Sembongin', '11.2018', 290, 0),
(53, 'GENJAHAN', '07.2009', 178, 0),
(54, 'KLAMPOK', '07.2009', 178, 0),
(55, 'DUKUH BADONG', '11.2012', 284, 0),
(56, 'DUKUH KENDURUHAN', '11.2012', 284, 0),
(57, 'Pruntusan', '11.2016', 288, 0),
(58, 'Kebonrejo', '11.2016', 288, 0),
(59, 'Nglempung', '11.2016', 288, 0),
(60, 'Blungun', '08.2001', 181, 0),
(61, 'Botoh', '08.2001', 181, 0),
(62, 'Kalimiri', '08.2001', 181, 0),
(63, 'Sampung', '08.2001', 181, 0),
(64, 'Dukuh Kembang', '11.2017', 289, 0),
(65, 'Dukuh Boto', '11.2013', 285, 0),
(66, 'Dukuh Cerebek', '11.2017', 289, 0),
(67, 'Dukuh Genen', '11.2013', 285, 0),
(68, 'Dukuh Seren', '11.2013', 285, 0),
(69, 'KARANGTALUN', '11.2015', 287, 1),
(70, 'WIJANG', '11.2015', 287, 0),
(71, 'BANJARASEM', '11.2015', 287, 0),
(72, 'KEPOH', '09.2026', 220, 0),
(73, 'JUWET', '09.2026', 220, 0),
(74, 'KRAJAN', '09.2026', 220, 0),
(75, 'JIKEN', '07.2008', 177, 0),
(76, 'SURUHAN', '07.2008', 177, 0),
(77, 'WATULUMBUNG', '07.2008', 177, 0),
(78, 'BOLERAN', '07.2008', 177, 0),
(79, 'SEMANGGI', '08.2002', 182, 0),
(80, 'NGODO', '08.2002', 182, 0),
(81, 'BANYUASIN', '08.2002', 182, 0),
(82, 'BALONGAN', '07.2008', 177, 0),
(83, 'KALITENGAH', '07.2008', 177, 0),
(84, 'SINGONEGORO', '07.2007', 176, 0),
(85, 'KIDANG ULET', '07.2007', 176, 0),
(86, 'KEDUNGPRAHU', '07.2007', 176, 0),
(87, 'DUKUH MEDANG', '09.2025', 219, 0),
(88, 'DUKUH SENDANG', '09.2025', 219, 0),
(89, 'DUKUH POLAMAN', '09.2025', 219, 0),
(90, 'DUKUH KEDAWUNG', '09.2025', 219, 0),
(91, 'DUKUH PILANGREJO', '09.2025', 219, 0),
(92, 'NGAPUS', '07.2006', 175, 0),
(93, 'NGAGLIK', '07.2006', 175, 0),
(94, 'KETRINGAN', '07.2006', 175, 0),
(95, 'GEMPOL', '07.2006', 175, 0),
(96, 'TALUN', '07.2006', 175, 0),
(97, 'Dukuh Denguk', '09.2005', 211, 0),
(98, 'Dukuh Bakal', '09.2005', 211, 0),
(99, 'Dukuh Pakis', '09.2005', 211, 0),
(100, 'DUKUH BULAK RT 01,02,03 RW 02 KEC JIKEN KAB BLORA', '07.2004', 173, 1),
(101, 'KADENGAN', '02.2012', 83, 0),
(102, 'KEDUNGBANTENG', '02.2012', 83, 0),
(103, 'BACEK', '02.2012', 83, 0),
(104, 'NGUMBLUK', '02.2012', 83, 0),
(105, 'KEDUNGTALANG', '02.2012', 83, 0),
(106, 'TINDIK', '02.2012', 83, 0),
(107, 'TIMBUN', '02.2012', 83, 0),
(108, 'TAMAN', '02.2012', 83, 0),
(109, 'KALISARI', '02.2017', 88, 0),
(110, 'SOKO', '02.2017', 88, 0),
(111, 'MAPRING', '02.2017', 88, 0),
(112, 'KEDUNGMALING', '02.2017', 88, 0),
(113, 'DUKUH TLOGO', '02.2014', 85, 0),
(114, 'DUKUH WANGON', '02.2014', 85, 0),
(115, 'DUKUH NGRAWUT', '02.2014', 85, 0),
(116, 'DUKUH NGRAPAH', '02.2014', 85, 0),
(117, 'DUKUH BARU', '02.2014', 85, 0),
(118, 'DUKUH NGAMPEL', '02.2014', 85, 0),
(119, 'DUKUH GEDONG', '02.2014', 85, 0),
(120, 'Kajengan', '14.2009', 142, 0),
(121, 'Margolelo', '14.2009', 142, 0),
(122, 'PELEM', '01.2004', 65, 0),
(123, 'Doplang', '01.2009', 70, 0),
(124, 'BANTENGAN', '01.2006', 67, 0),
(125, 'DUKUH DRINGO', '14.2010', 143, 0),
(126, 'SERUT', '01.2004', 65, 0),
(127, 'BEBEGAN', '01.2006', 67, 0),
(128, 'Dukuhan', '01.2009', 70, 0),
(129, 'Temuireng', '01.2012', 73, 0),
(130, 'DUKUH SERUT', '14.2010', 143, 0),
(131, 'Klatak', '01.2009', 70, 0),
(132, 'KLANDING', '01.2006', 67, 0),
(133, 'Pengkol ', '01.2012', 73, 0),
(134, 'Ngasem', '01.2009', 70, 0),
(135, 'TlogoTuwung', '02.2001', 74, 0),
(136, 'Banaran', '01.2012', 73, 0),
(137, 'Glonggong', '01.2009', 70, 0),
(138, 'KARANG', '01.2006', 67, 0),
(139, 'Belikan', '01.2012', 73, 0),
(140, 'Jagong', '01.2012', 73, 0),
(141, 'Bulakgading', '01.2009', 70, 0),
(142, 'KARANG REJO', '01.2006', 67, 0),
(143, 'Bulurejo', '01.2012', 73, 0),
(144, 'Rejosari', '01.2012', 73, 0),
(145, 'Grogol', '01.2009', 70, 0),
(146, 'KAYEN', '01.2006', 67, 0),
(147, 'Trembes', '01.2009', 70, 0),
(148, 'JATI', '01.2006', 67, 0),
(149, 'Kluweh', '01.2012', 73, 0),
(150, 'Alasmalang', '01.2012', 73, 0),
(151, 'BANYU URIP', '01.2006', 67, 0),
(152, 'NGLUNGGER', '03.2009', 99, 0),
(153, 'PATALAN', '03.2009', 99, 0),
(154, 'WENI', '03.2009', 99, 0),
(155, 'BANGKLEYAN', '01.2001', 62, 0),
(156, 'PLOSOREJO', '01.2001', 62, 0),
(157, 'MUNDU', '01.2001', 62, 0),
(158, 'KEDUNGRINGIN', '01.2001', 62, 0),
(159, 'BEDEGAN', '01.2001', 62, 0),
(160, 'JERUK', '02.2015', 86, 0),
(161, 'NGROMBO', '01.2010', 71, 0),
(162, 'KALIGAWAN', '02.2015', 86, 0),
(163, 'PENTUK', '01.2001', 62, 0),
(164, 'SEMPU', '01.2010', 71, 0),
(165, 'KARANG GENENG', '01.2010', 71, 0),
(166, 'SAMBIREJO', '01.2001', 62, 0),
(167, 'GROWONG', '01.2001', 62, 0),
(168, 'KARANG MOJO', '01.2010', 71, 0),
(169, 'LEDOK', '01.2001', 62, 0),
(170, 'SENGON', '01.2001', 62, 0),
(171, 'GRASAK', '01.2010', 71, 0),
(172, 'BENDO', '01.2001', 62, 0),
(173, 'KRANGKONG', '02.2015', 86, 0),
(174, 'NGASEM TANGGUNG', '01.2010', 71, 0),
(175, 'PUCUNG', '01.2001', 62, 0),
(176, 'NGROWO', '01.2010', 71, 0),
(177, 'GETAS', '03.2003', 92, 0),
(178, 'weru', '09.2019', 213, 0),
(179, 'tegal giling', '09.2019', 213, 0),
(180, 'Punggur', '09.2019', 213, 0),
(181, 'Temon', '09.2019', 213, 0),
(182, 'Krabyakan', '09.2019', 213, 0),
(183, 'Belik', '09.2019', 213, 0),
(184, 'Kaliweden', '09.2019', 213, 0),
(185, 'MOjosari', '09.2019', 213, 0),
(186, 'Dukuh Klompok Tanjung', '04.2010', 254, 0),
(187, 'BANJAREJO', '03.2008', 98, 0),
(188, 'MOJOREMBUN', '03.2008', 98, 0),
(189, 'SONOREJO', '03.2008', 98, 0),
(190, 'SENDANGTLIKO', '03.2008', 98, 0),
(191, 'Bangeran', '08.2019', 200, 1),
(192, 'KALIKANGKUNG', '03.2002', 91, 0),
(193, 'PLUMBON', '03.2002', 91, 0),
(194, 'NGLEBAK', '03.2002', 91, 0),
(195, 'NGANDONG', '03.2002', 91, 0),
(196, 'KALIKLAMPOK', '08.2004', 184, 0),
(197, 'Dukuh Pandan', '12.2010', 302, 0),
(198, 'Dukuh Pojok', '12.2010', 302, 0),
(199, 'Dukuh Talok', '12.2013', 305, 0),
(200, 'DK. GENENG', '12.2010', 302, 0),
(201, 'Dukuh Temuwoh', '12.2013', 305, 0),
(202, 'Dukuh Canggah ', '12.2013', 305, 0),
(203, 'Dukuh Karangmojo ', '12.2013', 305, 0),
(204, 'Ds. Jetakwanger', '12.2010', 302, 0),
(205, 'PUDAK', '12.2023', 314, 0),
(206, 'PUDAK', '12.2023', 314, 1),
(207, 'BANJARWARU', '12.2023', 314, 0),
(208, 'PLOSO', '12.2023', 314, 0),
(209, '9 dukuh', '10.2012', 234, 0),
(210, 'DUKUH SAMBONG', '06.2004', 163, 0),
(211, 'DUKUH KEJALEN', '06.2004', 163, 0),
(212, 'DUKUH KALIREJO', '06.2004', 163, 0),
(213, 'jenu', '06.2003', 162, 0),
(214, 'gadu', '06.2003', 162, 0),
(215, 'Kendilan', '06.2003', 162, 0),
(216, 'Dukuh Gombang', '15.2007', 238, 0),
(217, 'Dukuh Blimbing', '15.2007', 238, 0),
(218, 'BERU', '12.2009', 301, 0),
(219, 'Maguan', '10.2004', 226, 0),
(220, 'Dk. Karangtawang', '13.2013', 121, 0),
(221, 'BANYUURIP', '12.2009', 301, 0),
(222, 'dukuh Gapuk', '12.2012', 304, 0),
(223, 'Pohrendeng', '10.2004', 226, 0),
(224, 'Berbak', '12.2022', 313, 0),
(225, 'Gagakan', '06.2006', 165, 0),
(226, 'tritek', '10.2007', 229, 0),
(227, 'sembungsss', '10.2003', 225, 1),
(228, 'PIDODO', '12.2009', 301, 0),
(229, 'Dk. Ngledok', '13.2013', 121, 0),
(230, 'Sambiroto', '12.2022', 313, 0),
(231, 'pendem', '10.2007', 229, 0),
(232, 'dukuh sendangagung', '12.2012', 304, 0),
(233, 'KARANGANYAR', '10.2013', 235, 0),
(234, 'Tunjungan', '10.2010', 232, 0),
(235, 'Secang', '06.2006', 165, 0),
(236, 'Kayen', '10.2009', 231, 0),
(237, 'Setro Taman', '10.2004', 226, 0),
(238, 'DUKUH GADE', '12.2017', 309, 0),
(239, 'seren', '12.2024', 315, 1),
(240, 'Karangrejo', '10.2006', 228, 0),
(241, 'busalah', '10.2003', 225, 0),
(242, 'KESER', '10.2014', 236, 0),
(243, 'Dk. Gagakan', '13.2013', 121, 0),
(244, 'Gunungrowo', '10.2009', 231, 0),
(245, 'tambak amper', '10.2007', 229, 0),
(246, 'GENENG', '10.2013', 235, 0),
(247, 'Karang Kembang', '10.2010', 232, 0),
(248, 'dangsari', '12.2024', 315, 1),
(249, 'Plumbon', '12.2005', 297, 0),
(250, 'Sukorejo', '10.2006', 228, 0),
(251, 'Putat', '10.2009', 231, 0),
(252, 'Dk. Brumbung', '13.2013', 121, 0),
(253, 'KALIREJO', '10.2014', 236, 0),
(254, 'nglencong', '10.2003', 225, 0),
(255, 'DUKUH KETANGGI', '12.2017', 309, 0),
(256, 'Greneng', '10.2010', 232, 0),
(257, 'DUKOH', '10.2014', 236, 0),
(258, 'Nglojok', '10.2009', 231, 0),
(259, 'catak', '10.2003', 225, 0),
(260, 'Gersapi', '10.2006', 228, 0),
(261, 'Baengan', '12.2005', 297, 0),
(262, 'Dk. Pohgesik', '13.2013', 121, 0),
(263, 'NGLANGITAN', '10.2013', 235, 0),
(264, 'Kawengan', '08.2018', 199, 0),
(265, 'Nglawungan', '10.2010', 232, 0),
(266, 'Blingi', '10.2006', 228, 0),
(267, 'Ngasinan', '12.2005', 297, 0),
(268, 'GENENG', '10.2014', 236, 0),
(269, 'Sambong', '08.2018', 199, 0),
(270, 'BENGIR', '10.2014', 236, 0),
(271, 'Banjar', '12.2005', 297, 0),
(272, 'Kolutan', '08.2018', 199, 0),
(273, 'NGANTULAN', '10.2013', 235, 0),
(274, 'beran', '12.2016', 307, 0),
(275, 'Dukuh Mawu', '06.2007', 166, 0),
(276, 'Sumurwatu', '08.2018', 199, 0),
(277, 'PLOSOREJO', '10.2013', 235, 0),
(278, 'Dk. Karangjong', '12.2029', 320, 0),
(279, 'Gondang', '12.2016', 307, 0),
(280, 'DK. Pelem', '12.2029', 320, 0),
(281, 'Dk. Pule', '12.2029', 320, 0),
(282, 'Dukuh Kalangan', '10.2008', 230, 0),
(283, 'Dukuh Ngudi', '10.2008', 230, 0),
(284, 'Dukuh Jamur', '10.2008', 230, 0),
(285, 'SITIREJO', '10.2015', 237, 0),
(286, 'Dukuh Bogorejo', '15.2001', 244, 0),
(287, 'KULUR', '10.2015', 237, 0),
(288, 'Dukuh Nglamping', '15.2001', 244, 0),
(289, 'Dukuh Tegalombo', '15.2001', 244, 0),
(290, 'Suwareh', '06.2008', 167, 1),
(291, 'Brabowan', '06.2008', 167, 0),
(292, 'Suwareh', '06.2008', 167, 0),
(293, 'Kaliareng', '06.2008', 167, 0),
(294, 'POJOK', '06.2005', 164, 0),
(295, 'WATUBREM', '06.2005', 164, 0),
(296, 'DELOK', '06.2005', 164, 0),
(297, 'BLIMBING', '06.2002', 161, 0),
(298, 'MEJURANG', '06.2002', 161, 0),
(299, 'KALIMIRI', '06.2002', 161, 0),
(300, 'SAWUR', '06.2002', 161, 0),
(301, 'NGAWENAN', '06.2002', 161, 0),
(302, 'KENDAYAAN', '12.2004', 296, 0),
(303, 'DK. KEDUNGSATRIYAN', '12.2008', 300, 0),
(304, 'DK. WATUR-KEDUNGPOH', '12.2008', 300, 0),
(305, 'CANCANGAN', '06.2010', 169, 0),
(306, 'TRISINAN', '06.2010', 169, 0),
(307, 'Gayam', '15.2010', 247, 0),
(308, 'DUKUH GENENG', '08.2016', 197, 0),
(309, 'DUKUH TANJUNG', '08.2016', 197, 0),
(310, 'DUKUH KEMLOKO', '08.2016', 197, 0),
(311, 'DUKUH KAMPUNG BARU', '08.2016', 197, 0),
(312, 'BRANGKAL', '13.2025', 132, 0),
(313, 'BRANGKAL', '13.2025', 132, 1),
(314, 'Dukuh Banyurip', '16.2007', 327, 0),
(315, 'Dukuh Ngrowo', '16.2007', 327, 0),
(316, 'BRANGKAL', '13.2025', 132, 1),
(317, 'Dukuh Japah', '16.2007', 327, 0),
(318, 'MUNGGUR', '13.2025', 132, 0),
(319, 'POHAWE', '13.2025', 132, 0),
(320, 'pentil', '13.2022', 129, 0),
(321, 'Guyung', '04.2005', 105, 0),
(322, 'BLAO', '16.2005', 325, 0),
(323, 'Klangkrang', '04.2017', 261, 0),
(324, 'Kejiwan', '04.2005', 105, 0),
(325, 'KENONGOGONG', '04.2004', 104, 0),
(326, 'NGASAHAN', '04.2015', 259, 0),
(327, 'Bungur', '05.2001', 262, 0),
(328, 'karanggeneng', '13.2022', 129, 0),
(329, 'Balong', '13.2023', 130, 0),
(330, 'GENENG', '16.2004', 324, 0),
(331, 'klompok', '04.2011', 255, 0),
(332, 'DUKUH NGEPUNG', '05.2008', 269, 0),
(333, 'NGAGLIK', '16.2005', 325, 0),
(334, 'KRAJAN', '16.2008', 328, 0),
(335, 'BETEKAN', '04.2015', 259, 0),
(336, 'Ngablak', '16.2013', 333, 1),
(337, 'Ngablak', '16.2013', 333, 0),
(338, 'Kemantren', '04.2006', 106, 0),
(339, 'wantah', '04.2003', 103, 0),
(340, 'COWEKAN', '13.2002', 110, 0),
(341, 'Bangkerep', '13.2023', 130, 0),
(342, 'JUDAN', '05.2005', 266, 0),
(343, 'CALANGAN', '16.2004', 324, 0),
(344, 'BERAN', '16.2008', 328, 0),
(345, 'KEDINDINDING', '04.2015', 259, 0),
(346, 'Ngampel', '13.2019', 126, 0),
(347, 'DUKUH KENTONG', '05.2008', 269, 0),
(348, 'Tanduran', '04.2006', 106, 0),
(349, 'Kalirejo', '04.2014', 258, 0),
(350, 'Karangori', '16.2014', 334, 0),
(351, 'Dukuh Ketukan', '05.2006', 267, 0),
(352, 'NGRAHO', '04.2015', 259, 0),
(353, 'JIPANG', '05.2005', 266, 0),
(354, 'TEMBELANGAN', '16.2004', 324, 0),
(355, 'Dukuh Balong', '13.2001', 109, 0),
(356, 'GROGOLAN', '13.2002', 110, 0),
(357, 'Mbaran', '13.2019', 126, 0),
(358, 'ngiyono', '16.2016', 336, 1),
(359, 'WADUNG', '04.2015', 259, 0),
(360, 'BAKAH', '13.2010', 118, 0),
(361, 'Dukuh Mulyorejo', '05.2010', 271, 0),
(362, 'DAWUNG', '13.2002', 110, 0),
(363, 'suren', '16.2001', 321, 0),
(364, 'Dukuh Getas', '05.2006', 267, 0),
(365, 'Dukuh Kawisan', '13.2001', 109, 0),
(366, 'Dukuh Sonokidul', '13.2005', 113, 0),
(367, 'NINGALAN', '04.2015', 259, 0),
(368, 'BULOH', '13.2002', 110, 0),
(369, 'banyu urip', '16.2001', 321, 0),
(370, 'Dukuh Ngegot', '05.2006', 267, 0),
(371, 'Dukuh Joho Sawahan', '05.2010', 271, 0),
(372, 'BRENGUS', '13.2015', 123, 0),
(373, 'KALIMONGO', '13.2002', 110, 0),
(374, 'Dukuh Joho', '05.2010', 271, 0),
(375, 'GAPUK', '13.2015', 123, 0),
(376, 'Kodokan', '13.2004', 112, 0),
(377, 'Bojeng', '13.2004', 112, 0),
(378, 'BLONGOH', '13.2015', 123, 0),
(379, 'KERDUAN', '13.2011', 119, 0),
(380, 'NGEPUNG', '13.2015', 123, 0),
(381, 'KAPUAN', '05.2004', 265, 0),
(382, 'CANGAAN', '13.2011', 119, 0),
(383, 'WANGKOT', '05.2004', 265, 0),
(384, 'KALANGAN', '13.2011', 119, 0),
(385, 'BEJIREJO', '13.2020', 127, 0),
(386, 'KETITANG', '13.2020', 127, 0),
(387, 'NGLINGGO', '05.2002', 263, 0),
(388, 'NGLORAM', '05.2002', 263, 0),
(389, 'PUTUK', '05.2002', 263, 0),
(390, 'Kedungpereng', '04.2001', 101, 0),
(391, 'DUKUH KARANGJOHO', '16.2010', 330, 0),
(392, 'DUKUH PENGKOLREJO', '16.2010', 330, 0),
(393, 'DUKUH JAJAR', '16.2010', 330, 0),
(394, 'DUKUH GABENG', '16.2010', 330, 0),
(395, 'wotbakah', '16.2012', 332, 0),
(396, 'POJOK', '10.2001', 338, 0),
(397, 'BULU', '10.2001', 338, 0),
(398, 'KALORAN', '10.2001', 338, 0),
(399, 'BENJID', '10.2001', 338, 0),
(400, 'SINGGAHAN', '10.2001', 338, 0),
(401, 'SINGGAHAN', '10.2001', 338, 1),
(402, 'TAPELAN', '10.2001', 338, 0),
(403, 'BRINGIN', '10.2001', 338, 0),
(404, 'NGLENCONG', '10.2001', 338, 0),
(405, 'NGRANCAAN', '10.2001', 338, 0),
(406, 'KEMIRI', '13.2003', 111, 0),
(407, 'NGREJENG', '13.2003', 111, 0),
(408, 'NGLAHAR', '13.2003', 111, 0),
(409, 'TEMPLEK', '13.2003', 111, 0),
(410, 'NGRIKING', '13.2003', 111, 0),
(411, 'DOYOK', '13.2003', 111, 0),
(412, 'prantaan', '15.2005', 242, 0),
(413, 'Kesambi', '15.2005', 242, 0),
(414, 'Kaligandu', '15.2005', 242, 0),
(415, 'DUKUH GEDANGDOWO', '08.2020', 201, 0),
(416, 'DUKUH KEDUWANG', '08.2020', 201, 0),
(417, 'DUKUH BANJARDOWO', '08.2020', 201, 0),
(418, 'Kalen Krajan', '04.2014', 258, 0),
(419, 'Babatan', '04.2014', 258, 0),
(420, 'Mundu', '04.2014', 258, 0),
(421, 'Selorejo', '04.2014', 258, 0),
(422, 'Banyuasin', '04.2014', 258, 0),
(423, 'GEDEBEG', '12.2002', 294, 0),
(424, 'DUWET', '12.2002', 294, 0),
(425, 'KEPITU', '12.2002', 294, 0),
(426, 'GANDU', '12.2002', 294, 0),
(427, 'PUCUNG', '12.2002', 294, 0),
(428, 'DUKUH PAYAMAN', '07.2001', 170, 0),
(429, 'DESA JANJANG RT 01,02,03,04,05,06 RW 01 KECAMATAN ', '07.2004', 173, 1),
(430, 'DESA JANJANG RT 01,02,03 RW 02 DUKUH BULAK KECAMAT', '07.2004', 173, 1),
(431, 'DESA JANJANG RT', '07.2004', 173, 1),
(432, 'DESA JANJANG RT 01,02,03,04,05,06 RW 01', '07.2004', 173, 0),
(433, 'DUKUH BULAK RT 01,02,03 RW 02', '07.2004', 173, 0),
(434, 'DUKUH SAMBONG RT 01,02 RW 03', '07.2004', 173, 0),
(435, 'DUKUH JOMBLANG RT 01,02 RW 04', '07.2004', 173, 0),
(436, 'DUKUH KATESAN RT 01,02 RW 05', '07.2004', 173, 0),
(437, 'Manggir', '14.2014', 147, 0),
(438, 'Ngumbul', '14.2014', 147, 0),
(439, 'Nglebur', '14.2014', 147, 0),
(440, 'Kopen', '14.2014', 147, 0),
(441, 'Watuondo', '14.2014', 147, 0),
(442, 'KARANGGENG', '16.2015', 335, 0),
(443, 'Bangsan', '04.2012', 256, 0),
(444, 'Dukuh Nguter', '13.2001', 109, 0),
(445, 'Dukuh Ngreco', '13.2001', 109, 0),
(446, 'Dukuh Tanduran', '13.2001', 109, 0),
(447, 'Dukuh Pungkruk', '13.2001', 109, 0),
(448, 'Dukuh Ngrapoh', '13.2001', 109, 0),
(449, 'Dukuh Gabluk', '13.2001', 109, 0),
(450, 'Dukuh Nglencong', '13.2001', 109, 0),
(451, '1. TELAPAK', '15.2009', 246, 0),
(452, '2. WANUTENGAH', '15.2009', 246, 0),
(453, 'Kalinanas', '16.2018', 159, 0),
(454, 'Sendangrejo', '16.2018', 159, 0),
(455, 'Sumberjo', '16.2018', 159, 0),
(456, 'DUKUH SENTONOREJO', '07.2010', 179, 0),
(457, 'KARANGGENG', '16.2015', 335, 1),
(458, 'DUKUH NDAWE', '14.2017', 150, 0),
(459, 'DUKUH SENDANG', '14.2017', 150, 0),
(460, 'TROJIWO', '01.2010', 71, 0),
(461, 'RANDULAWANG', '01.2010', 71, 0),
(462, 'MUNGKUNG', '01.2010', 71, 0),
(463, 'WONOSARI', '09.2020', 214, 0),
(464, 'BULAK', '09.2020', 214, 1),
(465, 'BULAK', '09.2020', 214, 0),
(466, 'SENDANGKLAMPOK', '09.2020', 214, 0),
(467, 'GULINGAN', '09.2020', 214, 0),
(468, 'BAKALAN', '09.2020', 214, 0),
(469, 'NGELO', '01.2004', 65, 0),
(470, 'KEDUNG GLAGAH', '01.2004', 65, 0),
(471, 'MINDI', '01.2004', 65, 0),
(472, 'PELANG', '01.2004', 65, 0),
(473, 'TEMULAWAK', '01.2004', 65, 0),
(474, 'SODO', '05.2007', 268, 0),
(475, 'SUMBERPITU', '05.2007', 268, 0),
(476, 'DUSUN TUTUP', '10.2005', 227, 0),
(477, 'DUSUN SUKORAME', '10.2005', 227, 0),
(478, 'DUSUN NGETREP', '10.2005', 227, 0),
(479, 'TROJIWO', '12.2024', 315, 1),
(480, 'DANGSARI', '12.2024', 315, 0),
(481, 'DUKOH', '12.2024', 315, 0),
(482, 'KARANGTALUN', '11.2015', 287, 0),
(483, 'BESI', '01.2005', 66, 0),
(484, 'BUMIREJO', '01.2005', 66, 0),
(485, 'JEGONG', '01.2005', 66, 0),
(486, 'KEMADOH', '01.2005', 66, 0),
(487, 'DESA BALONGREJO', '11.2014', 286, 0),
(488, 'DUKUH KEDUNGKRIKIL', '11.2014', 286, 0),
(489, 'Dukuh Banyakijo', '13.2005', 113, 0),
(490, 'Dukuh Jomblang', '13.2005', 113, 0),
(491, 'Dukuh Karangpung', '13.2005', 113, 0),
(492, 'Dukuh Trowolu', '13.2005', 113, 0),
(493, 'Dukuh Temas', '13.2005', 113, 0),
(494, 'DUKUH KARANGGENENG', '09.2023', 217, 0),
(495, 'DUKUH PANGKAT', '09.2023', 217, 0),
(496, 'DUKUH BUBAK', '09.2023', 217, 0),
(497, 'DUKUH MOGO PLOSO', '09.2023', 217, 0),
(498, 'ROWOREJO', '13.2008', 116, 0),
(499, 'KARANGPUNG', '13.2008', 116, 0),
(500, 'PLOSOREJO', '13.2008', 116, 0),
(501, 'GEBANGAN', '13.2008', 116, 0),
(502, 'TEGALREJO', '13.2008', 116, 0),
(503, 'BACEM', '08.2022', 203, 0),
(504, 'MANYARAN', '08.2022', 203, 0),
(505, 'BULU', '08.2022', 203, 0),
(506, 'Ngilen', '13.2009', 117, 0),
(507, 'Jatal ', '13.2009', 117, 0),
(508, 'WADO', '04.2008', 108, 0),
(509, 'GEMPOL', '04.2008', 108, 0),
(510, 'SUDUNG', '04.2008', 108, 0),
(511, 'GOSTEN LOR', '09.2002', 208, 0),
(512, 'Trembul wetan', '12.2014', 306, 0),
(513, 'Trembul kulon', '12.2014', 306, 0),
(514, 'ngrenak', '14.2006', 139, 0),
(515, 'glagahan', '09.2001', 207, 0),
(516, 'jasem', '09.2001', 207, 0),
(517, 'gusten', '09.2001', 207, 0),
(518, 'jepangrejo', '09.2001', 207, 0),
(519, 'PULE', '08.2021', 202, 0),
(520, 'DAGEL', '08.2021', 202, 0),
(521, 'LUKBANG', '08.2021', 202, 0),
(522, 'TLOGO', '14.2019', 152, 0),
(523, 'DALANGAN', '14.2019', 152, 0),
(524, 'SURWATU', '14.2019', 152, 0),
(525, 'PUCUNG + PUNGGUR', '06.2001', 160, 0),
(526, 'TEMENGENG', '06.2001', 160, 0),
(527, 'PASAR SORE', '06.2001', 160, 0),
(528, 'xxxx', '01.2001', 3, 0);

-- --------------------------------------------------------

--
-- Struktur dari tabel `tb_ormas_bantuan`
--

CREATE TABLE `tb_ormas_bantuan` (
  `id_bantuan` int(11) NOT NULL,
  `id_ormas` int(11) NOT NULL,
  `id_kategori_bantuan` int(11) NOT NULL DEFAULT 0,
  `nama_bantuan` varchar(100) NOT NULL,
  `asal_bantuan` varchar(100) NOT NULL,
  `tanggal_bantuan` date NOT NULL,
  `jumlah` varchar(100) NOT NULL,
  `foto` varchar(100) DEFAULT NULL,
  `id_user` int(11) NOT NULL,
  `status_validasi` int(11) NOT NULL DEFAULT 0 COMMENT '0 = pengajuan,1=dikasi,2=ditolak,3=disetujui',
  `inserted` timestamp NOT NULL DEFAULT current_timestamp() ON UPDATE current_timestamp(),
  `deleted` int(11) NOT NULL DEFAULT 0
) ENGINE=InnoDB DEFAULT CHARSET=latin1 COLLATE=latin1_swedish_ci;

--
-- Dumping data untuk tabel `tb_ormas_bantuan`
--

INSERT INTO `tb_ormas_bantuan` (`id_bantuan`, `id_ormas`, `id_kategori_bantuan`, `nama_bantuan`, `asal_bantuan`, `tanggal_bantuan`, `jumlah`, `foto`, `id_user`, `status_validasi`, `inserted`, `deleted`) VALUES
(1, 1, 2, '2222', '2222', '2024-05-10', '2222', '86caec72a0b60d1321026ed1502925af.png', 0, 0, '2024-05-10 08:37:01', 0);

-- --------------------------------------------------------

--
-- Struktur dari tabel `tb_ormas_bidang`
--

CREATE TABLE `tb_ormas_bidang` (
  `id_ormas_bidang` int(12) NOT NULL,
  `id_ormas` int(12) NOT NULL,
  `id_ormas_user` int(11) NOT NULL DEFAULT 0,
  `id_bidang` int(12) NOT NULL,
  `inserted` timestamp NOT NULL DEFAULT current_timestamp() ON UPDATE current_timestamp(),
  `deleted` int(11) NOT NULL DEFAULT 0
) ENGINE=InnoDB DEFAULT CHARSET=latin1 COLLATE=latin1_swedish_ci;

--
-- Dumping data untuk tabel `tb_ormas_bidang`
--

INSERT INTO `tb_ormas_bidang` (`id_ormas_bidang`, `id_ormas`, `id_ormas_user`, `id_bidang`, `inserted`, `deleted`) VALUES
(1, 1, 1, 1, '2024-05-06 06:19:42', 0),
(2, 1, 1, 2, '2024-05-06 06:19:42', 0);

-- --------------------------------------------------------

--
-- Struktur dari tabel `tb_ormas_kegiatan`
--

CREATE TABLE `tb_ormas_kegiatan` (
  `id_kegiatan` int(11) NOT NULL,
  `id_ormas` int(11) NOT NULL,
  `id_user_ormas` int(11) NOT NULL DEFAULT 0,
  `nama_kegiatan` varchar(100) NOT NULL,
  `id_bidang` int(11) NOT NULL,
  `resume_kegiatan` text NOT NULL,
  `dari_tanggal` date NOT NULL,
  `sampai_tanggal` date NOT NULL,
  `foto_1` varchar(100) NOT NULL,
  `foto_2` varchar(100) NOT NULL,
  `foto_3` varchar(100) NOT NULL,
  `inserted` timestamp NOT NULL DEFAULT current_timestamp() ON UPDATE current_timestamp(),
  `deleted` int(11) NOT NULL DEFAULT 0
) ENGINE=InnoDB DEFAULT CHARSET=latin1 COLLATE=latin1_swedish_ci;

--
-- Dumping data untuk tabel `tb_ormas_kegiatan`
--

INSERT INTO `tb_ormas_kegiatan` (`id_kegiatan`, `id_ormas`, `id_user_ormas`, `nama_kegiatan`, `id_bidang`, `resume_kegiatan`, `dari_tanggal`, `sampai_tanggal`, `foto_1`, `foto_2`, `foto_3`, `inserted`, `deleted`) VALUES
(1, 1, 1, 'Ormas', 1, '09', '2024-05-08', '2024-05-08', 'b4e72e69f6aef32e1ceb7b6995c5675c.png', '0f22daf53690c1cc5f5ae962b9ce2695.png', 'b4e72e69f6aef32e1ceb7b6995c5675c.png', '2024-05-08 12:55:35', 0);

-- --------------------------------------------------------

--
-- Struktur dari tabel `tb_ormas_pengurus`
--

CREATE TABLE `tb_ormas_pengurus` (
  `id_ormas_pengurus` int(11) NOT NULL,
  `id_ormas` int(11) NOT NULL,
  `id_ormas_user` int(11) NOT NULL DEFAULT 0,
  `id_jabatan` int(11) NOT NULL DEFAULT 0,
  `nama_pengurus` varchar(100) DEFAULT NULL,
  `alamat_pengurus` text DEFAULT NULL,
  `nomor_telepon_pengurus` text DEFAULT NULL,
  `tempat_lahir_pengurus` varchar(100) DEFAULT NULL,
  `tanggal_lahir_pengurus` date DEFAULT NULL,
  `pekerjaan_pengurus` varchar(100) DEFAULT NULL,
  `jabatan_pekerjaan_pengurus` varchar(100) DEFAULT NULL,
  `agama_pengurus` int(11) DEFAULT NULL,
  `status_perkawinan_pengurus` varchar(100) DEFAULT NULL,
  `nama_pasangan` varchar(100) DEFAULT NULL,
  `jumlah_anak` varchar(100) DEFAULT NULL,
  `file_ktp` varchar(100) DEFAULT NULL,
  `file_surat_pernyataan` varchar(100) DEFAULT NULL,
  `file_foto` varchar(100) DEFAULT NULL,
  `inserted` timestamp NOT NULL DEFAULT current_timestamp() ON UPDATE current_timestamp(),
  `deleted` int(11) NOT NULL DEFAULT 0
) ENGINE=InnoDB DEFAULT CHARSET=latin1 COLLATE=latin1_swedish_ci;

--
-- Dumping data untuk tabel `tb_ormas_pengurus`
--

INSERT INTO `tb_ormas_pengurus` (`id_ormas_pengurus`, `id_ormas`, `id_ormas_user`, `id_jabatan`, `nama_pengurus`, `alamat_pengurus`, `nomor_telepon_pengurus`, `tempat_lahir_pengurus`, `tanggal_lahir_pengurus`, `pekerjaan_pengurus`, `jabatan_pekerjaan_pengurus`, `agama_pengurus`, `status_perkawinan_pengurus`, `nama_pasangan`, `jumlah_anak`, `file_ktp`, `file_surat_pernyataan`, `file_foto`, `inserted`, `deleted`) VALUES
(1, 1, 1, 2, '2', '2', '2', '2', '2024-05-14', '2', '2', 4, 'Kawin', '2', '2', 'b030e0bac9f98207e41381b7e7af1808.png', '86caec72a0b60d1321026ed1502925af.png', 'b030e0bac9f98207e41381b7e7af1808.png', '2024-05-06 06:19:42', 0);

--
-- Indeks untuk tabel `ref_desa`
--
ALTER TABLE `ref_desa`
  ADD PRIMARY KEY (`Kd_Desa`);

--
-- Indeks untuk tabel `ref_kecamatan`
--
ALTER TABLE `ref_kecamatan`
  ADD PRIMARY KEY (`Kd_Kec`);

--
-- Indeks untuk tabel `tb_alasan_penolakan`
--
ALTER TABLE `tb_alasan_penolakan`
  ADD PRIMARY KEY (`id_alasan`);

--
-- Indeks untuk tabel `tb_bidang_ormas`
--
ALTER TABLE `tb_bidang_ormas`
  ADD PRIMARY KEY (`id_bidang`);

--
-- Indeks untuk tabel `tb_jabatan_kepengurusan`
--
ALTER TABLE `tb_jabatan_kepengurusan`
  ADD PRIMARY KEY (`id_jabatan`);

--
-- Indeks untuk tabel `tb_kategori_bantuan`
--
ALTER TABLE `tb_kategori_bantuan`
  ADD PRIMARY KEY (`id_kategori_bantuan`);

--
-- Indeks untuk tabel `tb_kategori_ormas`
--
ALTER TABLE `tb_kategori_ormas`
  ADD PRIMARY KEY (`id_kategori`);

--
-- Indeks untuk tabel `tb_master_agama`
--
ALTER TABLE `tb_master_agama`
  ADD PRIMARY KEY (`id_agama`);

--
-- Indeks untuk tabel `tb_master_dukuh`
--
ALTER TABLE `tb_master_dukuh`
  ADD PRIMARY KEY (`id_dukuh`);

--
-- Indeks untuk tabel `tb_ormas_bantuan`
--
ALTER TABLE `tb_ormas_bantuan`
  ADD PRIMARY KEY (`id_bantuan`);

--
-- Indeks untuk tabel `tb_ormas_bidang`
--
ALTER TABLE `tb_ormas_bidang`
  ADD PRIMARY KEY (`id_ormas_bidang`);

--
-- Indeks untuk tabel `tb_ormas_kegiatan`
--
ALTER TABLE `tb_ormas_kegiatan`
  ADD PRIMARY KEY (`id_kegiatan`);

--
-- Indeks untuk tabel `tb_ormas_pengurus`
--
ALTER TABLE `tb_ormas_pengurus`
  ADD PRIMARY KEY (`id_ormas_pengurus`);

--
-- AUTO_INCREMENT untuk tabel `tb_alasan_penolakan`
--
ALTER TABLE `tb_alasan_penolakan`
  MODIFY `id_alasan` int(11) NOT NULL AUTO_INCREMENT, AUTO_INCREMENT=2;

--
-- AUTO_INCREMENT untuk tabel `tb_bidang_ormas`
--
ALTER TABLE `tb_bidang_ormas`
  MODIFY `id_bidang` int(12) NOT NULL AUTO_INCREMENT, AUTO_INCREMENT=3;

--
-- AUTO_INCREMENT untuk tabel `tb_jabatan_kepengurusan`
--
ALTER TABLE `tb_jabatan_kepengurusan`
  MODIFY `id_jabatan` int(11) NOT NULL AUTO_INCREMENT, AUTO_INCREMENT=5;

--
-- AUTO_INCREMENT untuk tabel `tb_kategori_bantuan`
--
ALTER TABLE `tb_kategori_bantuan`
  MODIFY `id_kategori_bantuan` int(11) NOT NULL AUTO_INCREMENT, AUTO_INCREMENT=3;

--
-- AUTO_INCREMENT untuk tabel `tb_kategori_ormas`
--
ALTER TABLE `tb_kategori_ormas`
  MODIFY `id_kategori` int(12) NOT NULL AUTO_INCREMENT, AUTO_INCREMENT=4;

--
-- AUTO_INCREMENT untuk tabel `tb_master_agama`
--
ALTER TABLE `tb_master_agama`
  MODIFY `id_agama` int(12) NOT NULL AUTO_INCREMENT, AUTO_INCREMENT=7;

--
-- AUTO_INCREMENT untuk tabel `tb_master_dukuh`
--
ALTER TABLE `tb_master_dukuh`
  MODIFY `id_dukuh` int(12) NOT NULL AUTO_INCREMENT, AUTO_INCREMENT=529;

--
-- AUTO_INCREMENT untuk tabel `tb_ormas_bantuan`
--
ALTER TABLE `tb_ormas_bantuan`
  MODIFY `id_bantuan` int(11) NOT NULL AUTO_INCREMENT, AUTO_INCREMENT=2;

--
-- AUTO_INCREMENT untuk tabel `tb_ormas_bidang`
--
ALTER TABLE `tb_ormas_bidang`
  MODIFY `id_ormas_bidang` int(12) NOT NULL AUTO_INCREMENT, AUTO_INCREMENT=3;

--
-- AUTO_INCREMENT untuk tabel `tb_ormas_kegiatan`
--
ALTER TABLE `tb_ormas_kegiatan`
  MODIFY `id_kegiatan` int(11) NOT NULL AUTO_INCREMENT, AUTO_INCREMENT=2;

--
-- AUTO_INCREMENT untuk tabel `tb_ormas_pengurus`
--
ALTER TABLE `tb_ormas_pengurus`
  MODIFY `id_ormas_pengurus` int(11) NOT NULL AUTO_INCREMENT, AUTO_INCREMENT=2;
COMMIT;

