-- https://www.phpmyadmin.net/
--
-- Waktu pembuatan: 24 Jun 2024 pada 18.48
-- Versi server: 10.6.18-MariaDB-cll-lve
-- Versi PHP: 8.1.28

START TRANSACTION;



-- --------------------------------------------------------

--
-- Struktur dari tabel `user_access_menu`
--

CREATE TABLE `user_access_menu` (
  `id` int(11) NOT NULL,
  `role_id` int(11) NOT NULL,
  `menu_category_id` int(11) DEFAULT NULL,
  `menu_id` int(11) NOT NULL,
  `sub_menu_id` int(11) DEFAULT NULL
) ENGINE=InnoDB DEFAULT CHARSET=latin1 COLLATE=latin1_swedish_ci;

--
-- Dumping data untuk tabel `user_access_menu`
--

INSERT INTO `user_access_menu` (`id`, `role_id`, `menu_category_id`, `menu_id`, `sub_menu_id`) VALUES
(1, -18, 1, 0, NULL),
(2, -18, NULL, 1, NULL),
(3, -18, 3, 0, NULL),
(4, -18, NULL, 2, NULL),
(5, -18, NULL, 0, 2),
(6, -18, NULL, 0, 1);

-- --------------------------------------------------------

--
-- Struktur dari tabel `user_menu`
--

CREATE TABLE `user_menu` (
  `menu_id` int(11) NOT NULL,
  `menu_category_id` int(11) DEFAULT NULL,
  `title` varchar(256) NOT NULL,
  `url` varchar(255) NOT NULL,
  `icon` varchar(256) NOT NULL,
  `parent` tinyint(1) NOT NULL,
  `is_active` tinyint(1) DEFAULT NULL
) ENGINE=InnoDB DEFAULT CHARSET=latin1 COLLATE=latin1_swedish_ci;

--
-- Dumping data untuk tabel `user_menu`
--

INSERT INTO `user_menu` (`menu_id`, `menu_category_id`, `title`, `url`, `icon`, `parent`, `is_active`) VALUES
(1, 1, 'Dashboard Umum', 'privateDash', 'dashboard', 0, 1),
(2, 3, 'Users', 'users', 'user-account', 1, 1);

-- --------------------------------------------------------

--
-- Struktur dari tabel `user_menu_category`
--

CREATE TABLE `user_menu_category` (
  `user_menu_category_id` int(11) NOT NULL,
  `menu_category` varchar(255) DEFAULT NULL
) ENGINE=InnoDB DEFAULT CHARSET=latin1 COLLATE=latin1_swedish_ci;

--
-- Dumping data untuk tabel `user_menu_category`
--

INSERT INTO `user_menu_category` (`user_menu_category_id`, `menu_category`) VALUES
(1, 'Dashboard'),
(2, 'Monitoring Harian'),
(3, 'Settings');

-- --------------------------------------------------------

--
-- Struktur dari tabel `user_role`
--

CREATE TABLE `user_role` (
  `role_id` int(11) NOT NULL,
  `role` varchar(128) NOT NULL,
  `locked` tinyint(1) DEFAULT 0
) ENGINE=InnoDB DEFAULT CHARSET=latin1 COLLATE=latin1_swedish_ci;

--
-- Dumping data untuk tabel `user_role`
--

INSERT INTO `user_role` (`role_id`, `role`, `locked`) VALUES
(-18, 'Super Administrator', 1);

-- --------------------------------------------------------

--
-- Struktur dari tabel `user_sub_menu`
--

CREATE TABLE `user_sub_menu` (
  `sub_menu_id` int(11) NOT NULL,
  `menu_id` int(11) NOT NULL,
  `title` varchar(256) NOT NULL,
  `url` varchar(256) NOT NULL,
  `icon` varchar(255) DEFAULT NULL
) ENGINE=InnoDB DEFAULT CHARSET=latin1 COLLATE=latin1_swedish_ci;

--
-- Dumping data untuk tabel `user_sub_menu`
--

INSERT INTO `user_sub_menu` (`sub_menu_id`, `menu_id`, `title`, `url`, `icon`) VALUES
(1, 2, 'Data User', 'dataUsers', 'users'),
(2, 2, 'User Role', 'userRole', 'user-remove');

--
-- Indeks untuk tabel `user_access_menu`
--
ALTER TABLE `user_access_menu`
  ADD PRIMARY KEY (`id`) USING BTREE;

--
-- Indeks untuk tabel `user_menu`
--
ALTER TABLE `user_menu`
  ADD PRIMARY KEY (`menu_id`) USING BTREE;

--
-- Indeks untuk tabel `user_menu_category`
--
ALTER TABLE `user_menu_category`
  ADD PRIMARY KEY (`user_menu_category_id`) USING BTREE;

--
-- Indeks untuk tabel `user_role`
--
ALTER TABLE `user_role`
  ADD PRIMARY KEY (`role_id`) USING BTREE;

--
-- Indeks untuk tabel `user_sub_menu`
--
ALTER TABLE `user_sub_menu`
  ADD PRIMARY KEY (`sub_menu_id`) USING BTREE;

--
-- AUTO_INCREMENT untuk tabel `user_access_menu`
--
ALTER TABLE `user_access_menu`
  MODIFY `id` int(11) NOT NULL AUTO_INCREMENT, AUTO_INCREMENT=8;

--
-- AUTO_INCREMENT untuk tabel `user_menu`
--
ALTER TABLE `user_menu`
  MODIFY `menu_id` int(11) NOT NULL AUTO_INCREMENT, AUTO_INCREMENT=3;

--
-- AUTO_INCREMENT untuk tabel `user_menu_category`
--
ALTER TABLE `user_menu_category`
  MODIFY `user_menu_category_id` int(11) NOT NULL AUTO_INCREMENT, AUTO_INCREMENT=7;

--
-- AUTO_INCREMENT untuk tabel `user_role`
--
ALTER TABLE `user_role`
  MODIFY `role_id` int(11) NOT NULL AUTO_INCREMENT, AUTO_INCREMENT=31;

--
-- AUTO_INCREMENT untuk tabel `user_sub_menu`
--
ALTER TABLE `user_sub_menu`
  MODIFY `sub_menu_id` int(11) NOT NULL AUTO_INCREMENT, AUTO_INCREMENT=3;
COMMIT;

